000
CDUS41 KBTV 230534
CLIMSS


CLIMATE REPORT
NATIONAL WEATHER SERVICE BURLINGTON VT
133 AM EDT TUE APR 23 2019


...................................

...THE MASSENA NY CLIMATE SUMMARY FOR APRIL 22 2019...

CLIMATE NORMAL PERIOD 1981 TO 2010
CLIMATE RECORD PERIOD 1948 TO 2019


WEATHER ITEM   OBSERVED TIME   RECORD YEAR NORMAL DEPARTURE LAST
                VALUE   (LST)  VALUE       VALUE  FROM      YEAR
                                                  NORMAL
..................................................................
TEMPERATURE (F)
 YESTERDAY
  MAXIMUM         67    404 PM  80    1973  58      9       60
  MINIMUM         49    700 AM  19    1975  36     13       24
  AVERAGE         58                        47     11       42

PRECIPITATION (IN)
  YESTERDAY        0.00          1.80        0.10  -0.10     0.00
  MONTH TO DATE    2.47                      2.06   0.41     2.03
  SINCE MAR 1      4.16                      4.15   0.01     2.97
  SINCE JAN 1      7.36                      8.10  -0.74     6.20

DEGREE DAYS
 HEATING
  YESTERDAY        7                        18    -11       23
  MONTH TO DATE  520                       517      3      664
  SINCE MAR 1   1708                      1661     47     1762
  SINCE JUL 1   7677                      7648     29     6960

 COOLING
  YESTERDAY        0                         0      0        0
  MONTH TO DATE    0                         0      0        0
  SINCE MAR 1      0                         0      0        0
  SINCE JAN 1      0                         0      0        0
..................................................................


WIND (MPH)
  HIGHEST WIND SPEED    18   HIGHEST WIND DIRECTION    NE (50)
  HIGHEST GUST SPEED    21   HIGHEST GUST DIRECTION    NE (30)
  AVERAGE WIND SPEED     5.8


SKY COVER
  AVERAGE SKY COVER 0.5


WEATHER CONDITIONS
 THE FOLLOWING WEATHER WAS RECORDED YESTERDAY.
  NO SIGNIFICANT WEATHER WAS OBSERVED.


RELATIVE HUMIDITY (PERCENT)
 HIGHEST    93           300 AM
 LOWEST     37           300 PM
 AVERAGE    65

..........................................................


THE MASSENA NY CLIMATE NORMALS FOR TODAY
                         NORMAL    RECORD    YEAR
 MAXIMUM TEMPERATURE (F)   58        80      2007
 MINIMUM TEMPERATURE (F)   36        25      2018
                                             1956


SUNRISE AND SUNSET
APRIL 23 2019.........SUNRISE   602 AM EDT   SUNSET   755 PM EDT
APRIL 24 2019.........SUNRISE   600 AM EDT   SUNSET   756 PM EDT


-  INDICATES NEGATIVE NUMBERS.
R  INDICATES RECORD WAS SET OR TIED.
MM INDICATES DATA IS MISSING.
T  INDICATES TRACE AMOUNT.




$$
