000
CDUS41 KBTV 160530
CLIMSS


CLIMATE REPORT
NATIONAL WEATHER SERVICE BURLINGTON VT
126 AM EDT TUE JUL 16 2019


...................................

...THE MASSENA NY CLIMATE SUMMARY FOR JULY 15 2019...

CLIMATE NORMAL PERIOD 1981 TO 2010
CLIMATE RECORD PERIOD 1948 TO 2019


WEATHER ITEM   OBSERVED TIME   RECORD YEAR NORMAL DEPARTURE LAST
                VALUE   (LST)  VALUE       VALUE  FROM      YEAR
                                                  NORMAL
..................................................................
TEMPERATURE (F)
 YESTERDAY
  MAXIMUM         81    445 PM  93    1979  80      1       88
  MINIMUM         54    208 AM  45    1960  58     -4       62
  AVERAGE         68                        69     -1       75

PRECIPITATION (IN)
  YESTERDAY        0.00          1.61        0.11  -0.11     0.00
  MONTH TO DATE    0.92                      1.67  -0.75     0.49
  SINCE JUN 1      4.52                      5.19  -0.67     5.82
  SINCE JAN 1     15.41                     17.12  -1.71    14.91

DEGREE DAYS
 HEATING
  YESTERDAY        0                         1     -1        0
  MONTH TO DATE    0                        15    -15        0
  SINCE JUN 1     97                       111    -14       89
  SINCE JUL 1      0                        15    -15        0

 COOLING
  YESTERDAY        3                         5     -2       10
  MONTH TO DATE  106                        72     34      126
  SINCE JUN 1    164                       147     17      200
  SINCE JAN 1    165                       161      4      223
..................................................................


WIND (MPH)
  HIGHEST WIND SPEED    10   HIGHEST WIND DIRECTION    SW (220)
  HIGHEST GUST SPEED    14   HIGHEST GUST DIRECTION     W (280)
  AVERAGE WIND SPEED     4.2


SKY COVER
  AVERAGE SKY COVER 0.0


WEATHER CONDITIONS
 THE FOLLOWING WEATHER WAS RECORDED YESTERDAY.
  NO SIGNIFICANT WEATHER WAS OBSERVED.


RELATIVE HUMIDITY (PERCENT)
 HIGHEST    93          1200 AM
 LOWEST     42           300 PM
 AVERAGE    68

..........................................................


THE MASSENA NY CLIMATE NORMALS FOR TODAY
                         NORMAL    RECORD    YEAR
 MAXIMUM TEMPERATURE (F)   80        94      2018
 MINIMUM TEMPERATURE (F)   58        45      2015
                                             1989


SUNRISE AND SUNSET
JULY 16 2019..........SUNRISE   528 AM EDT   SUNSET   842 PM EDT
JULY 17 2019..........SUNRISE   529 AM EDT   SUNSET   842 PM EDT


-  INDICATES NEGATIVE NUMBERS.
R  INDICATES RECORD WAS SET OR TIED.
MM INDICATES DATA IS MISSING.
T  INDICATES TRACE AMOUNT.




$$
