657
CDUS42 KEYW 162021
CLIMTH


CLIMATE REPORT
NATIONAL WEATHER SERVICE KEY WEST, FL
417 PM EDT TUE JUL 16 2019


...................................

...THE MARATHON CLIMATE SUMMARY FOR JULY 16 2019...
VALID TODAY AS OF 0400 PM LOCAL TIME.

CLIMATE NORMAL PERIOD 1981 TO 2010
CLIMATE RECORD PERIOD 1950 TO 2019


WEATHER ITEM   OBSERVED TIME   RECORD YEAR NORMAL DEPARTURE LAST
                VALUE   (LST)  VALUE       VALUE  FROM      YEAR
                                                  NORMAL
..................................................................
TEMPERATURE (F)
 TODAY
  MAXIMUM         92    259 PM  95    1969  91      1       94
  MINIMUM         83   1209 PM  72    1950  79      4       78
  AVERAGE         88                        85      3       86

PRECIPITATION (IN)
  TODAY            T             0.64 1972   0.13  -0.13     0.00
  MONTH TO DATE    3.23                      2.06   1.17     1.37
  SINCE JUN 1      6.75                      7.67  -0.92     2.52
  SINCE JAN 1     16.05                     19.61  -3.56    17.90

SNOWFALL (IN)
  TODAY            0.0
  MONTH TO DATE    0.0
  SINCE JUN 1      0.0
  SINCE JUL 1      0.0
  SNOW DEPTH       0

DEGREE DAYS
 HEATING
  TODAY            0                         0      0        0
  MONTH TO DATE    0                         0      0        0
  SINCE JUN 1      0                         0      0        0
  SINCE JUL 1      0                         0      0        0

 COOLING
  TODAY           23                        20      3       21
  MONTH TO DATE  346                       320     26      343
  SINCE JUN 1   1039                       914    125      943
  SINCE JAN 1   3284                      2457    827     2646
..................................................................


WIND (MPH)
  HIGHEST WIND SPEED    13   HIGHEST WIND DIRECTION    SE (140)
  HIGHEST GUST SPEED    21   HIGHEST GUST DIRECTION    SE (140)
  AVERAGE WIND SPEED     7.5


SKY COVER
  POSSIBLE SUNSHINE  MM
  AVERAGE SKY COVER 0.1


WEATHER CONDITIONS
 THE FOLLOWING WEATHER WAS RECORDED TODAY.
  NO SIGNIFICANT WEATHER WAS OBSERVED.


RELATIVE HUMIDITY (PERCENT)
 HIGHEST    74
 LOWEST     60
 AVERAGE    67

..........................................................


THE MARATHON CLIMATE NORMALS FOR TOMORROW
                         NORMAL    RECORD    YEAR
 MAXIMUM TEMPERATURE (F)   91        96      1987
 MINIMUM TEMPERATURE (F)   79        68      1952


SUNRISE AND SUNSET
JULY 16 2019..........SUNRISE   645 AM EDT   SUNSET   816 PM EDT
JULY 17 2019..........SUNRISE   645 AM EDT   SUNSET   815 PM EDT


-  INDICATES NEGATIVE NUMBERS.
R  INDICATES RECORD WAS SET OR TIED.
MM INDICATES DATA IS MISSING.
T  INDICATES TRACE AMOUNT.




$$
