781
CDUS42 KKEY 240530
CLIMTH

CLIMATE REPORT
NATIONAL WEATHER SERVICE KEY WEST, FL
129 AM EDT WED APR 24 2019


...................................

...THE MARATHON CLIMATE SUMMARY FOR APRIL 23 2019...

CLIMATE NORMAL PERIOD 1981 TO 2010
CLIMATE RECORD PERIOD 1951 TO 2019


WEATHER ITEM   OBSERVED TIME   RECORD YEAR NORMAL DEPARTURE LAST
                VALUE   (LST)  VALUE       VALUE  FROM      YEAR
                                                  NORMAL
..................................................................
TEMPERATURE (F)
 YESTERDAY
  MAXIMUM         85    308 PM  91    1988  84      1       89
  MINIMUM         74    559 AM  62    1993  73      1       78
  AVERAGE         80                        78      2       84

PRECIPITATION (IN)
  YESTERDAY        0.00          2.54 1954   0.10  -0.10     0.00
  MONTH TO DATE    1.39                      1.81  -0.42     2.50
  SINCE MAR 1      2.29                      4.20  -1.91     3.66
  SINCE JAN 1      6.45                      8.02  -1.57     4.22

SNOWFALL (IN)
  YESTERDAY        0.0
  MONTH TO DATE    0.0
  SINCE MAR 1      0.0
  SINCE JUL 1      0.0
  SNOW DEPTH       0

DEGREE DAYS
 HEATING
  YESTERDAY        0                         0      0        0
  MONTH TO DATE    0                         0      0        0
  SINCE MAR 1      0                         6     -6        1
  SINCE JUL 1     18                        81    -63       62

 COOLING
  YESTERDAY       15                        13      2       19
  MONTH TO DATE  403                       276    127      347
  SINCE MAR 1    808                       559    249      603
  SINCE JAN 1   1456                       941    515     1102
..................................................................


WIND (MPH)
  HIGHEST WIND SPEED    16   HIGHEST WIND DIRECTION    NE (50)
  HIGHEST GUST SPEED    22   HIGHEST GUST DIRECTION    NE (50)
  AVERAGE WIND SPEED    10.0


SKY COVER
  POSSIBLE SUNSHINE  MM
  AVERAGE SKY COVER 0.2


WEATHER CONDITIONS
 THE FOLLOWING WEATHER WAS RECORDED YESTERDAY.
  NO SIGNIFICANT WEATHER WAS OBSERVED.


RELATIVE HUMIDITY (PERCENT)
 HIGHEST    57
 LOWEST     40
 AVERAGE    49

..........................................................


THE MARATHON CLIMATE NORMALS FOR TODAY
                         NORMAL    RECORD    YEAR
 MAXIMUM TEMPERATURE (F)   84        91      2018
                                             2015
 MINIMUM TEMPERATURE (F)   73        63      1998
                                             1959


SUNRISE AND SUNSET
APRIL 24 2019.........SUNRISE   655 AM EDT   SUNSET   751 PM EDT
APRIL 25 2019.........SUNRISE   654 AM EDT   SUNSET   751 PM EDT


-  INDICATES NEGATIVE NUMBERS.
R  INDICATES RECORD WAS SET OR TIED.
MM INDICATES DATA IS MISSING.
T  INDICATES TRACE AMOUNT.

$$

APA
