000
CDUS43 KILX 220630
CLIMTO


CLIMATE REPORT
NATIONAL WEATHER SERVICE LINCOLN IL
128 AM CDT TUE MAY 22 2018


...................................

...THE MATTOON IL AIRPORT CLIMATE SUMMARY FOR MAY 21 2018...

CLIMATE NORMAL PERIOD 1981 TO 2010
CLIMATE RECORD PERIOD 9999 TO 9999


WEATHER ITEM   OBSERVED TIME   RECORD YEAR NORMAL DEPARTURE LAST
                VALUE   (LST)  VALUE       VALUE  FROM      YEAR
                                                  NORMAL
..................................................................
TEMPERATURE (F)
 YESTERDAY
  MAXIMUM         77    345 PM  MM      MM  75      2       69
  MINIMUM         65    551 AM  MM      MM  54     11       50
  AVERAGE         71                        65      6       60

PRECIPITATION (IN)
  YESTERDAY        T            MM      MM   0.15  -0.15      T
  MONTH TO DATE    3.37                      3.18   0.19     6.31
  SINCE MAR 1     11.90                      9.18   2.72    14.33
  SINCE JAN 1     15.32                     13.16   2.16    16.16

DEGREE DAYS
 HEATING
  YESTERDAY        0                         3     -3        5
  MONTH TO DATE    9                       105    -96      123
  SINCE MAR 1   1363                      1163    200     1010
  SINCE JUL 1   5456                      5367     89     4391

 COOLING
  YESTERDAY        6                         3      3        0
  MONTH TO DATE  118                        39     79       57
  SINCE MAR 1    118                        53     65       78
  SINCE JAN 1    118                        53     65       78
..................................................................


WIND (MPH)
  HIGHEST WIND SPEED    13   HIGHEST WIND DIRECTION     S (160)
  HIGHEST GUST SPEED    17   HIGHEST GUST DIRECTION     S (190)
  AVERAGE WIND SPEED     5.4


SKY COVER
  POSSIBLE SUNSHINE  MM
  AVERAGE SKY COVER 0.5


WEATHER CONDITIONS
 THE FOLLOWING WEATHER WAS RECORDED YESTERDAY.
  LIGHT RAIN
  FOG


RELATIVE HUMIDITY (PERCENT)
 HIGHEST   100           100 AM
 LOWEST     79           100 PM
 AVERAGE    90

..........................................................


THE MATTOON IL AIRPORT CLIMATE NORMALS FOR TODAY
                         NORMAL    RECORD    YEAR
 MAXIMUM TEMPERATURE (F)   75        MM        MM
 MINIMUM TEMPERATURE (F)   55        MM        MM


SUNRISE AND SUNSET
MAY 22 2018...........SUNRISE   534 AM CDT   SUNSET   807 PM CDT
MAY 23 2018...........SUNRISE   533 AM CDT   SUNSET   807 PM CDT


-  INDICATES NEGATIVE NUMBERS.
R  INDICATES RECORD WAS SET OR TIED.
MM INDICATES DATA IS MISSING.
T  INDICATES TRACE AMOUNT.




$$
