000
CDUS43 KILX 230644
CLIMTO


CLIMATE REPORT
NATIONAL WEATHER SERVICE LINCOLN IL
144 AM CDT TUE JUL 23 2019


...................................

...THE MATTOON IL AIRPORT CLIMATE SUMMARY FOR JULY 22 2019...

CLIMATE NORMAL PERIOD 1981 TO 2010
CLIMATE RECORD PERIOD 9999 TO 9999


WEATHER ITEM   OBSERVED TIME   RECORD YEAR NORMAL DEPARTURE LAST
                VALUE   (LST)  VALUE       VALUE  FROM      YEAR
                                                  NORMAL
..................................................................
TEMPERATURE (F)
 YESTERDAY
  MAXIMUM         79    218 PM  MM      MM  86     -7       81
  MINIMUM         57   1159 PM  MM      MM  66     -9       67
  AVERAGE         68                        76     -8       74

PRECIPITATION (IN)
  YESTERDAY        0.06         MM      MM   0.16  -0.10     1.50
  MONTH TO DATE    2.48                      3.22  -0.74     3.54
  SINCE JUN 1      9.05                      7.46   1.59    14.96
  SINCE JAN 1     20.68                     21.81  -1.13    30.80

DEGREE DAYS
 HEATING
  YESTERDAY        0                         0      0        0
  MONTH TO DATE    0                         0      0        0
  SINCE JUN 1      4                        17    -13        0
  SINCE JUL 1      0                         0      0        0

 COOLING
  YESTERDAY        3                        11     -8        9
  MONTH TO DATE  305                       240     65      261
  SINCE JUN 1    521                       463     58      576
  SINCE JAN 1    646                       551     95      815
..................................................................


WIND (MPH)
  HIGHEST WIND SPEED    20   HIGHEST WIND DIRECTION    NE (30)
  HIGHEST GUST SPEED    26   HIGHEST GUST DIRECTION     N (20)
  AVERAGE WIND SPEED     9.6


SKY COVER
  POSSIBLE SUNSHINE  MM
  AVERAGE SKY COVER 0.6


WEATHER CONDITIONS
 THE FOLLOWING WEATHER WAS RECORDED YESTERDAY.
  LIGHT RAIN
  FOG


RELATIVE HUMIDITY (PERCENT)
 HIGHEST    97           100 AM
 LOWEST     56           400 PM
 AVERAGE    77

..........................................................


THE MATTOON IL AIRPORT CLIMATE NORMALS FOR TODAY
                         NORMAL    RECORD    YEAR
 MAXIMUM TEMPERATURE (F)   86        MM        MM
 MINIMUM TEMPERATURE (F)   65        MM        MM


SUNRISE AND SUNSET
JULY 23 2019..........SUNRISE   545 AM CDT   SUNSET   814 PM CDT
JULY 24 2019..........SUNRISE   546 AM CDT   SUNSET   813 PM CDT


-  INDICATES NEGATIVE NUMBERS.
R  INDICATES RECORD WAS SET OR TIED.
MM INDICATES DATA IS MISSING.
T  INDICATES TRACE AMOUNT.




$$
