000
CDUS41 KBTV 150532
CLIMVL


CLIMATE REPORT
NATIONAL WEATHER SERVICE BURLINGTON VT
131 AM EDT SAT JUN 15 2019


...................................

...THE MORRISVILLE VT CLIMATE SUMMARY FOR JUNE 14 2019...

CLIMATE NORMAL PERIOD 1981 TO 2010
CLIMATE RECORD PERIOD 9999 TO 9999


WEATHER ITEM   OBSERVED TIME   NORMAL DEPARTURE LAST
                VALUE   (LST)  VALUE  FROM      YEAR
                                      NORMAL
......................................................
TEMPERATURE (F)
 YESTERDAY
  MAXIMUM         67   1227 PM  74     -7       65
  MINIMUM         49   1159 PM  50     -1       53
  AVERAGE         58            62     -4       59

PRECIPITATION (IN)
  YESTERDAY        0.09          0.14  -0.05     0.10
  MONTH TO DATE    2.09          1.75   0.34     0.41
  SINCE JUN 1      2.09          1.75   0.34     0.41
  SINCE JAN 1     18.12         13.37   4.75    14.57

DEGREE DAYS
 HEATING
  YESTERDAY        7             4      3        6
  MONTH TO DATE  110            82     28      121
  SINCE JUN 1    110            82     28      121
  SINCE JUL 1   8620          8213    407     7995

 COOLING
  YESTERDAY        0             1     -1        0
  MONTH TO DATE    1            14    -13       13
  SINCE JUN 1      1            14    -13       13
  SINCE JAN 1      2            22    -20       16
......................................................


WIND (MPH)
  HIGHEST WIND SPEED    21   HIGHEST WIND DIRECTION    SW (210)
  HIGHEST GUST SPEED    28   HIGHEST GUST DIRECTION    SW (210)
  AVERAGE WIND SPEED     6.0


SKY COVER
  AVERAGE SKY COVER 0.7


WEATHER CONDITIONS
 THE FOLLOWING WEATHER WAS RECORDED YESTERDAY.
  LIGHT RAIN


RELATIVE HUMIDITY (PERCENT)
 HIGHEST    93           500 AM
 LOWEST     52          1000 AM
 AVERAGE    73

..........................................................


THE MORRISVILLE VT CLIMATE NORMALS FOR TODAY
                         NORMAL    RECORD    YEAR
 MAXIMUM TEMPERATURE (F)   75        93      1988
 MINIMUM TEMPERATURE (F)   50        36      2017
                                             1997


SUNRISE AND SUNSET
JUNE 15 2019..........SUNRISE   505 AM EDT   SUNSET   837 PM EDT
JUNE 16 2019..........SUNRISE   505 AM EDT   SUNSET   837 PM EDT


-  INDICATES NEGATIVE NUMBERS.
R  INDICATES RECORD WAS SET OR TIED.
MM INDICATES DATA IS MISSING.
T  INDICATES TRACE AMOUNT.




$$
