884
CDUS46 KOTX 170829
CLIMWH


CLIMATE REPORT
NATIONAL WEATHER SERVICE SPOKANE, WA
127 AM PDT WED JUL 17 2019


...................................

...THE MOSES LAKE WA AIRPORT CLIMATE SUMMARY FOR JULY 16 2019...

CLIMATE NORMAL PERIOD 1981 TO 2010
CLIMATE RECORD PERIOD 9999 TO 9999


WEATHER ITEM   OBSERVED TIME   RECORD YEAR NORMAL DEPARTURE LAST
                VALUE   (LST)  VALUE       VALUE  FROM      YEAR
                                                  NORMAL
..................................................................
TEMPERATURE (F)
 YESTERDAY
  MAXIMUM         87    415 PM  MM      MM  90     -3      100
  MINIMUM         58    444 AM  MM      MM  57      1       57
  AVERAGE         73                        73      0       79

PRECIPITATION (IN)
  YESTERDAY        0.00         MM      MM   0.01  -0.01     0.00
  MONTH TO DATE    0.14                      0.22  -0.08      T
  SINCE OCT 1      6.88                      8.28  -1.40     8.68
  SINCE JAN 1      4.38                      4.99  -0.61     5.51

DEGREE DAYS
 HEATING
  YESTERDAY        0                         0      0        0
  MONTH TO DATE    0                         6     -6        1
  SINCE JUN 1     23                        61    -38       44
  SINCE JUL 1      0                         6     -6        1

 COOLING
  YESTERDAY        8                         8      0       14
  MONTH TO DATE  135                       109     26      135
  SINCE JUN 1    286                       194     92      217
  SINCE JAN 1    336                       219    117      276
..................................................................


WIND (MPH)
  HIGHEST WIND SPEED    18   HIGHEST WIND DIRECTION    NW (320)
  HIGHEST GUST SPEED    22   HIGHEST GUST DIRECTION    NW (320)
  AVERAGE WIND SPEED     5.4


SKY COVER
  POSSIBLE SUNSHINE  MM
  AVERAGE SKY COVER 0.1


WEATHER CONDITIONS
 THE FOLLOWING WEATHER WAS RECORDED YESTERDAY.
  NO SIGNIFICANT WEATHER WAS OBSERVED.


RELATIVE HUMIDITY (PERCENT)
 HIGHEST    74          1100 AM
 LOWEST     27           500 PM
 AVERAGE    51

..........................................................


THE MOSES LAKE WA AIRPORT CLIMATE NORMALS FOR TODAY
                         NORMAL    RECORD    YEAR
 MAXIMUM TEMPERATURE (F)   90        MM        MM
 MINIMUM TEMPERATURE (F)   57        MM        MM


SUNRISE AND SUNSET
JULY 17 2019..........SUNRISE   519 AM PDT   SUNSET   848 PM PDT
JULY 18 2019..........SUNRISE   520 AM PDT   SUNSET   847 PM PDT


-  INDICATES NEGATIVE NUMBERS.
R  INDICATES RECORD WAS SET OR TIED.
MM INDICATES DATA IS MISSING.
T  INDICATES TRACE AMOUNT.




$$
