000
CDUS46 KOTX 200858
CLIMWH


CLIMATE REPORT
NATIONAL WEATHER SERVICE SPOKANE, WA
158 AM PDT SUN MAY 20 2018


...................................

...THE MOSES LAKE WA AIRPORT CLIMATE SUMMARY FOR MAY 19 2018...

CLIMATE NORMAL PERIOD 1981 TO 2010
CLIMATE RECORD PERIOD 9999 TO 9999


WEATHER ITEM   OBSERVED TIME   RECORD YEAR NORMAL DEPARTURE LAST
                VALUE   (LST)  VALUE       VALUE  FROM      YEAR
                                                  NORMAL
..................................................................
TEMPERATURE (F)
 YESTERDAY
  MAXIMUM         76    510 PM  MM      MM  75      1       77
  MINIMUM         52    416 AM  MM      MM  46      6       50
  AVERAGE         64                        60      4       64

PRECIPITATION (IN)
  YESTERDAY        0.00         MM      MM   0.01  -0.01     0.00
  MONTH TO DATE    1.36                      0.36   1.00     0.34
  SINCE OCT 1      8.55                      7.07   1.48     9.18
  SINCE JAN 1      5.38                      3.78   1.60     5.29

SNOWFALL (IN)
  YESTERDAY       MM

DEGREE DAYS
 HEATING
  YESTERDAY        1                         6     -5        1
  MONTH TO DATE   33                       156   -123      178
  SINCE MAR 1   1095                      1268   -173     1261
  SINCE JUL 1   5377                      5773   -396     6112

 COOLING
  YESTERDAY        0                         1     -1        0
  MONTH TO DATE   26                         9     17        4
  SINCE MAR 1     27                        10     17        4
  SINCE JAN 1     27                        10     17        4
..................................................................


WIND (MPH)
  HIGHEST WIND SPEED    16   HIGHEST WIND DIRECTION     N (20)
  HIGHEST GUST SPEED    23   HIGHEST GUST DIRECTION    NE (50)
  AVERAGE WIND SPEED     8.5


SKY COVER
  POSSIBLE SUNSHINE  MM
  AVERAGE SKY COVER 0.6


WEATHER CONDITIONS
 THE FOLLOWING WEATHER WAS RECORDED YESTERDAY.
  NO SIGNIFICANT WEATHER WAS OBSERVED.


RELATIVE HUMIDITY (PERCENT)
 HIGHEST    83           100 AM
 LOWEST     36           300 PM
 AVERAGE    60

..........................................................


THE MOSES LAKE WA AIRPORT CLIMATE NORMALS FOR TODAY
                         NORMAL    RECORD    YEAR
 MAXIMUM TEMPERATURE (F)   75        MM        MM
 MINIMUM TEMPERATURE (F)   46        MM        MM


SUNRISE AND SUNSET
MAY 20 2018...........SUNRISE   515 AM PDT   SUNSET   833 PM PDT
MAY 21 2018...........SUNRISE   514 AM PDT   SUNSET   834 PM PDT


-  INDICATES NEGATIVE NUMBERS.
R  INDICATES RECORD WAS SET OR TIED.
MM INDICATES DATA IS MISSING.
T  INDICATES TRACE AMOUNT.




$$
