000
CDUS46 KSGX 160926
CLIMYF


CLIMATE REPORT
NATIONAL WEATHER SERVICE SAN DIEGO, CA
225 AM PDT TUE JUL 16 2019


...................................

...THE SAN DIEGO/MONTGOMERY FLD CA CLIMATE SUMMARY FOR JULY 15 2019...

CLIMATE NORMAL PERIOD 1981 TO 2010
CLIMATE RECORD PERIOD 1998 TO 2019


WEATHER ITEM   OBSERVED TIME   RECORD YEAR NORMAL DEPARTURE LAST
                VALUE   (LST)  VALUE       VALUE  FROM      YEAR
                                                  NORMAL
..................................................................
TEMPERATURE (F)
 YESTERDAY
  MAXIMUM         83   1225 PM  96    2006  79      4       81
  MINIMUM         62    430 AM  59    1998  64     -2       66
  AVERAGE         73                        71      2       74

PRECIPITATION (IN)
  YESTERDAY        0.00          T    2010   0.00   0.00     0.00
  MONTH TO DATE    0.00                      0.03  -0.03      T
  SINCE OCT 1     13.40                     12.22   1.18     3.66
  SINCE JAN 1      9.17                      8.38   0.79     3.57

DEGREE DAYS
 HEATING
  YESTERDAY        0                         0      0        0
  MONTH TO DATE    0                         0      0        0
  SINCE JUN 1     13                        19     -6        3
  SINCE JUL 1      0                         0      0        0

 COOLING
  YESTERDAY        8                         6      2        9
  MONTH TO DATE   58                        83    -25      165
  SINCE JUN 1    112                       150    -38      261
  SINCE JAN 1    135                       201    -66      358
..................................................................


WIND (MPH)
  RESULTANT WIND SPEED   2   RESULTANT WIND DIRECTION   W (270)
  HIGHEST WIND SPEED    12   HIGHEST WIND DIRECTION    SW (230)
  HIGHEST GUST SPEED    15   HIGHEST GUST DIRECTION    SW (240)
  AVERAGE WIND SPEED     4.0


SKY COVER
  POSSIBLE SUNSHINE  MM
  AVERAGE SKY COVER 0.3


WEATHER CONDITIONS
 THE FOLLOWING WEATHER WAS RECORDED YESTERDAY.
  FOG
  HAZE


RELATIVE HUMIDITY (PERCENT)
 HIGHEST    93           200 AM
 LOWEST     51          1000 AM
 AVERAGE    72

..........................................................


THE SAN DIEGO/MONTGOMERY FLD CA CLIMATE NORMALS FOR TODAY
                         NORMAL    RECORD    YEAR
 MAXIMUM TEMPERATURE (F)   79        97      2010
 MINIMUM TEMPERATURE (F)   64        59      1998


SUNRISE AND SUNSET
JULY 16 2019..........SUNRISE   552 AM PDT   SUNSET   757 PM PDT
JULY 17 2019..........SUNRISE   552 AM PDT   SUNSET   757 PM PDT


-  INDICATES NEGATIVE NUMBERS.
R  INDICATES RECORD WAS SET OR TIED.
MM INDICATES DATA IS MISSING.
T  INDICATES TRACE AMOUNT.




$$
