000
CDUS46 KSGX 231220
CLIMYF


CLIMATE REPORT
NATIONAL WEATHER SERVICE SAN DIEGO, CA
520 AM PDT TUE APR 23 2019


...................................

...THE SAN DIEGO/MONTGOMERY FLD CA CLIMATE SUMMARY FOR APRIL 22 2019...

CLIMATE NORMAL PERIOD 1981 TO 2010
CLIMATE RECORD PERIOD 1998 TO 2019


WEATHER ITEM   OBSERVED TIME   RECORD YEAR NORMAL DEPARTURE LAST
                VALUE   (LST)  VALUE       VALUE  FROM      YEAR
                                                  NORMAL
..................................................................
TEMPERATURE (F)
 YESTERDAY
  MAXIMUM         70    425 PM  86    2017  70      0       79
  MINIMUM         52    532 AM  47    2010  53     -1       54
  AVERAGE         61                        61      0       67

PRECIPITATION (IN)
  YESTERDAY        0.00          0.31 2010   0.03  -0.03     0.00
  MONTH TO DATE    0.10                      0.63  -0.53     0.03
  SINCE OCT 1     12.03                     11.67   0.36     3.60
  SINCE JAN 1      7.80                      7.83  -0.03     3.51

DEGREE DAYS
 HEATING
  YESTERDAY        4                         4      0        0
  MONTH TO DATE   51                       121    -70       60
  SINCE MAR 1    248                       351   -103      229
  SINCE JUL 1   1124                      1420   -296      625

 COOLING
  YESTERDAY        0                         1     -1        2
  MONTH TO DATE   14                         9      5       29
  SINCE MAR 1     17                        14      3       29
  SINCE JAN 1     18                        18      0       77
..................................................................


WIND (MPH)
  RESULTANT WIND SPEED   3   RESULTANT WIND DIRECTION   W (290)
  HIGHEST WIND SPEED    14   HIGHEST WIND DIRECTION    NW (310)
  HIGHEST GUST SPEED    19   HIGHEST GUST DIRECTION    SW (210)
  AVERAGE WIND SPEED     4.9


SKY COVER
  POSSIBLE SUNSHINE  MM
  AVERAGE SKY COVER 0.1


WEATHER CONDITIONS
 THE FOLLOWING WEATHER WAS RECORDED YESTERDAY.
  NO SIGNIFICANT WEATHER WAS OBSERVED.


RELATIVE HUMIDITY (PERCENT)
 HIGHEST    80          1100 PM
 LOWEST     48          1000 AM
 AVERAGE    64

..........................................................


THE SAN DIEGO/MONTGOMERY FLD CA CLIMATE NORMALS FOR TODAY
                         NORMAL    RECORD    YEAR
 MAXIMUM TEMPERATURE (F)   70        82      2004
 MINIMUM TEMPERATURE (F)   53        43      2010


SUNRISE AND SUNSET
APRIL 23 2019.........SUNRISE   610 AM PDT   SUNSET   724 PM PDT
APRIL 24 2019.........SUNRISE   609 AM PDT   SUNSET   725 PM PDT


-  INDICATES NEGATIVE NUMBERS.
R  INDICATES RECORD WAS SET OR TIED.
MM INDICATES DATA IS MISSING.
T  INDICATES TRACE AMOUNT.




$$
