000
CDUS45 KBOI 240935
CLIMYL


CLIMATE REPORT
NATIONAL WEATHER SERVICE BOISE ID
335 AM MDT WED APR 24 2019


...................................

...THE MCCALL ID CLIMATE SUMMARY FOR APRIL 23 2019...

CLIMATE NORMAL PERIOD 1981 TO 2010
CLIMATE RECORD PERIOD 1930 TO 2019


WEATHER ITEM   OBSERVED TIME   RECORD YEAR NORMAL DEPARTURE LAST
                VALUE   (LST)  VALUE       VALUE  FROM      YEAR
                                                  NORMAL
..................................................................
TEMPERATURE (F)
 YESTERDAY
  MAXIMUM         60    349 PM  78    2012  51      9       56
                                      1977
                                      1910
  MINIMUM         35    324 AM  12    1920  27      8       34
  AVERAGE         48                        39      9       45

PRECIPITATION (IN)
  YESTERDAY        0.02          0.84 1996   0.06  -0.04     0.00
  MONTH TO DATE    4.69                      1.49   3.20     2.55
  SINCE OCT 1     24.17                     13.34  10.83    18.13
  SINCE JAN 1     17.93                      7.16  10.77    11.28

DEGREE DAYS
 HEATING
  YESTERDAY       17                        26     -9       20
  MONTH TO DATE  597                       673    -76      621
  SINCE MAR 1   1756                      1787    -31     1714
  SINCE JUL 1   7896                      8462   -566     7557

 COOLING
  YESTERDAY        0                         0      0        0
  MONTH TO DATE    0                         0      0        0
  SINCE MAR 1      0                         0      0        0
  SINCE JAN 1      0                         0      0        0
..................................................................


WIND (MPH)
  HIGHEST WIND SPEED    12   HIGHEST WIND DIRECTION     W (280)
  HIGHEST GUST SPEED    16   HIGHEST GUST DIRECTION     W (280)
  AVERAGE WIND SPEED     2.3


SKY COVER
  AVERAGE SKY COVER 0.6


WEATHER CONDITIONS
 THE FOLLOWING WEATHER WAS RECORDED YESTERDAY.
  NO SIGNIFICANT WEATHER WAS OBSERVED.


RELATIVE HUMIDITY (PERCENT)
 HIGHEST    89          1000 PM
 LOWEST     47           100 PM
 AVERAGE    68

..........................................................


THE MCCALL ID CLIMATE NORMALS FOR TODAY
                         NORMAL    RECORD    YEAR
 MAXIMUM TEMPERATURE (F)   52        80      1977
                                             1910
 MINIMUM TEMPERATURE (F)   27        12      1950


SUNRISE AND SUNSET
APRIL 24 2019.........SUNRISE   645 AM MDT   SUNSET   841 PM MDT
APRIL 25 2019.........SUNRISE   643 AM MDT   SUNSET   842 PM MDT


-  INDICATES NEGATIVE NUMBERS.
R  INDICATES RECORD WAS SET OR TIED.
MM INDICATES DATA IS MISSING.
T  INDICATES TRACE AMOUNT.




$$
