000
CDUS45 KBOI 160931
CLIMYL


CLIMATE REPORT
NATIONAL WEATHER SERVICE BOISE ID
331 AM MDT TUE JUL 16 2019


...................................

...THE MCCALL ID CLIMATE SUMMARY FOR JULY 15 2019...

CLIMATE NORMAL PERIOD 1981 TO 2010
CLIMATE RECORD PERIOD 1930 TO 2019


WEATHER ITEM   OBSERVED TIME   RECORD YEAR NORMAL DEPARTURE LAST
                VALUE   (LST)  VALUE       VALUE  FROM      YEAR
                                                  NORMAL
..................................................................
TEMPERATURE (F)
 YESTERDAY
  MAXIMUM         78    402 PM  95    1925  79     -1       89
  MINIMUM         54   1159 PM  32    1999  44     10       50
  AVERAGE         66                        61      5       70

PRECIPITATION (IN)
  YESTERDAY        0.09          0.53 1954   0.01   0.08     0.00
  MONTH TO DATE    0.14                      0.44  -0.30      T
  SINCE OCT 1     27.66                     18.26   9.40    21.90
  SINCE JAN 1     21.42                     12.08   9.34    15.05

DEGREE DAYS
 HEATING
  YESTERDAY        0                         4     -4        0
  MONTH TO DATE   39                        91    -52       29
  SINCE JUN 1    316                       458   -142      293
  SINCE JUL 1     39                        91    -52       29

 COOLING
  YESTERDAY        1                         0      1        5
  MONTH TO DATE   20                         0     20       30
  SINCE JUN 1     20                         1     19       30
  SINCE JAN 1     20                         1     19       30
..................................................................


WIND (MPH)
  HIGHEST WIND SPEED    28   HIGHEST WIND DIRECTION     W (270)
  HIGHEST GUST SPEED    39   HIGHEST GUST DIRECTION     W (280)
  AVERAGE WIND SPEED     4.1


SKY COVER
  AVERAGE SKY COVER 0.5


WEATHER CONDITIONS
 THE FOLLOWING WEATHER WAS RECORDED YESTERDAY.
  RAIN
  LIGHT RAIN


RELATIVE HUMIDITY (PERCENT)
 HIGHEST    86          1000 PM
 LOWEST     27           400 PM
 AVERAGE    57

..........................................................


THE MCCALL ID CLIMATE NORMALS FOR TODAY
                         NORMAL    RECORD    YEAR
 MAXIMUM TEMPERATURE (F)   79        97      1925
 MINIMUM TEMPERATURE (F)   44        32      1993


SUNRISE AND SUNSET
JULY 16 2019..........SUNRISE   613 AM MDT   SUNSET   927 PM MDT
JULY 17 2019..........SUNRISE   614 AM MDT   SUNSET   926 PM MDT


-  INDICATES NEGATIVE NUMBERS.
R  INDICATES RECORD WAS SET OR TIED.
MM INDICATES DATA IS MISSING.
T  INDICATES TRACE AMOUNT.




$$
