000
CDUS44 KLIX 222126
CLINEW


CLIMATE REPORT
NATIONAL WEATHER SERVICE NEW ORLEANS
NATIONAL WEATHER SERVICE NEW ORL
426 PM CDT MON APR 22 2019


...................................

...THE NEW ORLEANS CLIMATE SUMMARY FOR APRIL 22 2019...
VALID TODAY AS OF 0400 PM LOCAL TIME.

CLIMATE NORMAL PERIOD 1981 TO 2010
CLIMATE RECORD PERIOD 1946 TO 2019


WEATHER ITEM   OBSERVED TIME   RECORD YEAR NORMAL DEPARTURE LAST
                VALUE   (LST)  VALUE       VALUE  FROM      YEAR
                                                  NORMAL
..................................................................
TEMPERATURE (F)
 TODAY
  MAXIMUM         78    241 PM  89    1955  80     -2       82
  MINIMUM         54    241 AM  46    1993  62     -8       62
  AVERAGE         66                        71     -5       72

PRECIPITATION (IN)
  TODAY            0.00          5.31 1983   0.14  -0.14     0.34
  MONTH TO DATE    4.94                      3.34   1.60     5.79
  SINCE MAR 1      6.61                      7.89  -1.28     8.79
  SINCE JAN 1     17.12                     18.34  -1.22    16.43

SNOWFALL (IN)
  TODAY            0.0
  MONTH TO DATE    0.0
  SINCE MAR 1      0.0
  SINCE JUL 1      0.0
  SNOW DEPTH       0

DEGREE DAYS
 HEATING
  TODAY            0                         1     -1        0
  MONTH TO DATE   20                        32    -12       32
  SINCE MAR 1    151                       168    -17      120
  SINCE JUL 1    983                      1277   -294     1119

 COOLING
  TODAY            1                         6     -5        7
  MONTH TO DATE  111                       100     11       62
  SINCE MAR 1    193                       163     30      170
  SINCE JAN 1    287                       200     87      319
..................................................................


WIND (MPH)
  HIGHEST WIND SPEED    15   HIGHEST WIND DIRECTION     S (200)
  HIGHEST GUST SPEED    18   HIGHEST GUST DIRECTION     S (190)
  AVERAGE WIND SPEED     6.0


SKY COVER
  POSSIBLE SUNSHINE  MM
  AVERAGE SKY COVER 0.4


WEATHER CONDITIONS
 THE FOLLOWING WEATHER WAS RECORDED TODAY.
  NO SIGNIFICANT WEATHER WAS OBSERVED.


RELATIVE HUMIDITY (PERCENT)
 HIGHEST    86           300 AM
 LOWEST     43           200 PM
 AVERAGE    65

..........................................................


THE NEW ORLEANS CLIMATE NORMALS FOR TOMORROW
                         NORMAL    RECORD    YEAR
 MAXIMUM TEMPERATURE (F)   80        88      1971
                                             1967
 MINIMUM TEMPERATURE (F)   62        46      1993


SUNRISE AND SUNSET
APRIL 22 2019.........SUNRISE   627 AM CDT   SUNSET   733 PM CDT
APRIL 23 2019.........SUNRISE   626 AM CDT   SUNSET   733 PM CDT


-  INDICATES NEGATIVE NUMBERS.
R  INDICATES RECORD WAS SET OR TIED.
MM INDICATES DATA IS MISSING.
T  INDICATES TRACE AMOUNT.




$$
