000
CDUS44 KLIX 200727
CLINEW


CLIMATE REPORT
NATIONAL WEATHER SERVICE NEW ORLEANS
225 AM CDT SAT JUL 20 2019


...................................

...THE NEW ORLEANS CLIMATE SUMMARY FOR JULY 19 2019...

CLIMATE NORMAL PERIOD 1981 TO 2010
CLIMATE RECORD PERIOD 1946 TO 2019


WEATHER ITEM   OBSERVED TIME   RECORD YEAR NORMAL DEPARTURE LAST
                VALUE   (LST)  VALUE       VALUE  FROM      YEAR
                                                  NORMAL
..................................................................
TEMPERATURE (F)
 YESTERDAY
  MAXIMUM         94   1226 PM  99    1951  91      3       95
  MINIMUM         78    545 AM  66    1974  75      3       76
  AVERAGE         86                        83      3       86

PRECIPITATION (IN)
  YESTERDAY        T             2.12 1967   0.18  -0.18     0.00
  MONTH TO DATE    4.11                      3.82   0.29     4.35
  SINCE JUN 1      8.43                     11.88  -3.45    11.13
  SINCE JAN 1     35.46                     36.12  -0.66    29.31

SNOWFALL (IN)
  YESTERDAY        0.0
  MONTH TO DATE    0.0
  SINCE JUN 1      0.0
  SINCE JUL 1      0.0
  SNOW DEPTH       0

DEGREE DAYS
 HEATING
  YESTERDAY        0                         0      0        0
  MONTH TO DATE    0                         0      0        0
  SINCE JUN 1      0                         0      0        0
  SINCE JUL 1      0                         0      0        0

 COOLING
  YESTERDAY       21                        18      3       21
  MONTH TO DATE  386                       342     44      369
  SINCE JUN 1    966                       837    129      942
  SINCE JAN 1   1781                      1456    325     1769
..................................................................


WIND (MPH)
  HIGHEST WIND SPEED    21   HIGHEST WIND DIRECTION     E (100)
  HIGHEST GUST SPEED    23   HIGHEST GUST DIRECTION     E (110)
  AVERAGE WIND SPEED     4.3


SKY COVER
  POSSIBLE SUNSHINE  MM
  AVERAGE SKY COVER 0.7


WEATHER CONDITIONS
 THE FOLLOWING WEATHER WAS RECORDED YESTERDAY.
  THUNDERSTORM
  LIGHT RAIN


RELATIVE HUMIDITY (PERCENT)
 HIGHEST    91           200 AM
 LOWEST     56           400 PM
 AVERAGE    74

..........................................................


THE NEW ORLEANS CLIMATE NORMALS FOR TODAY
                         NORMAL    RECORD    YEAR
 MAXIMUM TEMPERATURE (F)   91        98      2016
                                             2000
 MINIMUM TEMPERATURE (F)   75        69      1984
                                             1964


SUNRISE AND SUNSET
JULY 20 2019..........SUNRISE   613 AM CDT   SUNSET   802 PM CDT
JULY 21 2019..........SUNRISE   613 AM CDT   SUNSET   801 PM CDT


-  INDICATES NEGATIVE NUMBERS.
R  INDICATES RECORD WAS SET OR TIED.
MM INDICATES DATA IS MISSING.
T  INDICATES TRACE AMOUNT.




$$
