891
CDUS41 KOKX 160616
CLINYC


CLIMATE REPORT
NATIONAL WEATHER SERVICE NEW YORK NY
216 AM EDT WED OCT 16 2019


...................................

...THE CENTRAL PARK NY CLIMATE SUMMARY FOR OCTOBER 15 2019...

CLIMATE NORMAL PERIOD 1981 TO 2010
CLIMATE RECORD PERIOD 1869 TO 2019


WEATHER ITEM   OBSERVED TIME   RECORD YEAR NORMAL DEPARTURE LAST
                VALUE   (LST)  VALUE       VALUE  FROM      YEAR
                                                  NORMAL
..................................................................
TEMPERATURE (F)
 YESTERDAY
  MAXIMUM         64    238 PM  84    1956  64      0       68
  MINIMUM         51    724 AM  32    1876  50      1       52
  AVERAGE         58                        57      1       60

PRECIPITATION (IN)
  YESTERDAY        0.00          1.70 1943   0.14  -0.14     0.05
  MONTH TO DATE    1.14                      2.17  -1.03     2.15
  SINCE SEP 1      2.09                      6.45  -4.36     8.34
  SINCE JAN 1     38.98                     39.69  -0.71    49.98

SNOWFALL (IN)
  YESTERDAY        0.0           0.5  1876   0.0    0.0      0.0
  MONTH TO DATE    0.0                       0.0    0.0      0.0
  SINCE OCT 1      0.0                       0.0    0.0      0.0
  SINCE JUL 1      0.0                       0.0    0.0      0.0
  SNOW DEPTH       0

DEGREE DAYS
 HEATING
  YESTERDAY        7                         8     -1        5
  MONTH TO DATE   65                        97    -32       36
  SINCE SEP 1     73                       140    -67       59
  SINCE JUL 1     73                       142    -69       59

 COOLING
  YESTERDAY        0                         0      0        0
  MONTH TO DATE   24                        13     11       59
  SINCE SEP 1    203                       146     57      262
  SINCE JAN 1   1267                      1100    167     1430
..................................................................


WIND (MPH)
  HIGHEST WIND SPEED     9   HIGHEST WIND DIRECTION    NE (50)
  HIGHEST GUST SPEED    13   HIGHEST GUST DIRECTION    NE (50)
  AVERAGE WIND SPEED     3.0


SKY COVER
  AVERAGE SKY COVER 0.0


WEATHER CONDITIONS
 THE FOLLOWING WEATHER WAS RECORDED YESTERDAY.
  NO SIGNIFICANT WEATHER WAS OBSERVED.


RELATIVE HUMIDITY (PERCENT)
 HIGHEST    72           900 PM
 LOWEST     30           100 PM
 AVERAGE    51

..........................................................


THE CENTRAL PARK NY CLIMATE NORMALS FOR TODAY
                         NORMAL    RECORD    YEAR
 MAXIMUM TEMPERATURE (F)   64        87      1897
 MINIMUM TEMPERATURE (F)   50        34      1876


SUNRISE AND SUNSET
OCTOBER 16 2019.......SUNRISE   708 AM EDT   SUNSET   614 PM EDT
OCTOBER 17 2019.......SUNRISE   709 AM EDT   SUNSET   613 PM EDT


-  INDICATES NEGATIVE NUMBERS.
R  INDICATES RECORD WAS SET OR TIED.
MM INDICATES DATA IS MISSING.
T  INDICATES TRACE AMOUNT.




$$
