000
CDUS41 KOKX 252036
CLINYC


CLIMATE REPORT
NATIONAL WEATHER SERVICE NEW YORK NY
435 PM EDT THU APR 25 2019


...................................

...THE CENTRAL PARK NY CLIMATE SUMMARY FOR APRIL 25 2019...
VALID TODAY AS OF 0400 PM LOCAL TIME.

CLIMATE NORMAL PERIOD 1981 TO 2010
CLIMATE RECORD PERIOD 1869 TO 2019


WEATHER ITEM   OBSERVED TIME   RECORD YEAR NORMAL DEPARTURE LAST
                VALUE   (LST)  VALUE       VALUE  FROM      YEAR
                                                  NORMAL
..................................................................
TEMPERATURE (F)
 TODAY
  MAXIMUM         66    103 PM  91    1915  65      1       60
  MINIMUM         48    609 AM  29    1919  48      0       52
  AVERAGE         57                        56      1       56

PRECIPITATION (IN)
  TODAY            0.00          1.68 1945   0.14  -0.14     0.95
  MONTH TO DATE    3.37                      3.80  -0.43     5.45
  SINCE MAR 1      7.24                      8.16  -0.92    10.62
  SINCE JAN 1     13.96                     14.90  -0.94    18.63

SNOWFALL (IN)
  TODAY            0.0           3.0  1875   0.0    0.0      0.0
  MONTH TO DATE    0.0                       0.6   -0.6      5.5
  SINCE OCT 1     20.5                      25.8   -5.3     40.9
  SINCE JUL 1     20.5                      25.8   -5.3     40.9
  SNOW DEPTH       0

DEGREE DAYS
 HEATING
  TODAY            8                         9     -1        9
  MONTH TO DATE  226                       328   -102      419
  SINCE MAR 1    941                      1028    -87     1184
  SINCE JUL 1   4416                      4550   -134     4430

 COOLING
  TODAY            0                         1     -1        0
  MONTH TO DATE   11                         4      7        6
  SINCE MAR 1     11                         5      6        6
  SINCE JAN 1     11                         5      6        8
..................................................................


WIND (MPH)
  HIGHEST WIND SPEED    10   HIGHEST WIND DIRECTION    NE (40)
  HIGHEST GUST SPEED    16   HIGHEST GUST DIRECTION    NE (60)
  AVERAGE WIND SPEED     4.0


SKY COVER
  AVERAGE SKY COVER 0.0


WEATHER CONDITIONS
 THE FOLLOWING WEATHER WAS RECORDED TODAY.
  NO SIGNIFICANT WEATHER WAS OBSERVED.


RELATIVE HUMIDITY (PERCENT)
 HIGHEST    66           600 AM
 LOWEST     39          1100 AM
 AVERAGE    53

..........................................................


THE CENTRAL PARK NY CLIMATE NORMALS FOR TOMORROW
                         NORMAL    RECORD    YEAR
 MAXIMUM TEMPERATURE (F)   65        92      2009
 MINIMUM TEMPERATURE (F)   48        31      1919


SUNRISE AND SUNSET
APRIL 25 2019.........SUNRISE   603 AM EDT   SUNSET   746 PM EDT
APRIL 26 2019.........SUNRISE   601 AM EDT   SUNSET   747 PM EDT


-  INDICATES NEGATIVE NUMBERS.
R  INDICATES RECORD WAS SET OR TIED.
MM INDICATES DATA IS MISSING.
T  INDICATES TRACE AMOUNT.




$$
