000
CDUS41 KOKX 152040
CLINYC


CLIMATE REPORT
NATIONAL WEATHER SERVICE NEW YORK NY
439 PM EDT SAT JUN 15 2019


...................................

...THE CENTRAL PARK NY CLIMATE SUMMARY FOR JUNE 15 2019...
VALID TODAY AS OF 0400 PM LOCAL TIME.

CLIMATE NORMAL PERIOD 1981 TO 2010
CLIMATE RECORD PERIOD 1869 TO 2019


WEATHER ITEM   OBSERVED TIME   RECORD YEAR NORMAL DEPARTURE LAST
                VALUE   (LST)  VALUE       VALUE  FROM      YEAR
                                                  NORMAL
..................................................................
TEMPERATURE (F)
 TODAY
  MAXIMUM         81    106 PM  96    1994  79      2       76
                                      1988
                                      1891
  MINIMUM         60    445 AM  48    1933  64     -4       63
  AVERAGE         71                        72     -1       70

PRECIPITATION (IN)
  TODAY            0.00          1.13 1915   0.15  -0.15     0.00
  MONTH TO DATE    2.57                      2.39   0.18     0.81
  SINCE JUN 1      2.57                      2.39   0.18     0.81
  SINCE JAN 1     24.53                     22.18   2.35    23.30

SNOWFALL (IN)
  TODAY            0.0           0.0  2002   0.0    0.0      0.0
                                      2001
  MONTH TO DATE    0.0                       0.0    0.0      0.0
  SINCE OCT 1     20.5                      25.8   -5.3     40.9
  SINCE JUL 1     20.5                      25.8   -5.3     40.9
  SNOW DEPTH       0

DEGREE DAYS
 HEATING
  TODAY            0                         0      0        0
  MONTH TO DATE    9                        17     -8       10
  SINCE JUN 1      9                        17     -8       10
  SINCE JUL 1   4613                      4748   -135     4547

 COOLING
  TODAY            6                         7     -1        5
  MONTH TO DATE   66                        81    -15       64
  SINCE JUN 1     66                        81    -15       64
  SINCE JAN 1    121                       150    -29      200
..................................................................


WIND (MPH)
  HIGHEST WIND SPEED    15   HIGHEST WIND DIRECTION    SW (240)
  HIGHEST GUST SPEED    25   HIGHEST GUST DIRECTION    SW (220)
  AVERAGE WIND SPEED     4.5


SKY COVER
  AVERAGE SKY COVER 0.0


WEATHER CONDITIONS
 THE FOLLOWING WEATHER WAS RECORDED TODAY.
  NO SIGNIFICANT WEATHER WAS OBSERVED.


RELATIVE HUMIDITY (PERCENT)
 HIGHEST    60           600 AM
 LOWEST     33           100 PM
 AVERAGE    47

..........................................................


THE CENTRAL PARK NY CLIMATE NORMALS FOR TOMORROW
                         NORMAL    RECORD    YEAR
 MAXIMUM TEMPERATURE (F)   80        97      1891
 MINIMUM TEMPERATURE (F)   64        52      1927


SUNRISE AND SUNSET
JUNE 15 2019..........SUNRISE   524 AM EDT   SUNSET   829 PM EDT
JUNE 16 2019..........SUNRISE   524 AM EDT   SUNSET   829 PM EDT


-  INDICATES NEGATIVE NUMBERS.
R  INDICATES RECORD WAS SET OR TIED.
MM INDICATES DATA IS MISSING.
T  INDICATES TRACE AMOUNT.




$$
