000
CDUS45 KPSR 210025 RRA
CLINYL

CLIMATE REPORT
NATIONAL WEATHER SERVICE PHOENIX AZ
524 PM MST SAT APR 20 2019


...................................

...THE YUMA AZ CLIMATE SUMMARY FOR APRIL 20 2019...
VALID TODAY AS OF 0500 PM LOCAL TIME.

CLIMATE NORMAL PERIOD 1981 TO 2010
CLIMATE RECORD PERIOD 1876 TO 2019


WEATHER ITEM   OBSERVED TIME   RECORD YEAR NORMAL DEPARTURE LAST
                VALUE   (LST)  VALUE       VALUE  FROM      YEAR
                                                  NORMAL
..................................................................
TEMPERATURE (F)
 TODAY
  MAXIMUM         94    334 PM 104    1958  87      7       82
  MINIMUM         65    516 AM  45    1972  61      4       49
                                      1933
  AVERAGE         80                        74      6       66

PRECIPITATION (IN)
  TODAY            0.00          0.03 1988   0.00   0.00     0.00
  MONTH TO DATE    0.07                      0.12  -0.05     0.00
  SINCE OCT 1      2.19                      2.15   0.04     0.25
  SINCE JAN 1      0.94                      1.21  -0.27     0.18

DEGREE DAYS
 HEATING
  TODAY            0                         0      0        0
  MONTH TO DATE    0                        12    -12        0
  SINCE MAR 1     61                        62     -1       47
  SINCE JUL 1    814                       685    129      406

 COOLING
  TODAY           15                         9      6        1
  MONTH TO DATE  178                       144     34      189
  SINCE MAR 1    289                       261     28      302
  SINCE JAN 1    294                       297     -3      354
..................................................................


WIND (MPH)
  HIGHEST WIND SPEED    16   HIGHEST WIND DIRECTION     W (270)
  HIGHEST GUST SPEED    23   HIGHEST GUST DIRECTION     W (260)
  AVERAGE WIND SPEED     8.3


SKY COVER
  AVERAGE SKY COVER 0.0


WEATHER CONDITIONS
 THE FOLLOWING WEATHER WAS RECORDED TODAY.
  NO SIGNIFICANT WEATHER WAS OBSERVED.


RELATIVE HUMIDITY (PERCENT)
 HIGHEST    35
 LOWEST     13
 AVERAGE    24

..........................................................


THE YUMA AZ CLIMATE NORMALS FOR TOMORROW
                         NORMAL    RECORD    YEAR
 MAXIMUM TEMPERATURE (F)   88       107      1958
 MINIMUM TEMPERATURE (F)   61        43      1904


SUNRISE AND SUNSET
APRIL 20 2019.........SUNRISE   603 AM MST   SUNSET   712 PM MST
APRIL 21 2019.........SUNRISE   602 AM MST   SUNSET   713 PM MST


-  INDICATES NEGATIVE NUMBERS.
R  INDICATES RECORD WAS SET OR TIED.
MM INDICATES DATA IS MISSING.
T  INDICATES TRACE AMOUNT.

$$
