000
CDUS45 KPSR 260814 RRA
CLINYL

CLIMATE REPORT
NATIONAL WEATHER SERVICE PHOENIX AZ
112 AM MST THU APR 26 2018


...................................

...THE YUMA AZ CLIMATE SUMMARY FOR APRIL 25 2018...

CLIMATE NORMAL PERIOD 1981 TO 2010
CLIMATE RECORD PERIOD 1876 TO 2018


WEATHER ITEM   OBSERVED TIME   RECORD YEAR NORMAL DEPARTURE LAST
                VALUE   (LST)  VALUE       VALUE  FROM      YEAR
                                                  NORMAL
..................................................................
TEMPERATURE (F)
 YESTERDAY
  MAXIMUM         97    459 PM 107    1898  89      8       87
  MINIMUM         66    604 AM  44    1883  62      4       66
  AVERAGE         82                        75      7       77

PRECIPITATION (IN)
  YESTERDAY        0.00          0.11 2011   0.01  -0.01     0.00
  MONTH TO DATE    0.00                      0.14  -0.14     0.00
  SINCE OCT 1      0.25                      2.17  -1.92     2.51
  SINCE JAN 1      0.18                      1.23  -1.05     1.56

DEGREE DAYS
 HEATING
  YESTERDAY        0                         0      0        0
  MONTH TO DATE    0                        12    -12        0
  SINCE MAR 1     47                        62    -15       13
  SINCE JUL 1    406                       685   -279      526

 COOLING
  YESTERDAY       17                        11      6       12
  MONTH TO DATE  260                       195     65      274
  SINCE MAR 1    373                       312     61      504
  SINCE JAN 1    425                       348     77      545
..................................................................


WIND (MPH)
  HIGHEST WIND SPEED    13   HIGHEST WIND DIRECTION    SW (210)
  HIGHEST GUST SPEED    16   HIGHEST GUST DIRECTION     S (200)
  AVERAGE WIND SPEED     5.2


SKY COVER
  AVERAGE SKY COVER 0.1


WEATHER CONDITIONS
 THE FOLLOWING WEATHER WAS RECORDED YESTERDAY.
  NO SIGNIFICANT WEATHER WAS OBSERVED.


RELATIVE HUMIDITY (PERCENT)
 HIGHEST    35
 LOWEST     12
 AVERAGE    24

..........................................................


THE YUMA AZ CLIMATE NORMALS FOR TODAY
                         NORMAL    RECORD    YEAR
 MAXIMUM TEMPERATURE (F)   89       104      2004
 MINIMUM TEMPERATURE (F)   62        46      1921


SUNRISE AND SUNSET
APRIL 26 2018.........SUNRISE   556 AM MST   SUNSET   716 PM MST
APRIL 27 2018.........SUNRISE   555 AM MST   SUNSET   717 PM MST


-  INDICATES NEGATIVE NUMBERS.
R  INDICATES RECORD WAS SET OR TIED.
MM INDICATES DATA IS MISSING.
T  INDICATES TRACE AMOUNT.

$$
