000
CDUS45 KPSR 160023
CLINYL

CLIMATE REPORT
NATIONAL WEATHER SERVICE PHOENIX AZ
520 PM MST SAT JUN 15 2019


...................................

...THE YUMA AZ CLIMATE SUMMARY FOR JUNE 15 2019...
VALID TODAY AS OF 0500 PM LOCAL TIME.

CLIMATE NORMAL PERIOD 1981 TO 2010
CLIMATE RECORD PERIOD 1876 TO 2019


WEATHER ITEM   OBSERVED TIME   RECORD YEAR NORMAL DEPARTURE LAST
                VALUE   (LST)  VALUE       VALUE  FROM      YEAR
                                                  NORMAL
..................................................................
TEMPERATURE (F)
 TODAY
  MAXIMUM        103    341 PM 118    1917 104     -1       95
  MINIMUM         76    644 AM  57    1962  74      2       78
  AVERAGE         90                        89      1       87

PRECIPITATION (IN)
  TODAY            0.00          T    1958   0.00   0.00      T
                                      1958
                                      2018
  MONTH TO DATE    0.00                      0.00   0.00      T
  SINCE OCT 1      2.21                      2.26  -0.05     0.25
  SINCE JAN 1      0.96                      1.32  -0.36     0.18

DEGREE DAYS
 HEATING
  TODAY            0                         0      0        0
  MONTH TO DATE    0                         0      0        0
  SINCE JUN 1      0                         0      0        0
  SINCE JUL 1    814                       686    128      406

 COOLING
  TODAY           25                        24      1       22
  MONTH TO DATE  322                       332    -10      365
  SINCE JUN 1    322                       332    -10      365
  SINCE JAN 1   1068                      1244   -176     1333
..................................................................


WIND (MPH)
  HIGHEST WIND SPEED    16   HIGHEST WIND DIRECTION     S (180)
  HIGHEST GUST SPEED    20   HIGHEST GUST DIRECTION     S (200)
  AVERAGE WIND SPEED     7.9


SKY COVER
  AVERAGE SKY COVER 0.0


WEATHER CONDITIONS
 THE FOLLOWING WEATHER WAS RECORDED TODAY.
  NO SIGNIFICANT WEATHER WAS OBSERVED.


RELATIVE HUMIDITY (PERCENT)
 HIGHEST    60
 LOWEST     12
 AVERAGE    36

..........................................................


THE YUMA AZ CLIMATE NORMALS FOR TOMORROW
                         NORMAL    RECORD    YEAR
 MAXIMUM TEMPERATURE (F)  104       119      1917
 MINIMUM TEMPERATURE (F)   75        55      1907


SUNRISE AND SUNSET
JUNE 15 2019..........SUNRISE   530 AM MST   SUNSET   748 PM MST
JUNE 16 2019..........SUNRISE   530 AM MST   SUNSET   748 PM MST


-  INDICATES NEGATIVE NUMBERS.
R  INDICATES RECORD WAS SET OR TIED.
MM INDICATES DATA IS MISSING.
T  INDICATES TRACE AMOUNT.

$$
