000
CDUS43 KOAX 212134
CLIOAX


CLIMATE REPORT
NATIONAL WEATHER SERVICE OMAHA NEBRASKA
433 PM CDT SUN APR 21 2019


...................................

...THE VALLEY NWS NE CLIMATE SUMMARY FOR APRIL 21 2019...
VALID TODAY AS OF 0400 PM LOCAL TIME.

CLIMATE NORMAL PERIOD 1981 TO 2010
CLIMATE RECORD PERIOD 1997 TO 2019


WEATHER ITEM   OBSERVED TIME   NORMAL DEPARTURE LAST
                VALUE   (LST)  VALUE  FROM      YEAR
                                      NORMAL
......................................................
TEMPERATURE (F)
 TODAY
  MAXIMUM         86    229 PM  64     22       53
  MINIMUM         58    611 AM  42     16       45
  AVERAGE         72            53     19       49

PRECIPITATION (IN)
  TODAY            0.00          0.11  -0.11      T
  MONTH TO DATE    0.60          1.93  -1.33     0.41
  SINCE MAR 1      3.22          3.93  -0.71     3.38
  SINCE JAN 1      5.69          5.64   0.05     5.56

SNOWFALL (IN)
  TODAY            0.0                           0.0
  MONTH TO DATE    T                             1.5
  SINCE MAR 1      6.2                           4.2
  SINCE JUL 1     51.2                          24.1
  SNOW DEPTH       0

DEGREE DAYS
 HEATING
  TODAY            0            13    -13       16
  MONTH TO DATE  248           342    -94      545
  SINCE MAR 1   1185          1170     15     1312
  SINCE JUL 1   6291          6001    290     5989

 COOLING
  TODAY            7             0      7        0
  MONTH TO DATE    8             0      8        0
  SINCE MAR 1      8             0      8        0
  SINCE JAN 1      8             0      8        0
......................................................


WIND (MPH)
  HIGHEST WIND SPEED    MM   HIGHEST WIND DIRECTION    MM
  HIGHEST GUST SPEED    MM   HIGHEST GUST DIRECTION    MM



WEATHER CONDITIONS
 THE FOLLOWING WEATHER WAS RECORDED TODAY.
  NO SIGNIFICANT WEATHER WAS OBSERVED.


..........................................................


THE VALLEY NWS NE CLIMATE NORMALS FOR TOMORROW
                         NORMAL
 MAXIMUM TEMPERATURE (F)   64
 MINIMUM TEMPERATURE (F)   42


SUNRISE AND SUNSET
APRIL 21 2019.........SUNRISE   637 AM CDT   SUNSET   812 PM CDT
APRIL 22 2019.........SUNRISE   636 AM CDT   SUNSET   813 PM CDT


-  INDICATES NEGATIVE NUMBERS.
R  INDICATES RECORD WAS SET OR TIED.
MM INDICATES DATA IS MISSING.
T  INDICATES TRACE AMOUNT.




$$
