000
CDUS43 KOAX 160628
CLIOAX


CLIMATE REPORT
NATIONAL WEATHER SERVICE OMAHA NEBRASKA
126 AM CDT SUN JUN 16 2019


...................................

...THE VALLEY NWS NE CLIMATE SUMMARY FOR JUNE 15 2019...

CLIMATE NORMAL PERIOD 1981 TO 2010
CLIMATE RECORD PERIOD 1997 TO 2019


WEATHER ITEM   OBSERVED TIME   NORMAL DEPARTURE LAST
                VALUE   (LST)  VALUE  FROM      YEAR
                                      NORMAL
......................................................
TEMPERATURE (F)
 YESTERDAY
  MAXIMUM         85    507 PM  82      3       95
  MINIMUM         65    507 AM  62      3       77
  AVERAGE         75            72      3       86

PRECIPITATION (IN)
  YESTERDAY        T             0.17  -0.17     0.00
  MONTH TO DATE    2.20          2.69  -0.49     3.05
  SINCE JUN 1      2.20          2.69  -0.49     3.05
  SINCE JAN 1     17.47         14.01   3.46    11.22

SNOWFALL (IN)
  YESTERDAY        0.0                           0.0
  MONTH TO DATE    T                             0.0
  SINCE JUN 1      T                             0.0
  SINCE JUL 1     51.2                          24.1
  SNOW DEPTH       0

DEGREE DAYS
 HEATING
  YESTERDAY        0             0      0        0
  MONTH TO DATE    1            13    -12        0
  SINCE JUN 1      1            13    -12        0
  SINCE JUL 1   6601          6263    338     6110

 COOLING
  YESTERDAY       10             8      2       21
  MONTH TO DATE   94            93      1      176
  SINCE JUN 1     94            93      1      176
  SINCE JAN 1    160           165     -5      367
......................................................


WIND (MPH)
  HIGHEST WIND SPEED    MM   HIGHEST WIND DIRECTION    MM
  HIGHEST GUST SPEED    25   HIGHEST GUST DIRECTION    MM


SKY COVER
  POSSIBLE SUNSHINE  MM


WEATHER CONDITIONS
 THE FOLLOWING WEATHER WAS RECORDED YESTERDAY.
  LIGHT RAIN


..........................................................


THE VALLEY NWS NE CLIMATE NORMALS FOR TODAY
                         NORMAL
 MAXIMUM TEMPERATURE (F)   83
 MINIMUM TEMPERATURE (F)   63


SUNRISE AND SUNSET
JUNE 16 2019..........SUNRISE   552 AM CDT   SUNSET   901 PM CDT
JUNE 17 2019..........SUNRISE   552 AM CDT   SUNSET   901 PM CDT


-  INDICATES NEGATIVE NUMBERS.
R  INDICATES RECORD WAS SET OR TIED.
MM INDICATES DATA IS MISSING.
T  INDICATES TRACE AMOUNT.




$$
