000
CDUS43 KGID 150629
CLIODX


CLIMATE REPORT
NATIONAL WEATHER SERVICE HASTINGS NE
129 AM CDT SAT JUN 15 2019


...................................

...THE ORD NE CLIMATE SUMMARY FOR JUNE 14 2019...

CLIMATE NORMAL PERIOD 1981 TO 2010
CLIMATE RECORD PERIOD 1895 TO 2019


WEATHER ITEM   OBSERVED TIME   NORMAL DEPARTURE LAST
                VALUE   (LST)  VALUE  FROM      YEAR
                                      NORMAL
......................................................
TEMPERATURE (F)
 YESTERDAY
  MAXIMUM         84    622 PM  81      3       95
  MINIMUM         59    600 AM  57      2       63
  AVERAGE         72            69      3       79

PRECIPITATION (IN)
  YESTERDAY        0.05          0.15  -0.10     0.00
  MONTH TO DATE    1.85          2.37  -0.52     1.98
  SINCE JUN 1      1.85          2.37  -0.52     1.98
  SINCE JAN 1     17.07         11.03   6.04     9.81

DEGREE DAYS
 HEATING
  YESTERDAY        0             1     -1        0
  MONTH TO DATE   26            26      0        1
  SINCE JUN 1     26            26      0        1
  SINCE JUL 1   7224          6596    628     6830

 COOLING
  YESTERDAY        7             5      2       14
  MONTH TO DATE   51            53     -2      100
  SINCE JUN 1     51            53     -2      100
  SINCE JAN 1     71            94    -23      196
......................................................


WIND (MPH)
  HIGHEST WIND SPEED    22   HIGHEST WIND DIRECTION     S (190)
  HIGHEST GUST SPEED    32   HIGHEST GUST DIRECTION     S (190)
  AVERAGE WIND SPEED     7.8


SKY COVER
  AVERAGE SKY COVER 0.2


WEATHER CONDITIONS
 THE FOLLOWING WEATHER WAS RECORDED YESTERDAY.
  LIGHT RAIN


RELATIVE HUMIDITY (PERCENT)
 HIGHEST    87           600 AM
 LOWEST     51           600 PM
 AVERAGE    69

..........................................................


THE ORD NE CLIMATE NORMALS FOR TODAY
                         NORMAL
 MAXIMUM TEMPERATURE (F)   81
 MINIMUM TEMPERATURE (F)   57


SUNRISE AND SUNSET
JUNE 15 2019..........SUNRISE   601 AM CDT   SUNSET   912 PM CDT
JUNE 16 2019..........SUNRISE   601 AM CDT   SUNSET   912 PM CDT


-  INDICATES NEGATIVE NUMBERS.
R  INDICATES RECORD WAS SET OR TIED.
MM INDICATES DATA IS MISSING.
T  INDICATES TRACE AMOUNT.




$$
