902
CDUS43 KGID 160628
CLIODX


CLIMATE REPORT
NATIONAL WEATHER SERVICE HASTINGS NE
127 AM CDT WED OCT 16 2019


...................................

...THE ORD NE CLIMATE SUMMARY FOR OCTOBER 15 2019...

CLIMATE NORMAL PERIOD 1981 TO 2010
CLIMATE RECORD PERIOD 1895 TO 2019


WEATHER ITEM   OBSERVED TIME   NORMAL DEPARTURE LAST
                VALUE   (LST)  VALUE  FROM      YEAR
                                      NORMAL
......................................................
TEMPERATURE (F)
 YESTERDAY
  MAXIMUM         56    201 PM  63     -7       49
  MINIMUM         30   1159 PM  37     -7       18
  AVERAGE         43            50     -7       34

PRECIPITATION (IN)
  YESTERDAY        0.00          0.07  -0.07     0.00
  MONTH TO DATE    1.78          1.02   0.76     2.22
  SINCE SEP 1      2.70          3.46  -0.76     3.75
  SINCE JAN 1     35.83         22.37  13.46    27.56

DEGREE DAYS
 HEATING
  YESTERDAY       22            15      7       31
  MONTH TO DATE  266           188     78      310
  SINCE SEP 1    290           311    -21      432
  SINCE JUL 1    300           325    -25      451

 COOLING
  YESTERDAY        0             0      0        0
  MONTH TO DATE    0             6     -6        0
  SINCE SEP 1    158            87     71      131
  SINCE JAN 1    837           844     -7      917
......................................................


WIND (MPH)
  HIGHEST WIND SPEED    30   HIGHEST WIND DIRECTION     N (340)
  HIGHEST GUST SPEED    44   HIGHEST GUST DIRECTION    NW (330)
  AVERAGE WIND SPEED    15.4


SKY COVER
  AVERAGE SKY COVER 0.1


WEATHER CONDITIONS
 THE FOLLOWING WEATHER WAS RECORDED YESTERDAY.
  NO SIGNIFICANT WEATHER WAS OBSERVED.


RELATIVE HUMIDITY (PERCENT)
 HIGHEST    82          1100 PM
 LOWEST     35           100 PM
 AVERAGE    59

..........................................................


THE ORD NE CLIMATE NORMALS FOR TODAY
                         NORMAL
 MAXIMUM TEMPERATURE (F)   63
 MINIMUM TEMPERATURE (F)   36


SUNRISE AND SUNSET
OCTOBER 16 2019.......SUNRISE   749 AM CDT   SUNSET   653 PM CDT
OCTOBER 17 2019.......SUNRISE   750 AM CDT   SUNSET   652 PM CDT


-  INDICATES NEGATIVE NUMBERS.
R  INDICATES RECORD WAS SET OR TIED.
MM INDICATES DATA IS MISSING.
T  INDICATES TRACE AMOUNT.




$$
