000
CDUS43 KGID 260634
CLIODX


CLIMATE REPORT
NATIONAL WEATHER SERVICE HASTINGS NE
133 AM CDT FRI APR 26 2019


...................................

...THE ORD NE CLIMATE SUMMARY FOR APRIL 25 2019...

CLIMATE NORMAL PERIOD 1981 TO 2010
CLIMATE RECORD PERIOD 1895 TO 2019


WEATHER ITEM   OBSERVED TIME   NORMAL DEPARTURE LAST
                VALUE   (LST)  VALUE  FROM      YEAR
                                      NORMAL
......................................................
TEMPERATURE (F)
 YESTERDAY
  MAXIMUM         70    405 PM  65      5       61
  MINIMUM         44   1155 PM  39      5       39
  AVERAGE         57            52      5       50

PRECIPITATION (IN)
  YESTERDAY        0.07          0.10  -0.03     0.03
  MONTH TO DATE    2.36          2.05   0.31     1.21
  SINCE MAR 1      6.51          3.50   3.01     1.83
  SINCE JAN 1      7.68          4.31   3.37     3.19

DEGREE DAYS
 HEATING
  YESTERDAY        8            13     -5       15
  MONTH TO DATE  382           427    -45      676
  SINCE MAR 1   1387          1273    114     1516
  SINCE JUL 1   6782          6290    492     6653

 COOLING
  YESTERDAY        0             0      0        0
  MONTH TO DATE    0             0      0        0
  SINCE MAR 1      0             0      0        0
  SINCE JAN 1      0             0      0        0
......................................................


WIND (MPH)
  HIGHEST WIND SPEED    28   HIGHEST WIND DIRECTION     N (340)
  HIGHEST GUST SPEED    36   HIGHEST GUST DIRECTION     N (340)
  AVERAGE WIND SPEED    13.5


SKY COVER
  AVERAGE SKY COVER 0.5


WEATHER CONDITIONS
 THE FOLLOWING WEATHER WAS RECORDED YESTERDAY.
  LIGHT RAIN
  FOG


RELATIVE HUMIDITY (PERCENT)
 HIGHEST    93           300 AM
 LOWEST     28           400 PM
 AVERAGE    61

..........................................................


THE ORD NE CLIMATE NORMALS FOR TODAY
                         NORMAL
 MAXIMUM TEMPERATURE (F)   65
 MINIMUM TEMPERATURE (F)   40


SUNRISE AND SUNSET
APRIL 26 2019.........SUNRISE   640 AM CDT   SUNSET   828 PM CDT
APRIL 27 2019.........SUNRISE   638 AM CDT   SUNSET   829 PM CDT


-  INDICATES NEGATIVE NUMBERS.
R  INDICATES RECORD WAS SET OR TIED.
MM INDICATES DATA IS MISSING.
T  INDICATES TRACE AMOUNT.




$$
