000
CDUS43 KOAX 190650
CLIOFK


CLIMATE REPORT
NATIONAL WEATHER SERVICE OMAHA NEBRASKA
138 AM CDT FRI APR 19 2019


...................................

...THE NORFOLK NE CLIMATE SUMMARY FOR APRIL 18 2019...

CLIMATE NORMAL PERIOD 1981 TO 2010
CLIMATE RECORD PERIOD 1888 TO 2019


WEATHER ITEM   OBSERVED TIME   RECORD YEAR NORMAL DEPARTURE LAST
                VALUE   (LST)  VALUE       VALUE  FROM      YEAR
                                                  NORMAL
..................................................................
TEMPERATURE (F)
 YESTERDAY
  MAXIMUM         61    125 PM  93    1994  63     -2       38
  MINIMUM         37    512 AM  19    1953  38     -1       29
  AVERAGE         49                        51     -2       34

PRECIPITATION (IN)
  YESTERDAY        T             1.05 1925   0.09  -0.09     0.34
  MONTH TO DATE    1.61                      1.47   0.14     1.00
  SINCE MAR 1      4.59                      3.24   1.35     2.63
  SINCE JAN 1      5.79                      4.59   1.20     4.35

SNOWFALL (IN)
  YESTERDAY        0.0                       0.1   -0.1      3.9
  MONTH TO DATE    1.0                       1.9   -0.9     10.9
  SINCE MAR 1      3.5                       7.0   -3.5     16.4
  SINCE JUL 1     29.0                      29.8   -0.8     45.2
  SNOW DEPTH       0

DEGREE DAYS
 HEATING
  YESTERDAY       16                        15      1       31
  MONTH TO DATE  299                       323    -24      552
  SINCE MAR 1   1325                      1179    146     1407
  SINCE JUL 1   6884                      6272    612     6607

 COOLING
  YESTERDAY        0                         0      0        0
  MONTH TO DATE    0                         0      0        0
  SINCE MAR 1      0                         0      0        0
  SINCE JAN 1      0                         0      0        0
..................................................................


WIND (MPH)
  HIGHEST WIND SPEED    32   HIGHEST WIND DIRECTION     N (340)
  HIGHEST GUST SPEED    40   HIGHEST GUST DIRECTION     N (340)
  AVERAGE WIND SPEED    14.2


SKY COVER
  POSSIBLE SUNSHINE  MM
  AVERAGE SKY COVER 0.4


WEATHER CONDITIONS
 THE FOLLOWING WEATHER WAS RECORDED YESTERDAY.
  LIGHT RAIN


RELATIVE HUMIDITY (PERCENT)
 HIGHEST    92           500 AM
 LOWEST     39           200 PM
 AVERAGE    66

..........................................................


THE NORFOLK NE CLIMATE NORMALS FOR TODAY
                         NORMAL    RECORD    YEAR
 MAXIMUM TEMPERATURE (F)   63        90      1987
 MINIMUM TEMPERATURE (F)   39        13      1907


SUNRISE AND SUNSET
APRIL 19 2019.........SUNRISE   643 AM CDT   SUNSET   815 PM CDT
APRIL 20 2019.........SUNRISE   642 AM CDT   SUNSET   816 PM CDT


-  INDICATES NEGATIVE NUMBERS.
R  INDICATES RECORD WAS SET OR TIED.
MM INDICATES DATA IS MISSING.
T  INDICATES TRACE AMOUNT.




$$
