000
CDUS43 KOAX 170641
CLIOFK


CLIMATE REPORT
NATIONAL WEATHER SERVICE OMAHA NEBRASKA
139 AM CDT MON JUN 17 2019


...................................

...THE NORFOLK NE CLIMATE SUMMARY FOR JUNE 16 2019...

CLIMATE NORMAL PERIOD 1981 TO 2010
CLIMATE RECORD PERIOD 1888 TO 2019


WEATHER ITEM   OBSERVED TIME   RECORD YEAR NORMAL DEPARTURE LAST
                VALUE   (LST)  VALUE       VALUE  FROM      YEAR
                                                  NORMAL
..................................................................
TEMPERATURE (F)
 YESTERDAY
  MAXIMUM         86    433 PM 106    1946  82      4       96
  MINIMUM         56    318 AM  44    1976  59     -3       77
                                      1902
  AVERAGE         71                        71      0       87

PRECIPITATION (IN)
  YESTERDAY        0.00          2.39 1964   0.14  -0.14     0.00
  MONTH TO DATE    0.94                      2.31  -1.37     2.58
  SINCE JUN 1      0.94                      2.31  -1.37     2.58
  SINCE JAN 1     12.30                     12.01   0.29     8.87

SNOWFALL (IN)
  YESTERDAY        0.0                       0.0    0.0      0.0
  MONTH TO DATE    0.0                       0.0    0.0      0.0
  SINCE JUN 1      0.0                       0.0    0.0      0.0
  SINCE JUL 1     29.0                      30.5   -1.5     45.2
  SNOW DEPTH       0

DEGREE DAYS
 HEATING
  YESTERDAY        0                         1     -1        0
  MONTH TO DATE   15                        25    -10        0
  SINCE JUN 1     15                        25    -10        0
  SINCE JUL 1   7296                      6638    658     6870

 COOLING
  YESTERDAY        6                         6      0       22
  MONTH TO DATE   75                        74      1      162
  SINCE JUN 1     75                        74      1      162
  SINCE JAN 1    111                       135    -24      302
..................................................................


WIND (MPH)
  HIGHEST WIND SPEED    15   HIGHEST WIND DIRECTION     N (010)
  HIGHEST GUST SPEED    21   HIGHEST GUST DIRECTION    NW (320)
  AVERAGE WIND SPEED     6.0


SKY COVER
  POSSIBLE SUNSHINE  MM
  AVERAGE SKY COVER 0.2


WEATHER CONDITIONS
 THE FOLLOWING WEATHER WAS RECORDED YESTERDAY.
  NO SIGNIFICANT WEATHER WAS OBSERVED.


RELATIVE HUMIDITY (PERCENT)
 HIGHEST    86           400 AM
 LOWEST     29           400 PM
 AVERAGE    58

..........................................................


THE NORFOLK NE CLIMATE NORMALS FOR TODAY
                         NORMAL    RECORD    YEAR
 MAXIMUM TEMPERATURE (F)   83       100      1918
 MINIMUM TEMPERATURE (F)   59        41      1902


SUNRISE AND SUNSET
JUNE 17 2019..........SUNRISE   554 AM CDT   SUNSET   908 PM CDT
JUNE 18 2019..........SUNRISE   554 AM CDT   SUNSET   908 PM CDT


-  INDICATES NEGATIVE NUMBERS.
R  INDICATES RECORD WAS SET OR TIED.
MM INDICATES DATA IS MISSING.
T  INDICATES TRACE AMOUNT.




$$
