000
CDUS42 KCAE 182122
CLIOGB


CLIMATE REPORT
NATIONAL WEATHER SERVICE COLUMBIA SC
522 PM EDT THU APR 18 2019


...................................

...THE ORANGEBURG AIRPORT SC CLIMATE SUMMARY FOR APRIL 18 2019...
VALID TODAY AS OF 0500 PM LOCAL TIME.

CLIMATE NORMAL PERIOD 1981 TO 2010
CLIMATE RECORD PERIOD 9999 TO 9999


WEATHER ITEM   OBSERVED TIME   NORMAL DEPARTURE LAST
                VALUE   (LST)  VALUE  FROM      YEAR
                                      NORMAL
......................................................
TEMPERATURE (F)
 TODAY
  MAXIMUM         82    306 PM  77      5       85
  MINIMUM         54    556 AM  51      3       50
  AVERAGE         68            64      4       68

PRECIPITATION (IN)
  TODAY            0.00          0.10  -0.10     0.00
  MONTH TO DATE    3.12          1.86   1.26     2.16
  SINCE MAR 1      4.95          5.84  -0.89     4.07
  SINCE JAN 1      9.36         13.41  -4.05     6.92

DEGREE DAYS
 HEATING
  TODAY            0             3     -3        0
  MONTH TO DATE   67            82    -15      110
  SINCE MAR 1    341           359    -18      451
  SINCE JUL 1   2002          2291   -289     2156

 COOLING
  TODAY            3             2      1        3
  MONTH TO DATE   59            31     28       19
  SINCE MAR 1     73            48     25       30
  SINCE JAN 1     85            51     34       87
......................................................


WIND (MPH)
  HIGHEST WIND SPEED    20   HIGHEST WIND DIRECTION     S (160)
  HIGHEST GUST SPEED    25   HIGHEST GUST DIRECTION     S (160)
  AVERAGE WIND SPEED     7.8


SKY COVER
  AVERAGE SKY COVER 0.2


WEATHER CONDITIONS
 THE FOLLOWING WEATHER WAS RECORDED TODAY.
  NO SIGNIFICANT WEATHER WAS OBSERVED.


RELATIVE HUMIDITY (PERCENT)
 HIGHEST    93           500 AM
 LOWEST     45           100 PM

..........................................................


THE ORANGEBURG AIRPORT SC CLIMATE NORMALS FOR TOMORROW
                         NORMAL
 MAXIMUM TEMPERATURE (F)   77
 MINIMUM TEMPERATURE (F)   51


SUNRISE AND SUNSET
APRIL 18 2019.........SUNRISE   650 AM EDT   SUNSET   756 PM EDT
APRIL 19 2019.........SUNRISE   649 AM EDT   SUNSET   757 PM EDT


-  INDICATES NEGATIVE NUMBERS.
R  INDICATES RECORD WAS SET OR TIED.
MM INDICATES DATA IS MISSING.
T  INDICATES TRACE AMOUNT.




$$
