000
CDUS42 KCAE 200720
CLIOGB


CLIMATE REPORT
NATIONAL WEATHER SERVICE COLUMBIA SC
319 AM EDT THU JUN 20 2019


...................................

...THE ORANGEBURG AIRPORT SC CLIMATE SUMMARY FOR JUNE 19 2019...

CLIMATE NORMAL PERIOD 1981 TO 2010
CLIMATE RECORD PERIOD 9999 TO 9999


WEATHER ITEM   OBSERVED TIME   NORMAL DEPARTURE LAST
                VALUE   (LST)  VALUE  FROM      YEAR
                                      NORMAL
......................................................
TEMPERATURE (F)
 YESTERDAY
  MAXIMUM         88    229 PM  90     -2       96
  MINIMUM         72    552 AM  68      4       72
  AVERAGE         80            79      1       84

PRECIPITATION (IN)
  YESTERDAY        0.01          0.18  -0.17     0.00
  MONTH TO DATE    0.98          3.20  -2.22     1.36
  SINCE JUN 1      0.98          3.20  -2.22     1.36
  SINCE JAN 1     12.15         20.82  -8.67    17.98

DEGREE DAYS
 HEATING
  YESTERDAY        0             0      0        0
  MONTH TO DATE    0             0      0        0
  SINCE JUN 1      0             0      0        0
  SINCE JUL 1   2030          2332   -302     2192

 COOLING
  YESTERDAY       15            14      1       19
  MONTH TO DATE  219           235    -16      284
  SINCE JUN 1    219           235    -16      284
  SINCE JAN 1    710           538    172      685
......................................................


WIND (MPH)
  HIGHEST WIND SPEED    17   HIGHEST WIND DIRECTION    SW (230)
  HIGHEST GUST SPEED    21   HIGHEST GUST DIRECTION    SW (240)
  AVERAGE WIND SPEED     7.3


SKY COVER
  AVERAGE SKY COVER 0.3


WEATHER CONDITIONS
 THE FOLLOWING WEATHER WAS RECORDED YESTERDAY.
  LIGHT RAIN


RELATIVE HUMIDITY (PERCENT)
 HIGHEST    93           200 AM
 LOWEST     61           100 PM

..........................................................


THE ORANGEBURG AIRPORT SC CLIMATE NORMALS FOR TODAY
                         NORMAL    RECORD    YEAR
 MAXIMUM TEMPERATURE (F)   90        MM        MM
 MINIMUM TEMPERATURE (F)   69        MM        MM


SUNRISE AND SUNSET
JUNE 20 2019..........SUNRISE   614 AM EDT   SUNSET   836 PM EDT
JUNE 21 2019..........SUNRISE   614 AM EDT   SUNSET   836 PM EDT


-  INDICATES NEGATIVE NUMBERS.
R  INDICATES RECORD WAS SET OR TIED.
MM INDICATES DATA IS MISSING.
T  INDICATES TRACE AMOUNT.




$$
