967
CDUS43 KEAX 250635
CLIOJC


CLIMATE REPORT
NATIONAL WEATHER SERVICE KANSAS CITY/PLEASANT HILL MO
135 AM CDT THU APR 25 2019


...................................

...THE JOHNSON COUNTY EXECUTIVE KS CLIMATE SUMMARY FOR APRIL 24 2019...

CLIMATE NORMAL PERIOD 1981 TO 2010
CLIMATE RECORD PERIOD 9999 TO 9999


WEATHER ITEM   OBSERVED TIME   NORMAL DEPARTURE LAST
                VALUE   (LST)  VALUE  FROM      YEAR
                                      NORMAL
......................................................
TEMPERATURE (F)
 YESTERDAY
  MAXIMUM         62    418 PM  68     -6       76
  MINIMUM         50   1159 PM  48      2       50
  AVERAGE         56            58     -2       63

PRECIPITATION (IN)
  YESTERDAY        0.00          0.17  -0.17      T
  MONTH TO DATE    2.81          2.93  -0.12     0.55
  SINCE MAR 1      5.23          5.56  -0.33     3.78
  SINCE JAN 1      7.31          8.25  -0.94     5.19

DEGREE DAYS
 HEATING
  YESTERDAY        9             8      1        2
  MONTH TO DATE  209           273    -64      481
  SINCE MAR 1    964           897     67     1126
  SINCE JUL 1   5245          4790    455     5014

 COOLING
  YESTERDAY        0             1     -1        0
  MONTH TO DATE   12            16     -4        4
  SINCE MAR 1     12            17     -5        4
  SINCE JAN 1     12            17     -5        4
......................................................


WIND (MPH)
  HIGHEST WIND SPEED     8   HIGHEST WIND DIRECTION     S (200)
  HIGHEST GUST SPEED    11   HIGHEST GUST DIRECTION     S (200)
  AVERAGE WIND SPEED     2.5


SKY COVER
  AVERAGE SKY COVER 0.8


WEATHER CONDITIONS
 THE FOLLOWING WEATHER WAS RECORDED YESTERDAY.
  FOG
  FOG W/VISIBILITY <= 1/4 MILE


RELATIVE HUMIDITY (PERCENT)
 HIGHEST   100          1200 AM
 LOWEST     75          1200 PM
 AVERAGE    88

..........................................................


THE JOHNSON COUNTY EXECUTIVE KS CLIMATE NORMALS FOR TODAY
                         NORMAL
 MAXIMUM TEMPERATURE (F)   68
 MINIMUM TEMPERATURE (F)   48


SUNRISE AND SUNSET
APRIL 25 2019.........SUNRISE   629 AM CDT   SUNSET   805 PM CDT
APRIL 26 2019.........SUNRISE   628 AM CDT   SUNSET   806 PM CDT


-  INDICATES NEGATIVE NUMBERS.
R  INDICATES RECORD WAS SET OR TIED.
MM INDICATES DATA IS MISSING.
T  INDICATES TRACE AMOUNT.




$$
