851
CDUS43 KEAX 230635
CLIOJC


CLIMATE REPORT
NATIONAL WEATHER SERVICE KANSAS CITY/PLEASANT HILL MO
135 AM CDT TUE JUL 23 2019


...................................

...THE JOHNSON COUNTY EXECUTIVE KS CLIMATE SUMMARY FOR JULY 22 2019...

CLIMATE NORMAL PERIOD 1981 TO 2010
CLIMATE RECORD PERIOD 9999 TO 9999


WEATHER ITEM   OBSERVED TIME   NORMAL DEPARTURE LAST
                VALUE   (LST)  VALUE  FROM      YEAR
                                      NORMAL
......................................................
TEMPERATURE (F)
 YESTERDAY
  MAXIMUM         82    345 PM  88     -6       89
  MINIMUM         67   1159 PM  69     -2       67
  AVERAGE         75            79     -4       78

PRECIPITATION (IN)
  YESTERDAY        0.00          0.11  -0.11     0.00
  MONTH TO DATE    3.57          2.73   0.84     3.19
  SINCE JUN 1      9.86          8.51   1.35     4.37
  SINCE JAN 1     30.02         23.25   6.77    13.81

DEGREE DAYS
 HEATING
  YESTERDAY        0             0      0        0
  MONTH TO DATE    0             0      0        0
  SINCE JUN 1      0             8     -8        0
  SINCE JUL 1      0             0      0        0

 COOLING
  YESTERDAY       10            14     -4       13
  MONTH TO DATE  306           285     21      351
  SINCE JUN 1    559           542     17      745
  SINCE JAN 1    644           646     -2      997
......................................................


WIND (MPH)
  HIGHEST WIND SPEED    21   HIGHEST WIND DIRECTION     N (360)
  HIGHEST GUST SPEED    29   HIGHEST GUST DIRECTION     N (10)
  AVERAGE WIND SPEED    12.4


SKY COVER
  AVERAGE SKY COVER 0.2


WEATHER CONDITIONS
 THE FOLLOWING WEATHER WAS RECORDED YESTERDAY.
  NO SIGNIFICANT WEATHER WAS OBSERVED.


RELATIVE HUMIDITY (PERCENT)
 HIGHEST    97           300 AM
 LOWEST     42           500 PM
 AVERAGE    70

..........................................................


THE JOHNSON COUNTY EXECUTIVE KS CLIMATE NORMALS FOR TODAY
                         NORMAL
 MAXIMUM TEMPERATURE (F)   88
 MINIMUM TEMPERATURE (F)   70


SUNRISE AND SUNSET
JULY 23 2019..........SUNRISE   612 AM CDT   SUNSET   838 PM CDT
JULY 24 2019..........SUNRISE   613 AM CDT   SUNSET   837 PM CDT


-  INDICATES NEGATIVE NUMBERS.
R  INDICATES RECORD WAS SET OR TIED.
MM INDICATES DATA IS MISSING.
T  INDICATES TRACE AMOUNT.




$$
