000
CDUS43 KEAX 270037
CLIOJC


CLIMATE REPORT
NATIONAL WEATHER SERVICE KANSAS CITY/PLEASANT HILL MO
735 PM CDT THU APR 26 2018


...................................

...THE JOHNSON COUNTY EXECUTIVE KS CLIMATE SUMMARY FOR APRIL 26 2018...
VALID TODAY AS OF 0700 PM LOCAL TIME.

CLIMATE NORMAL PERIOD 1981 TO 2010
CLIMATE RECORD PERIOD 9999 TO 9999


WEATHER ITEM   OBSERVED TIME   NORMAL DEPARTURE LAST
                VALUE   (LST)  VALUE  FROM      YEAR
                                      NORMAL
......................................................
TEMPERATURE (F)
 TODAY
  MAXIMUM         66    549 PM  68     -2       50
  MINIMUM         38    547 AM  49    -11       41
  AVERAGE         52            58     -6       46

PRECIPITATION (IN)
  TODAY            0.00          0.16  -0.16    MM
  MONTH TO DATE    0.92          3.24  -2.32     2.60
  SINCE MAR 1      4.15          5.87  -1.72     4.91
  SINCE JAN 1      5.56          8.56  -3.00     5.83

DEGREE DAYS
 HEATING
  TODAY           13             7      6       19
  MONTH TO DATE  508           288    220      204
  SINCE MAR 1   1153           912    241      721
  SINCE JUL 1   5041          4805    236     3861

 COOLING
  TODAY            0             1     -1        0
  MONTH TO DATE    4            18    -14       17
  SINCE MAR 1      4            19    -15       26
  SINCE JAN 1      4            19    -15       26
......................................................


WIND (MPH)
  HIGHEST WIND SPEED    14   HIGHEST WIND DIRECTION    NW (320)
  HIGHEST GUST SPEED    19   HIGHEST GUST DIRECTION    NW (330)
  AVERAGE WIND SPEED     5.6


SKY COVER
  AVERAGE SKY COVER 0.0


WEATHER CONDITIONS
 THE FOLLOWING WEATHER WAS RECORDED TODAY.
  FOG
  FOG W/VISIBILITY <= 1/4 MILE


RELATIVE HUMIDITY (PERCENT)
 HIGHEST   100          1200 AM
 LOWEST     48           300 PM
 AVERAGE    74

..........................................................


THE JOHNSON COUNTY EXECUTIVE KS CLIMATE NORMALS FOR TOMORROW
                         NORMAL
 MAXIMUM TEMPERATURE (F)   69
 MINIMUM TEMPERATURE (F)   49


SUNRISE AND SUNSET
APRIL 26 2018.........SUNRISE   627 AM CDT   SUNSET   807 PM CDT
APRIL 27 2018.........SUNRISE   626 AM CDT   SUNSET   808 PM CDT


-  INDICATES NEGATIVE NUMBERS.
R  INDICATES RECORD WAS SET OR TIED.
MM INDICATES DATA IS MISSING.
T  INDICATES TRACE AMOUNT.




$$
