000
CDUS46 KSGX 230023
CLIOKB


CLIMATE REPORT
NATIONAL WEATHER SERVICE SAN DIEGO, CA
522 PM PDT SUN APR 22 2018


...................................

...THE OCEANSIDE AIRPORT CA CLIMATE SUMMARY FOR APRIL 22 2018...
VALID TODAY AS OF 0500 PM LOCAL TIME.

CLIMATE NORMAL PERIOD 1981 TO 2010
CLIMATE RECORD PERIOD 1999 TO 2018


WEATHER ITEM   OBSERVED TIME   RECORD YEAR NORMAL DEPARTURE LAST
                VALUE   (LST)  VALUE       VALUE  FROM      YEAR
                                                  NORMAL
..................................................................
TEMPERATURE (F)
 TODAY
  MAXIMUM         75    120 PM  82    2017  69      6       82
  MINIMUM         46    446 AM  40    2002  50     -4       50
  AVERAGE         61                        59      2       66

PRECIPITATION (IN)
  TODAY            0.00          0.74 2010   0.03  -0.03     0.00
  MONTH TO DATE    0.06                      0.76  -0.70     0.02
  SINCE OCT 1      4.74                     12.57  -7.83    13.65
  SINCE JAN 1      4.70                      8.69  -3.99     8.50

DEGREE DAYS
 HEATING
  TODAY            4                         6     -2        0
  MONTH TO DATE  126                       153    -27       98
  SINCE MAR 1    406                       443    -37      311
  SINCE JUL 1   1372                      1851   -479     1326

 COOLING
  TODAY            0                         0      0        1
  MONTH TO DATE    2                         0      2        1
  SINCE MAR 1      2                         1      1        1
  SINCE JAN 1      5                         1      4        1
..................................................................


WIND (MPH)
  RESULTANT WIND SPEED   3   RESULTANT WIND DIRECTION  SW (240)
  HIGHEST WIND SPEED    14   HIGHEST WIND DIRECTION    SW (240)
  HIGHEST GUST SPEED    19   HIGHEST GUST DIRECTION    SW (240)
  AVERAGE WIND SPEED     4.8


SKY COVER
  POSSIBLE SUNSHINE  MM
  AVERAGE SKY COVER 0.0


WEATHER CONDITIONS
 THE FOLLOWING WEATHER WAS RECORDED TODAY.
  FOG


RELATIVE HUMIDITY (PERCENT)
 HIGHEST    93           100 AM
 LOWEST     43           100 PM
 AVERAGE    68

..........................................................


THE OCEANSIDE AIRPORT CA CLIMATE NORMALS FOR TOMORROW
                         NORMAL    RECORD    YEAR
 MAXIMUM TEMPERATURE (F)   69        77      2004
 MINIMUM TEMPERATURE (F)   50        40      2010


SUNRISE AND SUNSET
APRIL 22 2018.........SUNRISE   611 AM PDT   SUNSET   725 PM PDT
APRIL 23 2018.........SUNRISE   610 AM PDT   SUNSET   726 PM PDT


-  INDICATES NEGATIVE NUMBERS.
R  INDICATES RECORD WAS SET OR TIED.
MM INDICATES DATA IS MISSING.
T  INDICATES TRACE AMOUNT.




$$
