000
CDUS46 KSGX 160926
CLIOKB


CLIMATE REPORT
NATIONAL WEATHER SERVICE SAN DIEGO, CA
226 AM PDT WED OCT 16 2019


...................................

...THE OCEANSIDE AIRPORT CA CLIMATE SUMMARY FOR OCTOBER 15 2019...

CLIMATE NORMAL PERIOD 1981 TO 2010
CLIMATE RECORD PERIOD 1999 TO 2019


WEATHER ITEM   OBSERVED TIME   RECORD YEAR NORMAL DEPARTURE LAST
                VALUE   (LST)  VALUE       VALUE  FROM      YEAR
                                                  NORMAL
..................................................................
TEMPERATURE (F)
 YESTERDAY
  MAXIMUM         77    228 PM  94    2017  74      3       84
  MINIMUM         49    619 AM  44    2008  53     -4       47
  AVERAGE         63                        63      0       66

PRECIPITATION (IN)
  YESTERDAY        0.00          0.01 2001   0.03  -0.03     0.00
  MONTH TO DATE    0.00                      0.23  -0.23     0.38
  SINCE OCT 1      0.00                      0.23  -0.23     0.38
  SINCE JAN 1     11.10                     10.01   1.09     5.30

DEGREE DAYS
 HEATING
  YESTERDAY        2                         2      0        0
  MONTH TO DATE   32                        25      7       15
  SINCE SEP 1     35                        35      0       16
  SINCE JUL 1     35                        40     -5       16

 COOLING
  YESTERDAY        0                         1     -1        1
  MONTH TO DATE    7                        18    -11       27
  SINCE SEP 1    177                       112     65      127
  SINCE JAN 1    547                       412    135      759
..................................................................


WIND (MPH)
  RESULTANT WIND SPEED   2   RESULTANT WIND DIRECTION   W (260)
  HIGHEST WIND SPEED    16   HIGHEST WIND DIRECTION     W (260)
  HIGHEST GUST SPEED    22   HIGHEST GUST DIRECTION     W (260)
  AVERAGE WIND SPEED     3.5


SKY COVER
  POSSIBLE SUNSHINE  MM
  AVERAGE SKY COVER 0.0


WEATHER CONDITIONS
 THE FOLLOWING WEATHER WAS RECORDED YESTERDAY.
  FOG
  HAZE


RELATIVE HUMIDITY (PERCENT)
 HIGHEST    93          1200 AM
 LOWEST     53          1000 AM
 AVERAGE    73

..........................................................


THE OCEANSIDE AIRPORT CA CLIMATE NORMALS FOR TODAY
                         NORMAL    RECORD    YEAR
 MAXIMUM TEMPERATURE (F)   74        90      2017
 MINIMUM TEMPERATURE (F)   52        39      2018


SUNRISE AND SUNSET
OCTOBER 16 2019.......SUNRISE   654 AM PDT   SUNSET   615 PM PDT
OCTOBER 17 2019.......SUNRISE   655 AM PDT   SUNSET   614 PM PDT


-  INDICATES NEGATIVE NUMBERS.
R  INDICATES RECORD WAS SET OR TIED.
MM INDICATES DATA IS MISSING.
T  INDICATES TRACE AMOUNT.




$$
