000
CDUS46 KSGX 160030
CLIOKB


CLIMATE REPORT
NATIONAL WEATHER SERVICE SAN DIEGO, CA
530 PM PDT SAT JUN 15 2019


...................................

...THE OCEANSIDE AIRPORT CA CLIMATE SUMMARY FOR JUNE 15 2019...
VALID TODAY AS OF 0500 PM LOCAL TIME.

CLIMATE NORMAL PERIOD 1981 TO 2010
CLIMATE RECORD PERIOD 1999 TO 2019


WEATHER ITEM   OBSERVED TIME   RECORD YEAR NORMAL DEPARTURE LAST
                VALUE   (LST)  VALUE       VALUE  FROM      YEAR
                                                  NORMAL
..................................................................
TEMPERATURE (F)
 TODAY
  MAXIMUM         74   1210 PM  77    2018  72      2       77
                                      2017
  MINIMUM         63    329 AM  48    2002  58      5       63
  AVERAGE         69                        65      4       70

PRECIPITATION (IN)
  TODAY            0.00          T    2009   0.00   0.00     0.00
  MONTH TO DATE    0.00                      0.05  -0.05     0.00
  SINCE OCT 1     14.96                     13.09   1.87     4.93
  SINCE JAN 1     11.02                      9.21   1.81     4.89

DEGREE DAYS
 HEATING
  TODAY            0                         1     -1        0
  MONTH TO DATE    3                        20    -17        5
  SINCE JUN 1      3                        20    -17        5
  SINCE JUL 1   1864                      2021   -157     1506

 COOLING
  TODAY            4                         1      3        5
  MONTH TO DATE   27                        11     16       21
  SINCE JUN 1     27                        11     16       21
  SINCE JAN 1     30                        21      9       30
..................................................................


WIND (MPH)
  RESULTANT WIND SPEED   4   RESULTANT WIND DIRECTION   W (250)
  HIGHEST WIND SPEED    15   HIGHEST WIND DIRECTION     W (250)
  HIGHEST GUST SPEED    19   HIGHEST GUST DIRECTION     W (250)
  AVERAGE WIND SPEED     5.1


SKY COVER
  POSSIBLE SUNSHINE  MM
  AVERAGE SKY COVER 0.7


WEATHER CONDITIONS
 THE FOLLOWING WEATHER WAS RECORDED TODAY.
  NO SIGNIFICANT WEATHER WAS OBSERVED.


RELATIVE HUMIDITY (PERCENT)
 HIGHEST    78           100 AM
 LOWEST     57          1200 PM
 AVERAGE    68

..........................................................


THE OCEANSIDE AIRPORT CA CLIMATE NORMALS FOR TOMORROW
                         NORMAL    RECORD    YEAR
 MAXIMUM TEMPERATURE (F)   73        79      2006
 MINIMUM TEMPERATURE (F)   58        49      2010


SUNRISE AND SUNSET
JUNE 15 2019..........SUNRISE   540 AM PDT   SUNSET   800 PM PDT
JUNE 16 2019..........SUNRISE   540 AM PDT   SUNSET   800 PM PDT


-  INDICATES NEGATIVE NUMBERS.
R  INDICATES RECORD WAS SET OR TIED.
MM INDICATES DATA IS MISSING.
T  INDICATES TRACE AMOUNT.




$$
