000
CDUS44 KOUN 240643
CLIOKC

CLIMATE REPORT
NATIONAL WEATHER SERVICE NORMAN OK
142 AM CDT MON JUN 24 2019


...................................

...THE OKLAHOMA CITY CLIMATE SUMMARY FOR JUNE 23 2019...

CLIMATE NORMAL PERIOD 1981 TO 2010
CLIMATE RECORD PERIOD 1890 TO 2019


WEATHER ITEM   OBSERVED TIME   RECORD YEAR NORMAL DEPARTURE LAST
                VALUE   (LST)  VALUE       VALUE  FROM      YEAR
                                                  NORMAL
..................................................................
TEMPERATURE (F)
 YESTERDAY
  MAXIMUM         80   1257 PM 101    1934  90    -10       89
                                      1933
                                      1925
  MINIMUM         66    703 AM  58    1958  70     -4       66
                                      1957
                                      1902
  AVERAGE         73                        80     -7       78

PRECIPITATION (IN)
  YESTERDAY        0.64          3.03 2014   0.15   0.49     0.49
  MONTH TO DATE    6.94                      3.99   2.95     2.18
  SINCE JUN 1      6.94                      3.99   2.95     2.18
  SINCE JAN 1     30.83                     17.74  13.09    12.20

SNOWFALL (IN)
  YESTERDAY        0.0           0.0    MM   0.0    0.0      0.0
  MONTH TO DATE    0.0                       0.0    0.0      0.0
  SINCE JUN 1      0.0                       0.0    0.0      0.0
  SINCE JUL 1      5.8                       7.6   -1.8      0.4
  SNOW DEPTH       0

DEGREE DAYS
 HEATING
  YESTERDAY        0                         0      0        0
  MONTH TO DATE    0                         0      0        0
  SINCE JUN 1      0                         0      0        0
  SINCE JUL 1   3907                      3364    543     3559

 COOLING
  YESTERDAY        8                        15     -7       13
  MONTH TO DATE  214                       279    -65      335
  SINCE JUN 1    214                       279    -65      335
  SINCE JAN 1    364                       529   -165      661
..................................................................


WIND (MPH)
  HIGHEST WIND SPEED    35   HIGHEST WIND DIRECTION    NW (330)
  HIGHEST GUST SPEED    40   HIGHEST GUST DIRECTION    NW (320)
  AVERAGE WIND SPEED     8.2


SKY COVER
  AVERAGE SKY COVER 0.8


WEATHER CONDITIONS
 THE FOLLOWING WEATHER WAS RECORDED YESTERDAY.
  THUNDERSTORM
  HEAVY RAIN
  RAIN
  LIGHT RAIN
  FOG


RELATIVE HUMIDITY (PERCENT)
 HIGHEST   100           300 AM
 LOWEST     74           100 PM
 AVERAGE    87

..........................................................


THE OKLAHOMA CITY CLIMATE NORMALS FOR TODAY
                         NORMAL    RECORD    YEAR
 MAXIMUM TEMPERATURE (F)   90       104      1911
 MINIMUM TEMPERATURE (F)   70        54      1957


SUNRISE AND SUNSET
JUNE 24 2019..........SUNRISE   616 AM CDT   SUNSET   849 PM CDT
JUNE 25 2019..........SUNRISE   617 AM CDT   SUNSET   849 PM CDT


-  INDICATES NEGATIVE NUMBERS.
R  INDICATES RECORD WAS SET OR TIED.
MM INDICATES DATA IS MISSING.
T  INDICATES TRACE AMOUNT.




$$
