000
CDUS44 KOUN 190627
CLIOKC

OUNCLIOKC 000
TTAA00 KOUN 190627


CLIMATE REPORT
NATIONAL WEATHER SERVICE NORMAN OK
127 AM CDT FRI APR 19 2019


...................................

...THE OKLAHOMA CITY CLIMATE SUMMARY FOR APRIL 18 2019...

CLIMATE NORMAL PERIOD 1981 TO 2010
CLIMATE RECORD PERIOD 1890 TO 2019


WEATHER ITEM   OBSERVED TIME   RECORD YEAR NORMAL DEPARTURE LAST
                VALUE   (LST)  VALUE       VALUE  FROM      YEAR
                                                  NORMAL
..................................................................
TEMPERATURE (F)
 YESTERDAY
  MAXIMUM         68    316 PM  96    1925  73     -5       74
  MINIMUM         50   1159 PM  30    1953  50      0       51
  AVERAGE         59                        62     -3       63

PRECIPITATION (IN)
  YESTERDAY        0.03          2.97 1942   0.10  -0.07     0.00
  MONTH TO DATE    3.17                      1.63   1.54     0.06
  SINCE MAR 1      5.87                      4.69   1.18     0.67
  SINCE JAN 1      8.41                      7.66   0.75     3.50

SNOWFALL (IN)
  YESTERDAY        0.0           0.0    MM   0.0    0.0      0.0
  MONTH TO DATE    0.0                       0.0    0.0       T
  SINCE MAR 1      T                         0.9   -0.9       T
  SINCE JUL 1      5.8                       7.6   -1.8      0.4
  SNOW DEPTH       0

DEGREE DAYS
 HEATING
  YESTERDAY        6                         5      1        2
  MONTH TO DATE  112                       128    -16      247
  SINCE MAR 1    660                       537    123      602
  SINCE JUL 1   3815                      3287    528     3471

 COOLING
  YESTERDAY        0                         2     -2        0
  MONTH TO DATE   20                        24     -4       20
  SINCE MAR 1     20                        36    -16       26
  SINCE JAN 1     20                        37    -17       30
..................................................................


WIND (MPH)
  HIGHEST WIND SPEED    32   HIGHEST WIND DIRECTION     N (350)
  HIGHEST GUST SPEED    40   HIGHEST GUST DIRECTION     N (10)
  AVERAGE WIND SPEED    18.9


SKY COVER
  AVERAGE SKY COVER 0.6


WEATHER CONDITIONS
 THE FOLLOWING WEATHER WAS RECORDED YESTERDAY.
  THUNDERSTORM
  LIGHT RAIN
  FOG


RELATIVE HUMIDITY (PERCENT)
 HIGHEST   100           200 AM
 LOWEST     42           400 PM
 AVERAGE    71

..........................................................


THE OKLAHOMA CITY CLIMATE NORMALS FOR TODAY
                         NORMAL    RECORD    YEAR
 MAXIMUM TEMPERATURE (F)   73        94      1987
 MINIMUM TEMPERATURE (F)   51        33      2013


SUNRISE AND SUNSET
APRIL 19 2019.........SUNRISE   653 AM CDT   SUNSET   806 PM CDT
APRIL 20 2019.........SUNRISE   652 AM CDT   SUNSET   807 PM CDT


-  INDICATES NEGATIVE NUMBERS.
R  INDICATES RECORD WAS SET OR TIED.
MM INDICATES DATA IS MISSING.
T  INDICATES TRACE AMOUNT.




$$
