000
CDUS46 KSEW 200131
CLIOLM


CLIMATE REPORT
NATIONAL WEATHER SERVICE SEATTLE WA
631 PM PDT FRI APR 19 2019


...................................

...THE OLYMPIA WA AIRPORT CLIMATE SUMMARY FOR APRIL 19 2019...
VALID TODAY AS OF 0500 PM LOCAL TIME.

CLIMATE NORMAL PERIOD 1981 TO 2010
CLIMATE RECORD PERIOD 1941 TO 2019


WEATHER ITEM   OBSERVED TIME   RECORD YEAR NORMAL DEPARTURE LAST
                VALUE   (LST)  VALUE       VALUE  FROM      YEAR
                                                  NORMAL
..................................................................
TEMPERATURE (F)
 TODAY
  MAXIMUM         58    252 PM  86    2016  59     -1       63
  MINIMUM         53    802 AM  26    1966  38     15       32
                                      1964
  AVERAGE         56                        49      7       48

PRECIPITATION (IN)
  TODAY            0.02          2.31 1965   0.11  -0.09     0.00
  MONTH TO DATE    2.41                      2.43  -0.02     6.92
  SINCE OCT 1     31.57                     41.52  -9.95    48.77
  SINCE JAN 1     13.84                     20.83  -6.99    23.01

DEGREE DAYS
 HEATING
  TODAY            9                        16     -7       17
  MONTH TO DATE  280                       333    -53      338
  SINCE MAR 1    963                       969     -6     1026
  SINCE JUL 1   4690                      4691     -1     4596

 COOLING
  TODAY            0                         0      0        0
  MONTH TO DATE    0                         0      0        0
  SINCE MAR 1      0                         0      0        0
  SINCE JAN 1      0                         0      0        0
..................................................................


WIND (MPH)
  RESULTANT WIND SPEED   5   RESULTANT WIND DIRECTION  SW (220)
  HIGHEST WIND SPEED    10   HIGHEST WIND DIRECTION     S (190)
  HIGHEST GUST SPEED    12   HIGHEST GUST DIRECTION     S (200)
  AVERAGE WIND SPEED     5.1


SKY COVER
  AVERAGE SKY COVER 0.9


WEATHER CONDITIONS
 THE FOLLOWING WEATHER WAS RECORDED TODAY.
  LIGHT RAIN


RELATIVE HUMIDITY (PERCENT)
 HIGHEST    93           100 AM
 LOWEST     72          1200 PM
 AVERAGE    83

..........................................................


THE OLYMPIA WA AIRPORT CLIMATE NORMALS FOR TOMORROW
                         NORMAL    RECORD    YEAR
 MAXIMUM TEMPERATURE (F)   60        83      2016
 MINIMUM TEMPERATURE (F)   38        26      1951


SUNRISE AND SUNSET
APRIL 19 2019.........SUNRISE   617 AM PDT   SUNSET   806 PM PDT
APRIL 20 2019.........SUNRISE   615 AM PDT   SUNSET   807 PM PDT


-  INDICATES NEGATIVE NUMBERS.
R  INDICATES RECORD WAS SET OR TIED.
MM INDICATES DATA IS MISSING.
T  INDICATES TRACE AMOUNT.




$$
