000
CDUS46 KSEW 250840
CLIOLM


CLIMATE REPORT
NATIONAL WEATHER SERVICE SEATTLE WA
140 AM PDT TUE JUN 25 2019


...................................

...THE OLYMPIA WA AIRPORT CLIMATE SUMMARY FOR JUNE 24 2019...

CLIMATE NORMAL PERIOD 1981 TO 2010
CLIMATE RECORD PERIOD 1941 TO 2019


WEATHER ITEM   OBSERVED TIME   RECORD YEAR NORMAL DEPARTURE LAST
                VALUE   (LST)  VALUE       VALUE  FROM      YEAR
                                                  NORMAL
..................................................................
TEMPERATURE (F)
 YESTERDAY
  MAXIMUM         70    541 PM  95    1992  72     -2       83
  MINIMUM         48   1151 PM  39    2003  49     -1       46
                                      1997
                                      1988
  AVERAGE         59                        60     -1       65

PRECIPITATION (IN)
  YESTERDAY        0.00          1.19 1971   0.04  -0.04     0.09
  MONTH TO DATE    0.07                      1.51  -1.44     0.88
  SINCE OCT 1     32.81                     46.47 -13.66    50.21
  SINCE JAN 1     15.08                     25.78 -10.70    24.45

DEGREE DAYS
 HEATING
  YESTERDAY        6                         5      1        0
  MONTH TO DATE  127                       159    -32      142
  SINCE JUN 1    127                       159    -32      142
  SINCE JUL 1   5215                      5355   -140     5109

 COOLING
  YESTERDAY        0                         1     -1        0
  MONTH TO DATE   15                         3     12       20
  SINCE JUN 1     15                         3     12       20
  SINCE JAN 1     15                         6      9       23
..................................................................


WIND (MPH)
  RESULTANT WIND SPEED   1   RESULTANT WIND DIRECTION   S (180)
  HIGHEST WIND SPEED     9   HIGHEST WIND DIRECTION    NW (320)
  HIGHEST GUST SPEED    18   HIGHEST GUST DIRECTION    NW (320)
  AVERAGE WIND SPEED     3.4


SKY COVER
  AVERAGE SKY COVER 0.7


WEATHER CONDITIONS
 THE FOLLOWING WEATHER WAS RECORDED YESTERDAY.
  NO SIGNIFICANT WEATHER WAS OBSERVED.


RELATIVE HUMIDITY (PERCENT)
 HIGHEST    83          1200 AM
 LOWEST     33           700 PM
 AVERAGE    58

..........................................................


THE OLYMPIA WA AIRPORT CLIMATE NORMALS FOR TODAY
                         NORMAL    RECORD    YEAR
 MAXIMUM TEMPERATURE (F)   72        98      2017
 MINIMUM TEMPERATURE (F)   49        36      1966


SUNRISE AND SUNSET
JUNE 25 2019..........SUNRISE   518 AM PDT   SUNSET   911 PM PDT
JUNE 26 2019..........SUNRISE   518 AM PDT   SUNSET   911 PM PDT


-  INDICATES NEGATIVE NUMBERS.
R  INDICATES RECORD WAS SET OR TIED.
MM INDICATES DATA IS MISSING.
T  INDICATES TRACE AMOUNT.




$$
