000
CDUS43 KOAX 210640
CLIOMA


CLIMATE REPORT
NATIONAL WEATHER SERVICE OMAHA NEBRASKA
137 AM CDT SUN APR 21 2019


...................................

...THE OMAHA NE CLIMATE SUMMARY FOR APRIL 20 2019...

CLIMATE NORMAL PERIOD 1981 TO 2010
CLIMATE RECORD PERIOD 1871 TO 2019


WEATHER ITEM   OBSERVED TIME   RECORD YEAR NORMAL DEPARTURE LAST
                VALUE   (LST)  VALUE       VALUE  FROM      YEAR
                                                  NORMAL
..................................................................
TEMPERATURE (F)
 YESTERDAY
  MAXIMUM         84    446 PM  92    1902  65     19       63
  MINIMUM         44    547 AM  23    2013  42      2       35
  AVERAGE         64                        54     10       49

PRECIPITATION (IN)
  YESTERDAY        0.00          2.09 1905   0.10  -0.10     0.00
  MONTH TO DATE    0.49                      1.79  -1.30     0.10
  SINCE MAR 1      3.17                      3.78  -0.61     2.92
  SINCE JAN 1      6.04                      5.35   0.69     4.66

SNOWFALL (IN)
  YESTERDAY        0.0                       0.0    0.0      0.0
  MONTH TO DATE    T                         0.8   -0.8      1.5
  SINCE MAR 1      2.9                       5.0   -2.1      2.4
  SINCE JUL 1     52.7                      26.2   26.5     17.0
  SNOW DEPTH       0

DEGREE DAYS
 HEATING
  YESTERDAY        1                        12    -11       16
  MONTH TO DATE  224                       310    -86      526
  SINCE MAR 1   1129                      1101     28     1282
  SINCE JUL 1   6192                      5899    293     5929

 COOLING
  YESTERDAY        0                         1     -1        0
  MONTH TO DATE    0                         4     -4        0
  SINCE MAR 1      0                         5     -5        0
  SINCE JAN 1      0                         5     -5        0
..................................................................


WIND (MPH)
  HIGHEST WIND SPEED    21   HIGHEST WIND DIRECTION     S (170)
  HIGHEST GUST SPEED    27   HIGHEST GUST DIRECTION     S (160)
  AVERAGE WIND SPEED    12.6


SKY COVER
  POSSIBLE SUNSHINE  MM
  AVERAGE SKY COVER 0.1


WEATHER CONDITIONS
 THE FOLLOWING WEATHER WAS RECORDED YESTERDAY.
  NO SIGNIFICANT WEATHER WAS OBSERVED.


RELATIVE HUMIDITY (PERCENT)
 HIGHEST    71           400 AM
 LOWEST     20           200 PM
 AVERAGE    46

..........................................................


THE OMAHA NE CLIMATE NORMALS FOR TODAY
                         NORMAL    RECORD    YEAR
 MAXIMUM TEMPERATURE (F)   66        90      1980
 MINIMUM TEMPERATURE (F)   42        26      1966


SUNRISE AND SUNSET
APRIL 21 2019.........SUNRISE   635 AM CDT   SUNSET   810 PM CDT
APRIL 22 2019.........SUNRISE   634 AM CDT   SUNSET   811 PM CDT


-  INDICATES NEGATIVE NUMBERS.
R  INDICATES RECORD WAS SET OR TIED.
MM INDICATES DATA IS MISSING.
T  INDICATES TRACE AMOUNT.




$$
