000
CDUS43 KOAX 160628
CLIOMA


CLIMATE REPORT
NATIONAL WEATHER SERVICE OMAHA NEBRASKA
126 AM CDT SUN JUN 16 2019


...................................

...THE OMAHA NE CLIMATE SUMMARY FOR JUNE 15 2019...

CLIMATE NORMAL PERIOD 1981 TO 2010
CLIMATE RECORD PERIOD 1871 TO 2019


WEATHER ITEM   OBSERVED TIME   RECORD YEAR NORMAL DEPARTURE LAST
                VALUE   (LST)  VALUE       VALUE  FROM      YEAR
                                                  NORMAL
..................................................................
TEMPERATURE (F)
 YESTERDAY
  MAXIMUM         86    611 PM 104    1946  83      3       97
  MINIMUM         68    521 AM  45    1969  61      7       78
  AVERAGE         77                        72      5       88

PRECIPITATION (IN)
  YESTERDAY        0.00          1.86 1937   0.14  -0.14     0.00
  MONTH TO DATE    1.24                      2.25  -1.01     2.77
  SINCE JUN 1      1.24                      2.25  -1.01     2.77
  SINCE JAN 1     15.79                     13.53   2.26     9.57

SNOWFALL (IN)
  YESTERDAY        0.0                       0.0    0.0      0.0
  MONTH TO DATE    0.0                       0.0    0.0      0.0
  SINCE JUN 1      0.0                       0.0    0.0      0.0
  SINCE JUL 1     52.7                      26.4   26.3     17.0
  SNOW DEPTH       0

DEGREE DAYS
 HEATING
  YESTERDAY        0                         0      0        0
  MONTH TO DATE    0                        15    -15        0
  SINCE JUN 1      0                        15    -15        0
  SINCE JUL 1   6449                      6165    284     6040

 COOLING
  YESTERDAY       12                         8      4       23
  MONTH TO DATE  106                        87     19      193
  SINCE JUN 1    106                        87     19      193
  SINCE JAN 1    202                       169     33      419
..................................................................


WIND (MPH)
  HIGHEST WIND SPEED    21   HIGHEST WIND DIRECTION    NW (300)
  HIGHEST GUST SPEED    26   HIGHEST GUST DIRECTION    NW (310)
  AVERAGE WIND SPEED     7.8


SKY COVER
  POSSIBLE SUNSHINE  MM
  AVERAGE SKY COVER 0.8


WEATHER CONDITIONS
 THE FOLLOWING WEATHER WAS RECORDED YESTERDAY.
  THUNDERSTORM


RELATIVE HUMIDITY (PERCENT)
 HIGHEST    84           400 AM
 LOWEST     37           600 PM
 AVERAGE    61

..........................................................


THE OMAHA NE CLIMATE NORMALS FOR TODAY
                         NORMAL    RECORD    YEAR
 MAXIMUM TEMPERATURE (F)   84       105      1946
                                             1918
 MINIMUM TEMPERATURE (F)   61        47      1974


SUNRISE AND SUNSET
JUNE 16 2019..........SUNRISE   550 AM CDT   SUNSET   859 PM CDT
JUNE 17 2019..........SUNRISE   550 AM CDT   SUNSET   859 PM CDT


-  INDICATES NEGATIVE NUMBERS.
R  INDICATES RECORD WAS SET OR TIED.
MM INDICATES DATA IS MISSING.
T  INDICATES TRACE AMOUNT.




$$
