000
CDAK49 PAFG 250943
CLIOME

CLIMATE REPORT
NATIONAL WEATHER SERVICE FAIRBANKS AK
143 AM AKDT TUE JUN 25 2019


...................................

...THE NOME AK CLIMATE SUMMARY FOR JUNE 24 2019...

CLIMATE NORMAL PERIOD 1981 TO 2010
CLIMATE RECORD PERIOD 1906 TO 2019


WEATHER ITEM   OBSERVED TIME   RECORD YEAR NORMAL DEPARTURE LAST
                VALUE   (LST)  VALUE       VALUE  FROM      YEAR
                                                  NORMAL
..................................................................
TEMPERATURE (F)
 YESTERDAY
  MAXIMUM         57   1220 PM  78    1971  57      0       55
  MINIMUM         47    506 AM  31    2002  43      4       37
  AVERAGE         52                        50      2       46

PRECIPITATION (IN)
  YESTERDAY        0.05          1.21 1953   0.03   0.02     0.00
  MONTH TO DATE    0.18                      0.74  -0.56     0.27
  SINCE JUN 1      0.18                      0.74  -0.56     0.27
  SINCE JAN 1      7.33                      4.88   2.45     5.94

SNOWFALL (IN)
  YESTERDAY        0.0           0.0    MM   0.0    0.0      0.0
  MONTH TO DATE    0.0                       0.3   -0.3      0.0
  SINCE JUN 1      0.0                       0.3   -0.3      0.0
  SINCE JUL 1    109.5                      75.7   33.8    116.2
  SNOW DEPTH       0

DEGREE DAYS
 HEATING
  YESTERDAY       13                        15     -2       19
  MONTH TO DATE  296                       432   -136      359
  SINCE JUN 1    296                       432   -136      359
  SINCE JUL 1  11750                     13616  -1866    12057

 COOLING
  YESTERDAY        0                         0      0        0
  MONTH TO DATE    1                         0      1        0
  SINCE JUN 1      1                         0      1        0
  SINCE JAN 1      1                         0      1        0
..................................................................


WIND (MPH)
  HIGHEST GUST SPEED    18   HIGHEST GUST DIRECTION     S (170)


SKY COVER
  AVERAGE SKY COVER 0.9


WEATHER CONDITIONS
 THE FOLLOWING WEATHER WAS RECORDED YESTERDAY.
  RAIN
  LIGHT RAIN
  FOG
  HAZE


RELATIVE HUMIDITY (PERCENT)
 HIGHEST    93
 LOWEST     72
 AVERAGE    83

..........................................................


THE NOME AK CLIMATE NORMALS FOR TODAY
                         NORMAL    RECORD    YEAR
 MAXIMUM TEMPERATURE (F)   58        80      1982
 MINIMUM TEMPERATURE (F)   44        31      1918


SUNRISE AND SUNSET
JUNE 25 2019..........SUNRISE   422 AM AKDT  SUNSET   147 AM AKDT
JUNE 26 2019..........SUNRISE   423 AM AKDT  SUNSET   147 AM AKDT

-  INDICATES NEGATIVE NUMBERS.
R  INDICATES RECORD WAS SET OR TIED.
MM INDICATES DATA IS MISSING.
T  INDICATES TRACE AMOUNT.

&&

SNOW DEPTH IS MEASURED AT 3AM AKST/4AM AKDT.

----------------------------
AVAILABLE DAYLIGHT

AMOUNT OF DAYLIGHT TODAY  (HOUR:MIN)........21:26
GAIN/LOSS SINCE YESTERDAY (HOUR:MIN:SEC)....-0:01:23

NOME TIDAL INFORMATION FOR 25 JUNE 2019
0517  -0.1
1229  +1.1
2039  +0.5
2339  +0.6

$$
AEH JUN 19
