000
CDAK49 PAFG 240954
CLIOME

CLIMATE REPORT
NATIONAL WEATHER SERVICE FAIRBANKS AK
154 AM AKDT THU MAY 24 2018


...................................

...THE NOME AK CLIMATE SUMMARY FOR MAY 23 2018...

CLIMATE NORMAL PERIOD 1981 TO 2010
CLIMATE RECORD PERIOD 1906 TO 2018


WEATHER ITEM   OBSERVED TIME   RECORD YEAR NORMAL DEPARTURE LAST
                VALUE   (LST)  VALUE       VALUE  FROM      YEAR
                                                  NORMAL
..................................................................
TEMPERATURE (F)
 YESTERDAY
  MAXIMUM         42    758 PM  63    1925  47     -5       42
  MINIMUM         33   1122 AM  20    2000  33      0       35
  AVERAGE         38                        40     -2       39

PRECIPITATION (IN)
  YESTERDAY        0.00          0.62 2004   0.03  -0.03     0.04
  MONTH TO DATE    0.30                      0.64  -0.34     0.19
  SINCE MAR 1      3.70                      2.05   1.65     0.35
  SINCE JAN 1      5.62                      3.92   1.70     2.10

SNOWFALL (IN)
  YESTERDAY        0.0           0.7  1943   0.0    0.0      0.0
  MONTH TO DATE    T                         2.0   -2.0       T
  SINCE MAR 1     42.5                      18.4   24.1      2.0
  SINCE JUL 1    115.8                      75.1   40.7     54.2
  SNOW DEPTH       T

DEGREE DAYS
 HEATING
  YESTERDAY       27                        25      2       26
  MONTH TO DATE  675                       687    -12      601
  SINCE MAR 1   3310                      3718   -408     3618
  SINCE JUL 1  11491                     12997  -1506    12413

 COOLING
  YESTERDAY        0                         0      0        0
  MONTH TO DATE    0                         0      0        0
  SINCE MAR 1      0                         0      0        0
  SINCE JAN 1      0                         0      0        0
..................................................................


WIND (MPH)
  HIGHEST GUST SPEED    20   HIGHEST GUST DIRECTION     E (70)


SKY COVER
  AVERAGE SKY COVER 0.4


WEATHER CONDITIONS
 THE FOLLOWING WEATHER WAS RECORDED YESTERDAY.
  NO SIGNIFICANT WEATHER WAS OBSERVED.


RELATIVE HUMIDITY (PERCENT)
 HIGHEST   100
 LOWEST     79
 AVERAGE    90

..........................................................


THE NOME AK CLIMATE NORMALS FOR TODAY
                         NORMAL    RECORD    YEAR
 MAXIMUM TEMPERATURE (F)   47        68      1969
 MINIMUM TEMPERATURE (F)   34        14      1920


SUNRISE AND SUNSET
MAY 24 2018...........SUNRISE   513 AM AKDT  SUNSET  1248 AM AKDT
MAY 25 2018...........SUNRISE   510 AM AKDT  SUNSET  1251 AM AKDT

-  INDICATES NEGATIVE NUMBERS.
R  INDICATES RECORD WAS SET OR TIED.
MM INDICATES DATA IS MISSING.
T  INDICATES TRACE AMOUNT.

&&

SNOW DEPTH IS MEASURED AT 3AM AKST/4AM AKDT.

----------------------------
AVAILABLE DAYLIGHT

AMOUNT OF DAYLIGHT TODAY  (HOUR:MIN)........19:32
GAIN/LOSS SINCE YESTERDAY (HOUR:MIN:SEC)....+0:06:27

NOME TIDAL INFORMATION FOR 24 MAY 2018
0041  +0.7
0704  -0.4
1402  +1.1
2017  +0.0

$$
THR MAY 18
