000
CDAK49 PAFG 200100
CLIOME

CLIMATE REPORT
NATIONAL WEATHER SERVICE FAIRBANKS AK
500 PM AKDT FRI APR 19 2019


...................................

...THE NOME AK CLIMATE SUMMARY FOR APRIL 19 2019...
VALID TODAY AS OF 0400 PM LOCAL TIME.

CLIMATE NORMAL PERIOD 1981 TO 2010
CLIMATE RECORD PERIOD 1906 TO 2019


WEATHER ITEM   OBSERVED TIME   RECORD YEAR NORMAL DEPARTURE LAST
                VALUE   (LST)  VALUE       VALUE  FROM      YEAR
                                                  NORMAL
..................................................................
TEMPERATURE (F)
 TODAY
  MAXIMUM         18    259 PM  48    1953  29    -11       40
  MINIMUM          6    402 AM -14    1929  16    -10       26
                                      1922
  AVERAGE         12                        22    -10       33

PRECIPITATION (IN)
  TODAY            0.00          0.53 1949   0.03  -0.03     0.00
  MONTH TO DATE    0.10                      0.46  -0.36     0.16
  SINCE MAR 1      1.90                      1.11   0.79     2.64
  SINCE JAN 1      5.73                      2.98   2.75     4.56

SNOWFALL (IN)
  TODAY            0.0           4.6  1949   0.2   -0.2      0.0
  MONTH TO DATE    1.2                       5.2   -4.0      1.8
  SINCE MAR 1     20.8                      14.1    6.7     35.8
  SINCE JUL 1    106.8                      70.8   36.0    109.1
  SNOW DEPTH      23

DEGREE DAYS
 HEATING
  TODAY           53                        43     10       32
  MONTH TO DATE  800                       906   -106      756
  SINCE MAR 1   2070                      2602   -532     2239
  SINCE JUL 1  10265                     11881  -1616    10420

 COOLING
  TODAY            0                         0      0        0
  MONTH TO DATE    0                         0      0        0
  SINCE MAR 1      0                         0      0        0
  SINCE JAN 1      0                         0      0        0
..................................................................


WIND (MPH)
  HIGHEST GUST SPEED    17   HIGHEST GUST DIRECTION     N (350)


SKY COVER
  AVERAGE SKY COVER 0.1


WEATHER CONDITIONS
 THE FOLLOWING WEATHER WAS RECORDED TODAY.
  NO SIGNIFICANT WEATHER WAS OBSERVED.


RELATIVE HUMIDITY (PERCENT)
 HIGHEST    80
 LOWEST     67
 AVERAGE    74

..........................................................


THE NOME AK CLIMATE NORMALS FOR TOMORROW
                         NORMAL    RECORD    YEAR
 MAXIMUM TEMPERATURE (F)   30        49      2016
 MINIMUM TEMPERATURE (F)   16       -15      1966


SUNRISE AND SUNSET
APRIL 19 2019.........SUNRISE   714 AM AKDT  SUNSET  1051 PM AKDT
APRIL 20 2019.........SUNRISE   711 AM AKDT  SUNSET  1054 PM AKDT

-  INDICATES NEGATIVE NUMBERS.
R  INDICATES RECORD WAS SET OR TIED.
MM INDICATES DATA IS MISSING.
T  INDICATES TRACE AMOUNT.

&&

SNOW DEPTH IS MEASURED AT 3AM AKST/4AM AKDT.

----------------------------
AVAILABLE DAYLIGHT

AMOUNT OF DAYLIGHT TODAY  (HOUR:MIN)........15:36
GAIN/LOSS SINCE YESTERDAY (HOUR:MIN:SEC)....+0:06:46

NOME TIDAL INFORMATION FOR 20 APRIL 2019
0531  +0.9
1113  -0.2
1742  +1.0
2350  -0.2

$$
APR 19
