564
CDUS46 KOTX 180829
CLIOMK


CLIMATE REPORT
NATIONAL WEATHER SERVICE SPOKANE, WA
126 AM PDT THU JUL 18 2019


...................................

...THE OMAK WA AIRPORT CLIMATE SUMMARY FOR JULY 17 2019...

CLIMATE NORMAL PERIOD 1981 TO 2010
CLIMATE RECORD PERIOD 9999 TO 9999


WEATHER ITEM   OBSERVED TIME   RECORD YEAR NORMAL DEPARTURE LAST
                VALUE   (LST)  VALUE       VALUE  FROM      YEAR
                                                  NORMAL
..................................................................
TEMPERATURE (F)
 YESTERDAY
  MAXIMUM         81    428 PM 107    1918  89     -8      103
                                      1917
  MINIMUM         61    457 AM  45    1913  58      3       64
  AVERAGE         71                        73     -2       84

PRECIPITATION (IN)
  YESTERDAY        T             0.95 2012   0.03  -0.03     0.00
  MONTH TO DATE    0.15                      0.50  -0.35      T
  SINCE OCT 1      8.13                     13.37  -5.24    12.68
  SINCE JAN 1      5.03                      8.48  -3.45     9.30

DEGREE DAYS
 HEATING
  YESTERDAY        0                         0      0        0
  MONTH TO DATE    0                        11    -11        6
  SINCE JUN 1     56                        80    -24       78
  SINCE JUL 1      0                        11    -11        6

 COOLING
  YESTERDAY        6                         9     -3       19
  MONTH TO DATE  124                       117      7      152
  SINCE JUN 1    246                       201     45      215
  SINCE JAN 1    274                       224     50      258
..................................................................


WIND (MPH)
  HIGHEST WIND SPEED    23   HIGHEST WIND DIRECTION    SE (140)
  HIGHEST GUST SPEED    28   HIGHEST GUST DIRECTION    SE (130)
  AVERAGE WIND SPEED     9.6


SKY COVER
  POSSIBLE SUNSHINE  MM
  AVERAGE SKY COVER 0.4


WEATHER CONDITIONS
 THE FOLLOWING WEATHER WAS RECORDED YESTERDAY.
  LIGHT RAIN


RELATIVE HUMIDITY (PERCENT)
 HIGHEST    69           500 AM
 LOWEST     32           100 PM
 AVERAGE    51

..........................................................


THE OMAK WA AIRPORT CLIMATE NORMALS FOR TODAY
                         NORMAL    RECORD    YEAR
 MAXIMUM TEMPERATURE (F)   89       109      1918
 MINIMUM TEMPERATURE (F)   58        44      1919


SUNRISE AND SUNSET
JULY 18 2019..........SUNRISE   515 AM PDT   SUNSET   852 PM PDT
JULY 19 2019..........SUNRISE   517 AM PDT   SUNSET   852 PM PDT


-  INDICATES NEGATIVE NUMBERS.
R  INDICATES RECORD WAS SET OR TIED.
MM INDICATES DATA IS MISSING.
T  INDICATES TRACE AMOUNT.




$$
