000
CDUS45 KBOI 180933
CLIONO


CLIMATE REPORT
NATIONAL WEATHER SERVICE BOISE ID
332 AM MDT THU JUL 18 2019


...................................

...THE ONTARIO OR CLIMATE SUMMARY FOR JULY 17 2019...

CLIMATE NORMAL PERIOD 1981 TO 2010
CLIMATE RECORD PERIOD 1948 TO 2019


WEATHER ITEM   OBSERVED TIME   RECORD YEAR NORMAL DEPARTURE LAST
                VALUE   (LST)  VALUE       VALUE  FROM      YEAR
                                                  NORMAL
..................................................................
TEMPERATURE (F)
 YESTERDAY
  MAXIMUM         94    523 PM 110    1960  95     -1       99
  MINIMUM         63    610 AM  44    1993  59      4       58
  AVERAGE         79                        77      2       79

PRECIPITATION (IN)
  YESTERDAY        0.00          0.05 1983   0.01  -0.01     0.00
  MONTH TO DATE    T                         0.21  -0.21      T
  SINCE OCT 1     12.26                      9.38   2.88     6.96
  SINCE JAN 1      9.81                      5.97   3.84     4.25

DEGREE DAYS
 HEATING
  YESTERDAY        0                         0      0        0
  MONTH TO DATE    0                         0      0        0
  SINCE JUN 1     35                        52    -17       28
  SINCE JUL 1      0                         0      0        0

 COOLING
  YESTERDAY       14                        12      2       14
  MONTH TO DATE  220                       174     46      227
  SINCE JUN 1    404                       313     91      380
  SINCE JAN 1    446                       349     97      457
..................................................................


WIND (MPH)
  HIGHEST WIND SPEED    18   HIGHEST WIND DIRECTION    NW (320)
  HIGHEST GUST SPEED    25   HIGHEST GUST DIRECTION    NW (330)
  AVERAGE WIND SPEED     5.9


SKY COVER
  AVERAGE SKY COVER 0.0


WEATHER CONDITIONS
 THE FOLLOWING WEATHER WAS RECORDED YESTERDAY.
  NO SIGNIFICANT WEATHER WAS OBSERVED.


RELATIVE HUMIDITY (PERCENT)
 HIGHEST    60           600 AM
 LOWEST     15           500 PM
 AVERAGE    38

..........................................................


THE ONTARIO OR CLIMATE NORMALS FOR TODAY
                         NORMAL    RECORD    YEAR
 MAXIMUM TEMPERATURE (F)   95       109      1960
 MINIMUM TEMPERATURE (F)   59        43      1987


SUNRISE AND SUNSET
JULY 18 2019..........SUNRISE   622 AM MDT   SUNSET   926 PM MDT
JULY 19 2019..........SUNRISE   623 AM MDT   SUNSET   926 PM MDT


-  INDICATES NEGATIVE NUMBERS.
R  INDICATES RECORD WAS SET OR TIED.
MM INDICATES DATA IS MISSING.
T  INDICATES TRACE AMOUNT.




$$
