000
CDUS46 KSGX 200017
CLIONT


CLIMATE REPORT
NATIONAL WEATHER SERVICE SAN DIEGO, CA
517 PM PDT WED JUN 19 2019


...................................

...THE ONTARIO INTL AIRPORT CA CLIMATE SUMMARY FOR JUNE 19 2019...
VALID TODAY AS OF 0500 PM LOCAL TIME.

CLIMATE NORMAL PERIOD 1981 TO 2010
CLIMATE RECORD PERIOD 1998 TO 2019


WEATHER ITEM   OBSERVED TIME   RECORD YEAR NORMAL DEPARTURE LAST
                VALUE   (LST)  VALUE       VALUE  FROM      YEAR
                                                  NORMAL
..................................................................
TEMPERATURE (F)
 TODAY
  MAXIMUM         91    307 PM 111    2016  87      4       86
  MINIMUM         63    447 AM  54    2005  60      3       56
  AVERAGE         77                        73      4       71

PRECIPITATION (IN)
  TODAY            0.00          T    2003   0.00   0.00     0.00
  MONTH TO DATE    T                         0.11  -0.11      T
  SINCE OCT 1     16.07                     14.54   1.53     3.80
  SINCE JAN 1     11.76                     10.37   1.39     3.80

DEGREE DAYS
 HEATING
  TODAY            0                         0      0        0
  MONTH TO DATE    0                         1     -1        0
  SINCE JUN 1      0                         1     -1        0
  SINCE JUL 1   1195                      1533   -338      854

 COOLING
  TODAY           12                         8      4        6
  MONTH TO DATE  217                       119     98      164
  SINCE JUN 1    217                       119     98      164
  SINCE JAN 1    445                       285    160      352
..................................................................


WIND (MPH)
  RESULTANT WIND SPEED   5   RESULTANT WIND DIRECTION   W (250)
  HIGHEST WIND SPEED    16   HIGHEST WIND DIRECTION    SW (240)
  HIGHEST GUST SPEED    21   HIGHEST GUST DIRECTION     W (250)
  AVERAGE WIND SPEED     6.8


SKY COVER
  POSSIBLE SUNSHINE  MM
  AVERAGE SKY COVER 0.4


WEATHER CONDITIONS
 THE FOLLOWING WEATHER WAS RECORDED TODAY.
  FOG
  HAZE


RELATIVE HUMIDITY (PERCENT)
 HIGHEST    93           400 AM
 LOWEST     29           200 PM
 AVERAGE    61

..........................................................


THE ONTARIO INTL AIRPORT CA CLIMATE NORMALS FOR TOMORROW
                         NORMAL    RECORD    YEAR
 MAXIMUM TEMPERATURE (F)   87       112      2016
 MINIMUM TEMPERATURE (F)   60        55      2010


SUNRISE AND SUNSET
JUNE 19 2019..........SUNRISE   539 AM PDT   SUNSET   805 PM PDT
JUNE 20 2019..........SUNRISE   539 AM PDT   SUNSET   805 PM PDT


-  INDICATES NEGATIVE NUMBERS.
R  INDICATES RECORD WAS SET OR TIED.
MM INDICATES DATA IS MISSING.
T  INDICATES TRACE AMOUNT.




$$
