000
CDUS41 KAKQ 220537
CLIORF


CLIMATE REPORT
NATIONAL WEATHER SERVICE WAKEFIELD, VA
137 AM EDT MON APR 22 2019


...................................

...THE NORFOLK VA CLIMATE SUMMARY FOR APRIL 21 2019...

CLIMATE NORMAL PERIOD 1981 TO 2010
CLIMATE RECORD PERIOD 1871 TO 2019


WEATHER ITEM   OBSERVED TIME   RECORD YEAR NORMAL DEPARTURE LAST
                VALUE   (LST)  VALUE       VALUE  FROM      YEAR
                                                  NORMAL
..................................................................
TEMPERATURE (F)
 YESTERDAY
  MAXIMUM         67    110 PM  91    1957  69     -2       57
  MINIMUM         52    259 AM  32    1888  51      1       41
  AVERAGE         60                        60      0       49

PRECIPITATION (IN)
  YESTERDAY        0.00          2.12 2008   0.11  -0.11     0.00
  MONTH TO DATE    2.89                      2.40   0.49     1.81
  SINCE MAR 1      5.32                      6.08  -0.76     5.69
  SINCE JAN 1     13.82                     12.60   1.22    10.93

SNOWFALL (IN)
  YESTERDAY        0.0           0.0  2002   0.0    0.0
  MONTH TO DATE    0.0                       0.0    0.0
  SINCE NOV 1      0.1                       5.8   -5.7
  SINCE JUL 1      0.1                       5.8   -5.7
  SNOW DEPTH       0

DEGREE DAYS
 HEATING
  YESTERDAY        5                         7     -2       16
  MONTH TO DATE  110                       189    -79      198
  SINCE MAR 1    581                       681   -100      784
  SINCE JUL 1   2786                      3250   -464     3138

 COOLING
  YESTERDAY        0                         2     -2        0
  MONTH TO DATE   48                        22     26       21
  SINCE MAR 1     55                        28     27       28
  SINCE JAN 1     55                        29     26       43
..................................................................


WIND (MPH)
  HIGHEST WIND SPEED    15   HIGHEST WIND DIRECTION    SW (230)
  HIGHEST GUST SPEED    20   HIGHEST GUST DIRECTION    SW (230)
  AVERAGE WIND SPEED     6.5


SKY COVER
  POSSIBLE SUNSHINE  MM
  AVERAGE SKY COVER 0.6


WEATHER CONDITIONS
 THE FOLLOWING WEATHER WAS RECORDED YESTERDAY.
  NO SIGNIFICANT WEATHER WAS OBSERVED.


RELATIVE HUMIDITY (PERCENT)
 HIGHEST    80           800 PM
 LOWEST     44          1100 AM
 AVERAGE    62

..........................................................


THE NORFOLK VA CLIMATE NORMALS FOR TODAY
                         NORMAL    RECORD    YEAR
 MAXIMUM TEMPERATURE (F)   70        94      1985
 MINIMUM TEMPERATURE (F)   51        34      1981


SUNRISE AND SUNSET
APRIL 22 2019.........SUNRISE   622 AM EDT   SUNSET   745 PM EDT
APRIL 23 2019.........SUNRISE   621 AM EDT   SUNSET   746 PM EDT


-  INDICATES NEGATIVE NUMBERS.
R  INDICATES RECORD WAS SET OR TIED.
MM INDICATES DATA IS MISSING.
T  INDICATES TRACE AMOUNT.




$$
