000
CDUS41 KAKQ 160531
CLIORF


CLIMATE REPORT
NATIONAL WEATHER SERVICE WAKEFIELD, VA
130 AM EDT SUN JUN 16 2019


...................................

...THE NORFOLK VA CLIMATE SUMMARY FOR JUNE 15 2019...

CLIMATE NORMAL PERIOD 1981 TO 2010
CLIMATE RECORD PERIOD 1871 TO 2019


WEATHER ITEM   OBSERVED TIME   RECORD YEAR NORMAL DEPARTURE LAST
                VALUE   (LST)  VALUE       VALUE  FROM      YEAR
                                                  NORMAL
..................................................................
TEMPERATURE (F)
 YESTERDAY
  MAXIMUM         84    251 PM  97    2015  84      0       83
                                      1885
  MINIMUM         56    408 AM  52    1979  67    -11       70
                                      1978
  AVERAGE         70                        75     -5       77

PRECIPITATION (IN)
  YESTERDAY        0.00          2.23 1931   0.15  -0.15     0.00
  MONTH TO DATE    3.29                      2.13   1.16     1.72
  SINCE JUN 1      3.29                      2.13   1.16     1.72
  SINCE JAN 1     21.03                     19.15   1.88    21.93

SNOWFALL (IN)
  YESTERDAY        0.0           0.0  2002   0.0    0.0
                                      2001
  MONTH TO DATE    0.0                       0.0    0.0
  SINCE NOV 1      0.1                       5.8   -5.7
  SINCE JUL 1      0.1                       5.8   -5.7
  SNOW DEPTH       0

DEGREE DAYS
 HEATING
  YESTERDAY        0                         0      0        0
  MONTH TO DATE    0                         4     -4        0
  SINCE JUN 1      0                         4     -4        0
  SINCE JUL 1   2806                      3375   -569     3189

 COOLING
  YESTERDAY        5                        10     -5       12
  MONTH TO DATE  139                       129     10      165
  SINCE JUN 1    139                       129     10      165
  SINCE JAN 1    517                       295    222      502
..................................................................


WIND (MPH)
  HIGHEST WIND SPEED    21   HIGHEST WIND DIRECTION    SW (210)
  HIGHEST GUST SPEED    26   HIGHEST GUST DIRECTION     S (190)
  AVERAGE WIND SPEED    10.7


SKY COVER
  POSSIBLE SUNSHINE  MM
  AVERAGE SKY COVER 0.0


WEATHER CONDITIONS
 THE FOLLOWING WEATHER WAS RECORDED YESTERDAY.
  NO SIGNIFICANT WEATHER WAS OBSERVED.


RELATIVE HUMIDITY (PERCENT)
 HIGHEST    86           300 AM
 LOWEST     32           300 PM
 AVERAGE    59

..........................................................


THE NORFOLK VA CLIMATE NORMALS FOR TODAY
                         NORMAL    RECORD    YEAR
 MAXIMUM TEMPERATURE (F)   84        98      2015
 MINIMUM TEMPERATURE (F)   67        52      1961
                                             1933


SUNRISE AND SUNSET
JUNE 16 2019..........SUNRISE   545 AM EDT   SUNSET   826 PM EDT
JUNE 17 2019..........SUNRISE   545 AM EDT   SUNSET   826 PM EDT


-  INDICATES NEGATIVE NUMBERS.
R  INDICATES RECORD WAS SET OR TIED.
MM INDICATES DATA IS MISSING.
T  INDICATES TRACE AMOUNT.




$$
