000
CDUS41 KBOX 152157
CLIORH


CLIMATE REPORT
NATIONAL WEATHER SERVICE BOSTON/NORTON MA
547 PM EDT SAT JUN 15 2019


...................................

...THE WORCESTER MA CLIMATE SUMMARY FOR JUNE 15 2019...
VALID TODAY AS OF 0500 PM LOCAL TIME.

CLIMATE NORMAL PERIOD 1981 TO 2010
CLIMATE RECORD PERIOD 1892 TO 2019


WEATHER ITEM   OBSERVED TIME   RECORD YEAR NORMAL DEPARTURE LAST
                VALUE   (LST)  VALUE       VALUE  FROM      YEAR
                                                  NORMAL
..................................................................
TEMPERATURE (F)
 TODAY
  MAXIMUM         76    240 PM  94    1988  74      2       65
  MINIMUM         52    409 AM  41    1978  56     -4       55
  AVERAGE         64                        65     -1       60

PRECIPITATION (IN)
  TODAY            0.00          1.87 1903   0.14  -0.14     0.02
  MONTH TO DATE    1.28                      2.28  -1.00     0.61
  SINCE JUN 1      1.28                      2.28  -1.00     0.61
  SINCE JAN 1     24.53                     21.51   3.02    21.91

SNOWFALL (IN)
  TODAY            0.0           0.0  2001   0.0    0.0      0.0
                                      2000
  MONTH TO DATE    0.0                       0.0    0.0      0.0
  SINCE JUN 1      0.0                       0.0    0.0      0.0
  SINCE JUL 1     51.5                      64.1  -12.6     96.1
  SNOW DEPTH      MM

DEGREE DAYS
 HEATING
  TODAY            1                         3     -2        5
  MONTH TO DATE   48                        60    -12       73
  SINCE JUN 1     48                        60    -12       73
  SINCE JUL 1   6817                      6694    123     6418

 COOLING
  TODAY            0                         3     -3        0
  MONTH TO DATE   16                        30    -14       16
  SINCE JUN 1     16                        30    -14       16
  SINCE JAN 1     25                        52    -27       67
..................................................................


WIND (MPH)
  HIGHEST WIND SPEED    24   HIGHEST WIND DIRECTION    SW (240)
  HIGHEST GUST SPEED    33   HIGHEST GUST DIRECTION    SW (230)
  AVERAGE WIND SPEED    14.4


SKY COVER
  POSSIBLE SUNSHINE  MM
  AVERAGE SKY COVER 0.0


WEATHER CONDITIONS
 THE FOLLOWING WEATHER WAS RECORDED TODAY.
  NO SIGNIFICANT WEATHER WAS OBSERVED.


RELATIVE HUMIDITY (PERCENT)
 HIGHEST    77           400 AM
 LOWEST     38           100 PM
 AVERAGE    58

..........................................................


THE WORCESTER MA CLIMATE NORMALS FOR TOMORROW
                         NORMAL    RECORD    YEAR
 MAXIMUM TEMPERATURE (F)   74        91      1988
 MINIMUM TEMPERATURE (F)   56        42      1946


SUNRISE AND SUNSET
JUNE 15 2019..........SUNRISE   510 AM EDT   SUNSET   826 PM EDT
JUNE 16 2019..........SUNRISE   510 AM EDT   SUNSET   826 PM EDT


-  INDICATES NEGATIVE NUMBERS.
R  INDICATES RECORD WAS SET OR TIED.
MM INDICATES DATA IS MISSING.
T  INDICATES TRACE AMOUNT.




$$
