000
CDUS41 KBOX 220529
CLIORH


CLIMATE REPORT
NATIONAL WEATHER SERVICE BOSTON/NORTON MA
129 AM EDT MON APR 22 2019


...................................

...THE WORCESTER MA CLIMATE SUMMARY FOR APRIL 21 2019...

CLIMATE NORMAL PERIOD 1981 TO 2010
CLIMATE RECORD PERIOD 1892 TO 2019


WEATHER ITEM   OBSERVED TIME   RECORD YEAR NORMAL DEPARTURE LAST
                VALUE   (LST)  VALUE       VALUE  FROM      YEAR
                                                  NORMAL
..................................................................
TEMPERATURE (F)
 YESTERDAY
  MAXIMUM         65    252 PM  83    1957  58      7       55
                                      1954
  MINIMUM         50   1159 PM  24    1908  39     11       31
  AVERAGE         58                        48     10       43

PRECIPITATION (IN)
  YESTERDAY        0.06          2.78 1991   0.12  -0.06     0.00
  MONTH TO DATE    4.48                      2.95   1.53     3.99
  SINCE MAR 1      7.77                      7.16   0.61     8.89
  SINCE JAN 1     16.33                     13.88   2.45    17.38

SNOWFALL (IN)
  YESTERDAY        0.0           1.8  1947   0.0    0.0      0.0
  MONTH TO DATE    T                         2.4   -2.4      7.2
  SINCE MAR 1     15.7                      13.8    1.9     49.5
  SINCE JUL 1     51.5                      63.7  -12.2     96.1
  SNOW DEPTH      MM

DEGREE DAYS
 HEATING
  YESTERDAY        7                        17    -10       22
  MONTH TO DATE  387                       435    -48      579
  SINCE MAR 1   1373                      1374     -1     1548
  SINCE JUL 1   6276                      6211     65     6049

 COOLING
  YESTERDAY        0                         0      0        0
  MONTH TO DATE    0                         0      0        0
  SINCE MAR 1      0                         0      0        0
  SINCE JAN 1      0                         0      0        0
..................................................................


WIND (MPH)
  RESULTANT WIND SPEED   5   RESULTANT WIND DIRECTION   S (190)
  HIGHEST WIND SPEED    18   HIGHEST WIND DIRECTION     S (180)
  HIGHEST GUST SPEED    23   HIGHEST GUST DIRECTION     S (200)
  AVERAGE WIND SPEED     6.4


SKY COVER
  POSSIBLE SUNSHINE  MM
  AVERAGE SKY COVER 0.7


WEATHER CONDITIONS
 THE FOLLOWING WEATHER WAS RECORDED YESTERDAY.
  LIGHT RAIN
  FOG


RELATIVE HUMIDITY (PERCENT)
 HIGHEST   100           200 AM
 LOWEST     67           300 PM
 AVERAGE    84

..........................................................


THE WORCESTER MA CLIMATE NORMALS FOR TODAY
                         NORMAL    RECORD    YEAR
 MAXIMUM TEMPERATURE (F)   58        84      1973
 MINIMUM TEMPERATURE (F)   39        23      1989
                                             1981
                                             1947


SUNRISE AND SUNSET
APRIL 22 2019.........SUNRISE   556 AM EDT   SUNSET   737 PM EDT
APRIL 23 2019.........SUNRISE   555 AM EDT   SUNSET   738 PM EDT


-  INDICATES NEGATIVE NUMBERS.
R  INDICATES RECORD WAS SET OR TIED.
MM INDICATES DATA IS MISSING.
T  INDICATES TRACE AMOUNT.




$$
