000
CDUS43 KDMX 250628 RRB
CLIOTM

CLIMATE REPORT
NATIONAL WEATHER SERVICE DES MOINES IA
127 AM CDT WED APR 25 2018

...................................

...THE OTTUMWA IA CLIMATE SUMMARY FOR APRIL 24 2018...

CLIMATE NORMAL PERIOD 1981 TO 2010
CLIMATE RECORD PERIOD 1920 TO 2018


WEATHER ITEM   OBSERVED TIME   RECORD YEAR NORMAL DEPARTURE LAST
                VALUE   (LST)  VALUE       VALUE  FROM      YEAR
                                                  NORMAL
..................................................................
TEMPERATURE (F)
 YESTERDAY
  MAXIMUM         76    303 PM  88    1989  65     11       77
  MINIMUM         36    525 AM  24    1910  43     -7       44
  AVERAGE         56                        54      2       61

PRECIPITATION (IN)
  YESTERDAY        0.00          2.10 2007   0.13  -0.13     0.00
  MONTH TO DATE    0.47                      2.60  -2.13     3.10
  SINCE MAR 1      2.83                      4.84  -2.01     6.30
  SINCE JAN 1      5.38                      7.02  -1.64     7.89

DEGREE DAYS
 HEATING
  YESTERDAY        9                        12     -3        4
  MONTH TO DATE  583                       374    209      215
  SINCE MAR 1   1439                      1185    254      942
  SINCE JUL 1   6132                      6070     62     4749

 COOLING
  YESTERDAY        0                         1     -1        0
  MONTH TO DATE    0                         4     -4       14
  SINCE MAR 1      0                         5     -5       14
  SINCE JAN 1      0                         5     -5       14
..................................................................


WIND (MPH)
  HIGHEST WIND SPEED    21   HIGHEST WIND DIRECTION     N (350)
  HIGHEST GUST SPEED    25   HIGHEST GUST DIRECTION     N (360)
  AVERAGE WIND SPEED    10.6


SKY COVER
  POSSIBLE SUNSHINE  MM
  AVERAGE SKY COVER 0.0


WEATHER CONDITIONS
 THE FOLLOWING WEATHER WAS RECORDED YESTERDAY.
  NO SIGNIFICANT WEATHER WAS OBSERVED.


RELATIVE HUMIDITY (PERCENT)
 HIGHEST    64           300 AM
 LOWEST     19           100 PM
 AVERAGE    42

..........................................................


THE OTTUMWA IA CLIMATE NORMALS FOR TODAY
                         NORMAL    RECORD    YEAR
 MAXIMUM TEMPERATURE (F)   66        89      1986
 MINIMUM TEMPERATURE (F)   43        23      1934


SUNRISE AND SUNSET
APRIL 25 2018.........SUNRISE   616 AM CDT   SUNSET   800 PM CDT
APRIL 26 2018.........SUNRISE   614 AM CDT   SUNSET   801 PM CDT


-  INDICATES NEGATIVE NUMBERS.
R  INDICATES RECORD WAS SET OR TIED.
MM INDICATES DATA IS MISSING.
T  INDICATES TRACE AMOUNT.




$$
