582
CDUS43 KDMX 190629 RRB
CLIOTM

CLIMATE REPORT
NATIONAL WEATHER SERVICE DES MOINES IA
127 AM CDT FRI APR 19 2019

...................................

...THE OTTUMWA IA CLIMATE SUMMARY FOR APRIL 18 2019...

CLIMATE NORMAL PERIOD 1981 TO 2010
CLIMATE RECORD PERIOD 1920 TO 2019


WEATHER ITEM   OBSERVED TIME   RECORD YEAR NORMAL DEPARTURE LAST
                VALUE   (LST)  VALUE       VALUE  FROM      YEAR
                                                  NORMAL
..................................................................
TEMPERATURE (F)
 YESTERDAY
  MAXIMUM         59    255 PM  87    1985  63     -4       38
  MINIMUM         40   1156 PM  19    1983  40      0       30
  AVERAGE         50                        52     -2       34

PRECIPITATION (IN)
  YESTERDAY        0.00          1.26 1927   0.12  -0.12     0.03
  MONTH TO DATE    0.32                      1.84  -1.52     0.47
  SINCE MAR 1      2.99                      4.08  -1.09     2.83
  SINCE JAN 1      7.79                      6.26   1.53     5.38

DEGREE DAYS
 HEATING
  YESTERDAY       15                        14      1       31
  MONTH TO DATE  239                       299    -60      506
  SINCE MAR 1   1133                      1110     23     1362
  SINCE JUL 1   6235                      5995    240     6055

 COOLING
  YESTERDAY        0                         0      0        0
  MONTH TO DATE    0                         0      0        0
  SINCE MAR 1      0                         1     -1        0
  SINCE JAN 1      0                         1     -1        0
..................................................................


WIND (MPH)
  HIGHEST WIND SPEED    28   HIGHEST WIND DIRECTION     N (340)
  HIGHEST GUST SPEED    39   HIGHEST GUST DIRECTION    NW (310)
  AVERAGE WIND SPEED    18.2


SKY COVER
  POSSIBLE SUNSHINE  MM
  AVERAGE SKY COVER 0.9


WEATHER CONDITIONS
 THE FOLLOWING WEATHER WAS RECORDED YESTERDAY.
  NO SIGNIFICANT WEATHER WAS OBSERVED.


RELATIVE HUMIDITY (PERCENT)
 HIGHEST    83           500 AM
 LOWEST     47           300 PM
 AVERAGE    65

..........................................................


THE OTTUMWA IA CLIMATE NORMALS FOR TODAY
                         NORMAL    RECORD    YEAR
 MAXIMUM TEMPERATURE (F)   64        85      1985
 MINIMUM TEMPERATURE (F)   41        26      1949


SUNRISE AND SUNSET
APRIL 19 2019.........SUNRISE   625 AM CDT   SUNSET   754 PM CDT
APRIL 20 2019.........SUNRISE   623 AM CDT   SUNSET   755 PM CDT


-  INDICATES NEGATIVE NUMBERS.
R  INDICATES RECORD WAS SET OR TIED.
MM INDICATES DATA IS MISSING.
T  INDICATES TRACE AMOUNT.

$$

ANSORGE
