000
CDUS43 KDMX 170640
CLIOTM

CLIMATE REPORT
NATIONAL WEATHER SERVICE DES MOINES IA
140 AM CDT MON JUN 17 2019

...................................

...THE OTTUMWA IA CLIMATE SUMMARY FOR JUNE 16 2019...

CLIMATE NORMAL PERIOD 1981 TO 2010
CLIMATE RECORD PERIOD 1920 TO 2019


WEATHER ITEM   OBSERVED TIME   RECORD YEAR NORMAL DEPARTURE LAST
                VALUE   (LST)  VALUE       VALUE  FROM      YEAR
                                                  NORMAL
..................................................................
TEMPERATURE (F)
 YESTERDAY
  MAXIMUM         79    245 PM  97    1936  82     -3       92
  MINIMUM         59    504 AM  48    1917  61     -2       73
  AVERAGE         69                        71     -2       83

PRECIPITATION (IN)
  YESTERDAY        0.00          2.24 1990   0.17  -0.17     0.00
  MONTH TO DATE    1.10                      2.74  -1.64     2.40
  SINCE JUN 1      1.10                      2.74  -1.64     2.40
  SINCE JAN 1     21.00                     15.27   5.73    11.19

DEGREE DAYS
 HEATING
  YESTERDAY        0                         0      0        0
  MONTH TO DATE    4                        19    -15        0
  SINCE JUN 1      4                        19    -15        0
  SINCE JUL 1   6578                      6315    263     6209

 COOLING
  YESTERDAY        4                         7     -3       18
  MONTH TO DATE   92                        82     10      154
  SINCE JUN 1     92                        82     10      154
  SINCE JAN 1    155                       146      9      341
..................................................................


WIND (MPH)
  HIGHEST WIND SPEED    14   HIGHEST WIND DIRECTION     N (360)
  HIGHEST GUST SPEED    20   HIGHEST GUST DIRECTION     N (360)
  AVERAGE WIND SPEED     6.1


SKY COVER
  POSSIBLE SUNSHINE  MM
  AVERAGE SKY COVER 0.4


WEATHER CONDITIONS
 THE FOLLOWING WEATHER WAS RECORDED YESTERDAY.
  FOG
  FOG W/VISIBILITY <= 1/4 MILE


RELATIVE HUMIDITY (PERCENT)
 HIGHEST   100          1200 AM
 LOWEST     64           300 PM
 AVERAGE    82

..........................................................


THE OTTUMWA IA CLIMATE NORMALS FOR TODAY
                         NORMAL    RECORD    YEAR
 MAXIMUM TEMPERATURE (F)   82        98      1936
 MINIMUM TEMPERATURE (F)   61        46      1960


SUNRISE AND SUNSET
JUNE 17 2019..........SUNRISE   537 AM CDT   SUNSET   845 PM CDT
JUNE 18 2019..........SUNRISE   537 AM CDT   SUNSET   845 PM CDT


-  INDICATES NEGATIVE NUMBERS.
R  INDICATES RECORD WAS SET OR TIED.
MM INDICATES DATA IS MISSING.
T  INDICATES TRACE AMOUNT.

$$

SMALL
