000
CDAK49 PAFG 240947
CLIOTZ

CLIMATE REPORT
NATIONAL WEATHER SERVICE FAIRBANKS AK
147 AM AKDT WED APR 24 2019


...................................

...THE KOTZEBUE AK CLIMATE SUMMARY FOR APRIL 23 2019...

CLIMATE NORMAL PERIOD 1981 TO 2010
CLIMATE RECORD PERIOD 1920 TO 2019


WEATHER ITEM   OBSERVED TIME   RECORD YEAR NORMAL DEPARTURE LAST
                VALUE   (LST)  VALUE       VALUE  FROM      YEAR
                                                  NORMAL
..................................................................
TEMPERATURE (F)
 YESTERDAY
  MAXIMUM         36    448 PM  45    1931  26     10       34
  MINIMUM         21    358 AM -16    1966  11     10       10
                                      1948
  AVERAGE         29                        19     10       22

PRECIPITATION (IN)
  YESTERDAY        0.00          0.28 1983   0.02  -0.02     0.00
  MONTH TO DATE    0.02                      0.40  -0.38     0.03
  SINCE MAR 1      1.20                      0.84   0.36     2.08
  SINCE JAN 1      4.23                      2.12   2.11     3.46

SNOWFALL (IN)
  YESTERDAY        0.0           4.5  1937   0.2   -0.2      0.0
  MONTH TO DATE    0.2                       4.1   -3.9      0.3
  SINCE MAR 1      9.6                      10.0   -0.4     24.6
  SINCE JUL 1     60.1                      57.6    2.5    104.0
  SNOW DEPTH      19

DEGREE DAYS
 HEATING
  YESTERDAY       36                        47    -11       43
  MONTH TO DATE  945                      1245   -300     1072
  SINCE MAR 1   2241                      3227   -986     2683
  SINCE JUL 1  10777                     13472  -2695    11369

 COOLING
  YESTERDAY        0                         0      0        0
  MONTH TO DATE    0                         0      0        0
  SINCE MAR 1      0                         0      0        0
  SINCE JAN 1      0                         0      0        0
..................................................................


WIND (MPH)
  HIGHEST GUST SPEED    19   HIGHEST GUST DIRECTION     E (90)


SKY COVER
  AVERAGE SKY COVER 0.5


WEATHER CONDITIONS
 THE FOLLOWING WEATHER WAS RECORDED YESTERDAY.
  NO SIGNIFICANT WEATHER WAS OBSERVED.


RELATIVE HUMIDITY (PERCENT)
 HIGHEST    75
 LOWEST     52
 AVERAGE    64

..........................................................


THE KOTZEBUE AK CLIMATE NORMALS FOR TODAY
                         NORMAL    RECORD    YEAR
 MAXIMUM TEMPERATURE (F)   27        48      1980
 MINIMUM TEMPERATURE (F)   12       -20      1966
                                             1960


SUNRISE AND SUNSET
APRIL 24 2019.........SUNRISE   629 AM AKDT  SUNSET  1112 PM AKDT
APRIL 25 2019.........SUNRISE   625 AM AKDT  SUNSET  1116 PM AKDT

-  INDICATES NEGATIVE NUMBERS.
R  INDICATES RECORD WAS SET OR TIED.
MM INDICATES DATA IS MISSING.
T  INDICATES TRACE AMOUNT.

&&

SNOW DEPTH IS MEASURED AT 3AM AKST/4AM AKDT.

----------------------------
AVAILABLE DAYLIGHT

AMOUNT OF DAYLIGHT TODAY  (HOUR:MIN)........16:43
GAIN/LOSS SINCE YESTERDAY (HOUR:MIN:SEC)....+0:07:57

$$
APR 19
