000
CDAK49 PAFG 230943
CLIOTZ

CLIMATE REPORT
NATIONAL WEATHER SERVICE FAIRBANKS AK
143 AM AKDT TUE JUL 23 2019


...................................

...THE KOTZEBUE AK CLIMATE SUMMARY FOR JULY 22 2019...

CLIMATE NORMAL PERIOD 1981 TO 2010
CLIMATE RECORD PERIOD 1920 TO 2019


WEATHER ITEM   OBSERVED TIME   RECORD YEAR NORMAL DEPARTURE LAST
                VALUE   (LST)  VALUE       VALUE  FROM      YEAR
                                                  NORMAL
..................................................................
TEMPERATURE (F)
 YESTERDAY
  MAXIMUM         67    948 PM  79    1947  60      7       70
  MINIMUM         58    516 AM  36    1931  51      7       58
  AVERAGE         63                        55      8       64

PRECIPITATION (IN)
  YESTERDAY        0.00          0.50 1994   0.05  -0.05     0.00
  MONTH TO DATE    0.81                      0.91  -0.10     1.89
  SINCE JUN 1      1.14                      1.49  -0.35     2.52
  SINCE JAN 1      5.63                      4.16   1.47     6.51

SNOWFALL (IN)
  YESTERDAY        0.0           0.0    MM   0.0    0.0      0.0
  MONTH TO DATE    0.0                       0.0    0.0      0.0
  SINCE JUN 1      0.0                       0.0    0.0      0.0
  SINCE JUL 1      0.0                       0.0    0.0      0.0
  SNOW DEPTH       0

DEGREE DAYS
 HEATING
  YESTERDAY        2                        10     -8        1
  MONTH TO DATE   48                       235   -187      176
  SINCE JUN 1    307                       815   -508      531
  SINCE JUL 1     48                       235   -187      176

 COOLING
  YESTERDAY        0                         0      0        0
  MONTH TO DATE   50                         0     50        0
  SINCE JUN 1     73                         1     72        0
  SINCE JAN 1     73                         1     72        0
..................................................................


WIND (MPH)
  HIGHEST GUST SPEED    23   HIGHEST GUST DIRECTION     W (260)


SKY COVER
  AVERAGE SKY COVER 0.8


WEATHER CONDITIONS
 THE FOLLOWING WEATHER WAS RECORDED YESTERDAY.
  HAZE


RELATIVE HUMIDITY (PERCENT)
 HIGHEST    72
 LOWEST     60
 AVERAGE    66

..........................................................


THE KOTZEBUE AK CLIMATE NORMALS FOR TODAY
                         NORMAL    RECORD    YEAR
 MAXIMUM TEMPERATURE (F)   60        79      1950
 MINIMUM TEMPERATURE (F)   51        34      1931


SUNRISE AND SUNSET
JULY 23 2019..........SUNRISE   443 AM AKDT  SUNSET   107 AM AKDT
JULY 24 2019..........SUNRISE   448 AM AKDT  SUNSET   103 AM AKDT

-  INDICATES NEGATIVE NUMBERS.
R  INDICATES RECORD WAS SET OR TIED.
MM INDICATES DATA IS MISSING.
T  INDICATES TRACE AMOUNT.

&&

SNOW DEPTH IS MEASURED AT 3AM AKST/4AM AKDT.

----------------------------
AVAILABLE DAYLIGHT

AMOUNT OF DAYLIGHT TODAY  (HOUR:MIN)........20:29
GAIN/LOSS SINCE YESTERDAY (HOUR:MIN:SEC)....-0:09:53

$$
JUL 19
