000
CDUS43 KDDC 200714
CLIP28


CLIMATE REPORT
NATIONAL WEATHER SERVICE DODGE CITY KS
214 AM CDT SAT APR 20 2019


...................................

...THE MEDICINE LODGE KS CLIMATE SUMMARY FOR APRIL 19 2019...

CLIMATE NORMAL PERIOD 1981 TO 2010
CLIMATE RECORD PERIOD 1893 TO 2019


WEATHER ITEM   OBSERVED TIME   RECORD YEAR NORMAL DEPARTURE LAST
                VALUE   (LST)  VALUE       VALUE  FROM      YEAR
                                                  NORMAL
..................................................................
TEMPERATURE (F)
 YESTERDAY
  MAXIMUM         69    428 PM  97    1961  70     -1       65
  MINIMUM         37    555 AM  27    1939  45     -8       30
  AVERAGE         53                        57     -4       48

PRECIPITATION (IN)
  YESTERDAY        0.00          1.40 2003   0.08  -0.08     0.00
  MONTH TO DATE    0.82                      1.37  -0.55     0.18
  SINCE MAR 1      3.16                      3.63  -0.47     1.20
  SINCE JAN 1      5.20                      5.38  -0.18     1.58

SNOWFALL (IN)
  YESTERDAY        0.0          MM      MM   0.0             0.0
  MONTH TO DATE    0.0                       0.0             0.0
  SINCE MAR 1      2.5                       0.1             0.0
  SINCE JUL 1      9.8                       8.5              T
  SNOW DEPTH       0

DEGREE DAYS
 HEATING
  YESTERDAY       12                         9      3       17
  MONTH TO DATE  163                       215    -52      346
  SINCE MAR 1    830                       783     47      837
  SINCE JUL 1   4559                      4312    247     4216

 COOLING
  YESTERDAY        0                         1     -1        0
  MONTH TO DATE    6                        11     -5       17
  SINCE MAR 1      6                        13     -7       17
  SINCE JAN 1      6                        13     -7       17
..................................................................


WIND (MPH)
  HIGHEST WIND SPEED    20   HIGHEST WIND DIRECTION     N (350)
  HIGHEST GUST SPEED    29   HIGHEST GUST DIRECTION    NW (330)
  AVERAGE WIND SPEED     9.3




RELATIVE HUMIDITY (PERCENT)
 HIGHEST    85           500 AM
 LOWEST     26           500 PM
 AVERAGE    56

..........................................................


THE MEDICINE LODGE KS CLIMATE NORMALS FOR TODAY
                         NORMAL    RECORD    YEAR
 MAXIMUM TEMPERATURE (F)   70        97      1925
 MINIMUM TEMPERATURE (F)   45        28      1953


SUNRISE AND SUNSET
APRIL 20 2019.........SUNRISE   653 AM CDT   SUNSET   814 PM CDT
APRIL 21 2019.........SUNRISE   652 AM CDT   SUNSET   815 PM CDT


-  INDICATES NEGATIVE NUMBERS.
R  INDICATES RECORD WAS SET OR TIED.
MM INDICATES DATA IS MISSING.
T  INDICATES TRACE AMOUNT.




$$
