000
CDUS43 KDDC 191426
CLIP28


CLIMATE REPORT
NATIONAL WEATHER SERVICE DODGE CITY KS
926 AM CDT WED JUN 19 2019


...................................

...THE MEDICINE LODGE KS CLIMATE SUMMARY FOR JUNE 19 2019...
VALID AS OF 0900 AM LOCAL TIME.

CLIMATE NORMAL PERIOD 1981 TO 2010
CLIMATE RECORD PERIOD 1893 TO 2019


WEATHER ITEM   OBSERVED TIME   RECORD YEAR NORMAL DEPARTURE LAST
                VALUE   (LST)  VALUE       VALUE  FROM      YEAR
                                                  NORMAL
..................................................................
TEMPERATURE (F)
 TODAY
  MAXIMUM         68    759 AM 110    2011  90    -22       92
  MINIMUM         65    514 AM  45    1976  66     -1       73
  AVERAGE         67                        78    -11       83

PRECIPITATION (IN)
  TODAY            0.78          1.03 1993   0.12   0.66     0.00
  MONTH TO DATE    2.36                      2.82  -0.46     2.12
  SINCE JUN 1      2.36                      2.82  -0.46     2.12
  SINCE JAN 1     20.27                     12.56   7.71    10.63

..................................................................


WIND (MPH)
  HIGHEST WIND SPEED    21   HIGHEST WIND DIRECTION    SW (210)
  HIGHEST GUST SPEED    30   HIGHEST GUST DIRECTION    SW (210)



WEATHER CONDITIONS
 THE FOLLOWING WEATHER WAS RECORDED TODAY.
  NO SIGNIFICANT WEATHER WAS OBSERVED.


RELATIVE HUMIDITY (PERCENT)
 HIGHEST   100           100 AM
 LOWEST     87           800 AM

..........................................................


THE MEDICINE LODGE KS CLIMATE NORMALS FOR TOMORROW
                         NORMAL    RECORD    YEAR
 MAXIMUM TEMPERATURE (F)   90       106      1918
 MINIMUM TEMPERATURE (F)   66        45      1976


SUNRISE AND SUNSET
JUNE 19 2019..........SUNRISE   614 AM CDT   SUNSET   858 PM CDT
JUNE 20 2019..........SUNRISE   614 AM CDT   SUNSET   858 PM CDT


-  INDICATES NEGATIVE NUMBERS.
R  INDICATES RECORD WAS SET OR TIED.
MM INDICATES DATA IS MISSING.
T  INDICATES TRACE AMOUNT.




$$
