000
CDUS45 KLKN 220926
CLIP68


CLIMATE REPORT
NATIONAL WEATHER SERVICE ELKO NV
226 AM PDT SUN APR 22 2018


...................................

...THE EUREKA AIRPORT NV CLIMATE SUMMARY FOR APRIL 21 2018...

CLIMATE NORMAL PERIOD 1981 TO 2010
CLIMATE RECORD PERIOD 1963 TO 2018


WEATHER ITEM   OBSERVED TIME   RECORD YEAR NORMAL DEPARTURE LAST
                VALUE   (LST)  VALUE       VALUE  FROM      YEAR
                                                  NORMAL
..................................................................
TEMPERATURE (F)
 YESTERDAY
  MAXIMUM         70    343 PM  81    2012  60     10       55
  MINIMUM         28    403 AM   8    2008  29     -1       24
  AVERAGE         49                        45      4       40

PRECIPITATION (IN)
  YESTERDAY        0.00          0.40 1983   0.04  -0.04     0.00
  MONTH TO DATE    0.80                      0.67   0.13     1.83
  SINCE OCT 1      5.98                      5.33   0.65     8.29
  SINCE JAN 1      4.79                      3.20   1.59     6.20

DEGREE DAYS
 HEATING
  YESTERDAY       16                        20     -4       25
  MONTH TO DATE  435                       479    -44      455
  SINCE MAR 1   1456                      1350    106     1140
  SINCE JUL 1   6106                      6635   -529     6000

 COOLING
  YESTERDAY        0                         0      0        0
  MONTH TO DATE    0                         0      0        0
  SINCE MAR 1      0                         0      0        0
  SINCE JAN 1      0                         0      0        0
..................................................................


WIND (MPH)
  HIGHEST WIND SPEED    14   HIGHEST WIND DIRECTION    NE (30)
  HIGHEST GUST SPEED    21   HIGHEST GUST DIRECTION     N (350)
  AVERAGE WIND SPEED     5.7




RELATIVE HUMIDITY (PERCENT)
 HIGHEST    85           200 AM
 LOWEST     19           100 PM
 AVERAGE    52

..........................................................


THE EUREKA AIRPORT NV CLIMATE NORMALS FOR TODAY
                         NORMAL    RECORD    YEAR
 MAXIMUM TEMPERATURE (F)   61        86      2012
 MINIMUM TEMPERATURE (F)   29         8      1963


SUNRISE AND SUNSET
APRIL 22 2018.........SUNRISE   557 AM PDT   SUNSET   729 PM PDT
APRIL 23 2018.........SUNRISE   555 AM PDT   SUNSET   730 PM PDT


-  INDICATES NEGATIVE NUMBERS.
R  INDICATES RECORD WAS SET OR TIED.
MM INDICATES DATA IS MISSING.
T  INDICATES TRACE AMOUNT.




$$
