000
CDUS45 KLKN 210931
CLIP68


CLIMATE REPORT
NATIONAL WEATHER SERVICE ELKO NV
231 AM PDT SUN APR 21 2019


...................................

...THE EUREKA AIRPORT NV CLIMATE SUMMARY FOR APRIL 20 2019...

CLIMATE NORMAL PERIOD 1981 TO 2010
CLIMATE RECORD PERIOD 1963 TO 2019


WEATHER ITEM   OBSERVED TIME   RECORD YEAR NORMAL DEPARTURE LAST
                VALUE   (LST)  VALUE       VALUE  FROM      YEAR
                                                  NORMAL
..................................................................
TEMPERATURE (F)
 YESTERDAY
  MAXIMUM         63   1116 AM  82    1994  60      3       60
  MINIMUM         39    438 AM   4    1966  29     10       25
  AVERAGE         51                        44      7       43

PRECIPITATION (IN)
  YESTERDAY        0.30R         0.16 1995   0.03   0.27     0.00
  MONTH TO DATE    1.31                      0.63   0.68     0.80
  SINCE OCT 1      8.49                      5.29   3.20     5.98
  SINCE JAN 1      5.87                      3.16   2.71     4.79

DEGREE DAYS
 HEATING
  YESTERDAY       14                        21     -7       22
  MONTH TO DATE  416                       459    -43      419
  SINCE MAR 1   1298                      1330    -32     1440
  SINCE JUL 1   6651                      6615     36     6090

 COOLING
  YESTERDAY        0                         0      0        0
  MONTH TO DATE    0                         0      0        0
  SINCE MAR 1      0                         0      0        0
  SINCE JAN 1      0                         0      0        0
..................................................................


WIND (MPH)
  HIGHEST WIND SPEED    31   HIGHEST WIND DIRECTION     S (200)
  HIGHEST GUST SPEED    40   HIGHEST GUST DIRECTION     S (200)
  AVERAGE WIND SPEED     7.0




RELATIVE HUMIDITY (PERCENT)
 HIGHEST    93           500 PM
 LOWEST     32          1200 AM
 AVERAGE    63

..........................................................


THE EUREKA AIRPORT NV CLIMATE NORMALS FOR TODAY
                         NORMAL    RECORD    YEAR
 MAXIMUM TEMPERATURE (F)   60        81      2012
 MINIMUM TEMPERATURE (F)   29         8      2008


SUNRISE AND SUNSET
APRIL 21 2019.........SUNRISE   558 AM PDT   SUNSET   728 PM PDT
APRIL 22 2019.........SUNRISE   557 AM PDT   SUNSET   729 PM PDT


-  INDICATES NEGATIVE NUMBERS.
R  INDICATES RECORD WAS SET OR TIED.
MM INDICATES DATA IS MISSING.
T  INDICATES TRACE AMOUNT.




$$
