000
CDUS45 KLKN 200927
CLIP68


CLIMATE REPORT
NATIONAL WEATHER SERVICE ELKO NV
226 AM PDT THU JUN 20 2019


...................................

...THE EUREKA AIRPORT NV CLIMATE SUMMARY FOR JUNE 19 2019...

CLIMATE NORMAL PERIOD 1981 TO 2010
CLIMATE RECORD PERIOD 1963 TO 2019


WEATHER ITEM   OBSERVED TIME   RECORD YEAR NORMAL DEPARTURE LAST
                VALUE   (LST)  VALUE       VALUE  FROM      YEAR
                                                  NORMAL
..................................................................
TEMPERATURE (F)
 YESTERDAY
  MAXIMUM         85    230 PM  95    2017  81      4       79
                                      2007
                                      1985
  MINIMUM         44    441 AM  29    1983  42      2       40
  AVERAGE         65                        62      3       60

PRECIPITATION (IN)
  YESTERDAY        0.00          0.52 1967   0.03  -0.03     0.00
  MONTH TO DATE    0.48                      0.65  -0.17     0.06
  SINCE OCT 1     13.37                      7.01   6.36     7.47
  SINCE JAN 1     10.75                      4.88   5.87     6.28

DEGREE DAYS
 HEATING
  YESTERDAY        0                         4     -4        5
  MONTH TO DATE  115                       130    -15       71
  SINCE JUN 1    115                       130    -15       71
  SINCE JUL 1   7462                      7346    116     6667

 COOLING
  YESTERDAY        0                         1     -1        0
  MONTH TO DATE    0                        12    -12       19
  SINCE JUN 1      0                        12    -12       19
  SINCE JAN 1      0                        15    -15       19
..................................................................


WIND (MPH)
  HIGHEST WIND SPEED    24   HIGHEST WIND DIRECTION    NW (310)
  HIGHEST GUST SPEED    29   HIGHEST GUST DIRECTION    NW (300)
  AVERAGE WIND SPEED     8.9




RELATIVE HUMIDITY (PERCENT)
 HIGHEST    71          1200 AM
 LOWEST     14           100 PM
 AVERAGE    43

..........................................................


THE EUREKA AIRPORT NV CLIMATE NORMALS FOR TODAY
                         NORMAL    RECORD    YEAR
 MAXIMUM TEMPERATURE (F)   82        96      2016
 MINIMUM TEMPERATURE (F)   43        30      2013
                                             2000


SUNRISE AND SUNSET
JUNE 20 2019..........SUNRISE   517 AM PDT   SUNSET   814 PM PDT
JUNE 21 2019..........SUNRISE   517 AM PDT   SUNSET   815 PM PDT


-  INDICATES NEGATIVE NUMBERS.
R  INDICATES RECORD WAS SET OR TIED.
MM INDICATES DATA IS MISSING.
T  INDICATES TRACE AMOUNT.




$$
