880
CDUS43 KPAH 182130
CLIPAH


CLIMATE REPORT
NATIONAL WEATHER SERVICE PADUCAH KY
428 PM CDT THU APR 18 2019


...................................

...THE PADUCAH KY CLIMATE SUMMARY FOR APRIL 18 2019...
VALID TODAY AS OF 0400 PM LOCAL TIME.

CLIMATE NORMAL PERIOD 1981 TO 2010
CLIMATE RECORD PERIOD 1937 TO 2019


WEATHER ITEM   OBSERVED TIME   RECORD YEAR NORMAL DEPARTURE LAST
                VALUE   (LST)  VALUE       VALUE  FROM      YEAR
                                                  NORMAL
..................................................................
TEMPERATURE (F)
 TODAY
  MAXIMUM         68   1223 AM  86    2006  70     -2       81
                                      2002
  MINIMUM         62    902 AM  29    2001  47     15       46
  AVERAGE         65                        59      6       64

PRECIPITATION (IN)
  TODAY            1.24          2.27 2013   0.17   1.07     0.00
  MONTH TO DATE    4.06                      2.69   1.37     2.03
  SINCE MAR 1     10.70                      6.62   4.08     5.99
  SINCE JAN 1     25.90                     14.21  11.69    18.54

SNOWFALL (IN)
  TODAY            0.0                                       0.0
  MONTH TO DATE    0.0                                       1.0
  SINCE JUL 1      6.1                                      13.7
  SNOW DEPTH       0

..................................................................


WIND (MPH)
  HIGHEST WIND SPEED    14   HIGHEST WIND DIRECTION     S (170)
  HIGHEST GUST SPEED    23   HIGHEST GUST DIRECTION     S (170)




RELATIVE HUMIDITY (PERCENT)
 HIGHEST    93
 LOWEST     63

..........................................................


THE PADUCAH KY CLIMATE NORMALS FOR TOMORROW
                         NORMAL    RECORD    YEAR
 MAXIMUM TEMPERATURE (F)   71        88      1971
 MINIMUM TEMPERATURE (F)   48        29      1983
                                             1953


SUNRISE AND SUNSET
APRIL 18 2019.........SUNRISE   617 AM CDT   SUNSET   732 PM CDT
APRIL 19 2019.........SUNRISE   616 AM CDT   SUNSET   733 PM CDT


-  INDICATES NEGATIVE NUMBERS.
R  INDICATES RECORD WAS SET OR TIED.
MM INDICATES DATA IS MISSING.
T  INDICATES TRACE AMOUNT.




$$
