000
CDUS44 KLZK 162110
CLIPBF


CLIMATE REPORT
NATIONAL WEATHER SERVICE LITTLE ROCK AR
410 PM CDT TUE JUL 16 2019


...................................

...THE PINE BLUFF CLIMATE SUMMARY FOR JULY 16 2019...
VALID TODAY AS OF 0400 PM LOCAL TIME.

CLIMATE NORMAL PERIOD 1981 TO 2010
CLIMATE RECORD PERIOD 1883 TO 2019


WEATHER ITEM   OBSERVED TIME   RECORD YEAR NORMAL DEPARTURE LAST
                VALUE   (LST)  VALUE       VALUE  FROM      YEAR
                                                  NORMAL
..................................................................
TEMPERATURE (F)
 TODAY
  MAXIMUM         81    302 PM 105    1980  92    -11       91
  MINIMUM         71    635 AM  58    1926  72     -1       74
  AVERAGE         76                        82     -6       83

PRECIPITATION (IN)
  TODAY            4.09R         1.25 1924   0.13   3.96     0.45
  MONTH TO DATE   10.91                      2.02   8.89     1.50
  SINCE JUN 1     14.84                      5.60   9.24     3.60
  SINCE JAN 1     45.39                     28.80  16.59    37.62

SNOWFALL (IN)
  TODAY            0.0          MM      MM   0.0    0.0      0.0
  MONTH TO DATE    0.0                       0.0    0.0      0.0
  SINCE JUN 1      0.0                       0.0    0.0      0.0
  SINCE JUL 1      0.0                       0.0    0.0      0.0
  SNOW DEPTH       0

DEGREE DAYS
 HEATING
  TODAY            0                         0      0        0
  MONTH TO DATE    0                         0      0        0
  SINCE JUN 1      0                         0      0        0
  SINCE JUL 1      0                         0      0        0

 COOLING
  TODAY           11                        17     -6       18
  MONTH TO DATE  252                       271    -19      304
  SINCE JUN 1    636                       693    -57      797
  SINCE JAN 1    952                      1000    -48     1233
..................................................................


WIND (MPH)
  HIGHEST WIND SPEED    22   HIGHEST WIND DIRECTION     W (290)
  HIGHEST GUST SPEED    30   HIGHEST GUST DIRECTION     W (290)
  AVERAGE WIND SPEED     9.0


SKY COVER
  POSSIBLE SUNSHINE  MM
  AVERAGE SKY COVER 1.0


WEATHER CONDITIONS
 THE FOLLOWING WEATHER WAS RECORDED TODAY.
  THUNDERSTORM
  HEAVY RAIN
  RAIN
  LIGHT RAIN
  FOG


RELATIVE HUMIDITY (PERCENT)
 HIGHEST   100           700 AM
 LOWEST     85           200 PM
 AVERAGE    93

..........................................................


THE PINE BLUFF CLIMATE NORMALS FOR TOMORROW
                         NORMAL    RECORD    YEAR
 MAXIMUM TEMPERATURE (F)   92       107      1901
 MINIMUM TEMPERATURE (F)   72        60      1930


SUNRISE AND SUNSET
JULY 16 2019..........SUNRISE   608 AM CDT   SUNSET   820 PM CDT
JULY 17 2019..........SUNRISE   608 AM CDT   SUNSET   819 PM CDT


-  INDICATES NEGATIVE NUMBERS.
R  INDICATES RECORD WAS SET OR TIED.
MM INDICATES DATA IS MISSING.
T  INDICATES TRACE AMOUNT.




$$
