000
CDUS44 KLZK 240634
CLIPBF


CLIMATE REPORT
NATIONAL WEATHER SERVICE LITTLE ROCK AR
134 AM CDT WED APR 24 2019


...................................

...THE PINE BLUFF CLIMATE SUMMARY FOR APRIL 23 2019...

CLIMATE NORMAL PERIOD 1981 TO 2010
CLIMATE RECORD PERIOD 1883 TO 2019


WEATHER ITEM   OBSERVED TIME   RECORD YEAR NORMAL DEPARTURE LAST
                VALUE   (LST)  VALUE       VALUE  FROM      YEAR
                                                  NORMAL
..................................................................
TEMPERATURE (F)
 YESTERDAY
  MAXIMUM         79    313 PM  96    1905  76      3       64
  MINIMUM         59   1219 AM  38    1931  54      5       53
  AVERAGE         69                        65      4       59

PRECIPITATION (IN)
  YESTERDAY        0.00          4.05 1941   0.17  -0.17      T
  MONTH TO DATE    7.82                      3.78   4.04     7.87
  SINCE MAR 1     12.44                      9.18   3.26    13.55
  SINCE JAN 1     23.39                     17.00   6.39    31.37

SNOWFALL (IN)
  YESTERDAY        0.0          MM      MM   0.0    0.0      0.0
  MONTH TO DATE    0.0                       0.0    0.0       T
  SINCE MAR 1      0.0                       0.0    0.0       T
  SINCE JUL 1      1.0                       3.1   -2.1      4.1
  SNOW DEPTH       0

DEGREE DAYS
 HEATING
  YESTERDAY        0                         3     -3        6
  MONTH TO DATE  111                       114     -3      219
  SINCE MAR 1    528                       461     67      479
  SINCE JUL 1   2867                      2849     18     2893

 COOLING
  YESTERDAY        4                         3      1        0
  MONTH TO DATE   24                        43    -19       13
  SINCE MAR 1     24                        60    -36       36
  SINCE JAN 1     30                        63    -33       52
..................................................................


WIND (MPH)
  HIGHEST WIND SPEED    16   HIGHEST WIND DIRECTION     S (200)
  HIGHEST GUST SPEED    23   HIGHEST GUST DIRECTION     S (200)
  AVERAGE WIND SPEED     6.9


SKY COVER
  POSSIBLE SUNSHINE  MM
  AVERAGE SKY COVER 0.0


WEATHER CONDITIONS
 THE FOLLOWING WEATHER WAS RECORDED YESTERDAY.
  NO SIGNIFICANT WEATHER WAS OBSERVED.


RELATIVE HUMIDITY (PERCENT)
 HIGHEST    90           700 AM
 LOWEST     45           300 PM
 AVERAGE    68

..........................................................


THE PINE BLUFF CLIMATE NORMALS FOR TODAY
                         NORMAL    RECORD    YEAR
 MAXIMUM TEMPERATURE (F)   76        90      1965
 MINIMUM TEMPERATURE (F)   54        41      1982
                                             1951
                                             1910


SUNRISE AND SUNSET
APRIL 24 2019.........SUNRISE   626 AM CDT   SUNSET   746 PM CDT
APRIL 25 2019.........SUNRISE   625 AM CDT   SUNSET   747 PM CDT


-  INDICATES NEGATIVE NUMBERS.
R  INDICATES RECORD WAS SET OR TIED.
MM INDICATES DATA IS MISSING.
T  INDICATES TRACE AMOUNT.




$$
