000
CDUS42 KMFL 200836
CLIPBI


CLIMATE REPORT
NATIONAL WEATHER SERVICE MIAMI, FL
436 AM EDT SAT APR 20 2019


...................................

...THE WEST PALM BEACH CLIMATE SUMMARY FOR APRIL 19 2019...

CLIMATE NORMAL PERIOD 1981 TO 2010
CLIMATE RECORD PERIOD 1888 TO 2019


WEATHER ITEM   OBSERVED TIME   RECORD YEAR NORMAL DEPARTURE LAST
                VALUE   (LST)  VALUE       VALUE  FROM      YEAR
                                                  NORMAL
..................................................................
TEMPERATURE (F)
 YESTERDAY
  MAXIMUM         87    134 PM  93    1967  82      5       83
  MINIMUM         70   1102 PM  49    1997  66      4       61
  AVERAGE         79                        74      5       72

PRECIPITATION (IN)
  YESTERDAY        0.49          3.14 1972   0.12   0.37     0.00
  MONTH TO DATE    1.43                      2.46  -1.03     4.22
  SINCE NOV 1     18.87                     21.13  -2.26    13.06
  SINCE JAN 1     15.64                     13.00   2.64     9.62

SNOWFALL (IN)
  YESTERDAY        0.0
  MONTH TO DATE    0.0
  SINCE MAR 1      0.0
  SINCE JUL 1      0.0
  SNOW DEPTH       0

DEGREE DAYS
 HEATING
  YESTERDAY        0                         0      0        0
  MONTH TO DATE    0                         0      0        0
  SINCE MAR 1     11                        24    -13       39
  SINCE JUL 1    144                       229    -85      179

 COOLING
  YESTERDAY       14                         9      5        7
  MONTH TO DATE  238                       155     83      181
  SINCE MAR 1    470                       348    122      314
  SINCE JAN 1    814                       583    231      720
..................................................................


WIND (MPH)
  HIGHEST WIND SPEED    32   HIGHEST WIND DIRECTION     W (280)
  HIGHEST GUST SPEED    40   HIGHEST GUST DIRECTION     W (280)
  AVERAGE WIND SPEED    15.8


SKY COVER
  AVERAGE SKY COVER 0.8


WEATHER CONDITIONS
 THE FOLLOWING WEATHER WAS RECORDED YESTERDAY.
  THUNDERSTORM
  HEAVY RAIN
  LIGHT RAIN
  FOG


RELATIVE HUMIDITY (PERCENT)
 HIGHEST    93
 LOWEST     55
 AVERAGE    74

..........................................................


THE WEST PALM BEACH CLIMATE NORMALS FOR TODAY
                         NORMAL    RECORD    YEAR
 MAXIMUM TEMPERATURE (F)   82        92      2006
 MINIMUM TEMPERATURE (F)   66        55      1999
                                             1997
                                             1936


SUNRISE AND SUNSET
APRIL 20 2019.........SUNRISE   652 AM EDT   SUNSET   747 PM EDT
APRIL 21 2019.........SUNRISE   651 AM EDT   SUNSET   748 PM EDT


-  INDICATES NEGATIVE NUMBERS.
R  INDICATES RECORD WAS SET OR TIED.
MM INDICATES DATA IS MISSING.
T  INDICATES TRACE AMOUNT.




$$
