000
CDUS42 KMFL 160822
CLIPBI


CLIMATE REPORT
NATIONAL WEATHER SERVICE MIAMI, FL
422 AM EDT SUN JUN 16 2019


...................................

...THE WEST PALM BEACH CLIMATE SUMMARY FOR JUNE 15 2019...

CLIMATE NORMAL PERIOD 1981 TO 2010
CLIMATE RECORD PERIOD 1888 TO 2019


WEATHER ITEM   OBSERVED TIME   RECORD YEAR NORMAL DEPARTURE LAST
                VALUE   (LST)  VALUE       VALUE  FROM      YEAR
                                                  NORMAL
..................................................................
TEMPERATURE (F)
 YESTERDAY
  MAXIMUM         89   1256 PM  98    1998  88      1       87
  MINIMUM         76    351 AM  64    1913  74      2       73
  AVERAGE         83                        81      2       80

PRECIPITATION (IN)
  YESTERDAY        0.31          6.56 1936   0.30   0.01     0.09
  MONTH TO DATE    4.03                      4.14  -0.11     7.04
  SINCE JUN 1      4.03                      4.14  -0.11     7.04
  SINCE JAN 1     25.04                     22.85   2.19    31.16

SNOWFALL (IN)
  YESTERDAY        0.0
  MONTH TO DATE    0.0
  SINCE JUN 1      0.0
  SINCE JUL 1      0.0
  SNOW DEPTH       0

DEGREE DAYS
 HEATING
  YESTERDAY        0                         0      0        0
  MONTH TO DATE    0                         0      0        0
  SINCE JUN 1      0                         0      0        0
  SINCE JUL 1    144                       233    -89      179

 COOLING
  YESTERDAY       18                        16      2       15
  MONTH TO DATE  285                       239     46      223
  SINCE JUN 1    285                       239     46      223
  SINCE JAN 1   1686                      1348    338     1450
..................................................................


WIND (MPH)
  HIGHEST WIND SPEED    17   HIGHEST WIND DIRECTION     E (110)
  HIGHEST GUST SPEED    20   HIGHEST GUST DIRECTION     E (70)
  AVERAGE WIND SPEED     5.9


SKY COVER
  AVERAGE SKY COVER 0.7


WEATHER CONDITIONS
 THE FOLLOWING WEATHER WAS RECORDED YESTERDAY.
  THUNDERSTORM
  LIGHT RAIN


RELATIVE HUMIDITY (PERCENT)
 HIGHEST    88
 LOWEST     59
 AVERAGE    74

..........................................................


THE WEST PALM BEACH CLIMATE NORMALS FOR TODAY
                         NORMAL    RECORD    YEAR
 MAXIMUM TEMPERATURE (F)   89        95      1971
                                             1961
                                             1958
 MINIMUM TEMPERATURE (F)   74        65      1919


SUNRISE AND SUNSET
JUNE 16 2019..........SUNRISE   627 AM EDT   SUNSET   816 PM EDT
JUNE 17 2019..........SUNRISE   627 AM EDT   SUNSET   816 PM EDT


-  INDICATES NEGATIVE NUMBERS.
R  INDICATES RECORD WAS SET OR TIED.
MM INDICATES DATA IS MISSING.
T  INDICATES TRACE AMOUNT.




$$
