000
CDUS46 KPQR 250224
CLIPDX


CLIMATE REPORT
NATIONAL WEATHER SERVICE PORTLAND OREGON
724 PM PDT TUE APR 24 2018


...................................

...THE PORTLAND OR CLIMATE SUMMARY FOR APRIL 24 2018...
VALID TODAY AS OF 0700 PM LOCAL TIME.

CLIMATE NORMAL PERIOD 1981 TO 2010
CLIMATE RECORD PERIOD 1940 TO 2018


WEATHER ITEM   OBSERVED TIME   RECORD YEAR NORMAL DEPARTURE LAST
                VALUE   (LST)  VALUE       VALUE  FROM      YEAR
                                                  NORMAL
..................................................................
TEMPERATURE (F)
 TODAY
  MAXIMUM         80R   336 PM  79    1999  63     17       54
                                      1946
  MINIMUM         53    348 AM  32    1950  44      9       44
  AVERAGE         67                        54     13       49

PRECIPITATION (IN)
  TODAY            0.00          1.02 2017   0.09  -0.09     1.02
  MONTH TO DATE    3.24                      2.26   0.98     4.00
  SINCE OCT 1     27.06                     28.60  -1.54    45.50
  SINCE JAN 1     12.96                     14.48  -1.52    25.75

SNOWFALL (IN)
  TODAY            0.0           0.0  2016
  MONTH TO DATE    T
  SINCE MAR 1      T
  SINCE JUL 1      7.6

DEGREE DAYS
 HEATING
  TODAY            0                        12    -12       16
  MONTH TO DATE  296                       319    -23      336
  SINCE MAR 1    842                       841      1      866
  SINCE JUL 1   3763                      3899   -136     4071

 COOLING
  TODAY            2                         0      2        0
  MONTH TO DATE    2                         0      2        0
  SINCE MAR 1      2                         0      2        0
  SINCE JAN 1      2                         0      2        0
..................................................................


WIND (MPH)
  HIGHEST WIND SPEED    24   HIGHEST WIND DIRECTION     E (80)
  HIGHEST GUST SPEED    30   HIGHEST GUST DIRECTION     E (100)
  AVERAGE WIND SPEED    14.6



WEATHER CONDITIONS
 THE FOLLOWING WEATHER WAS RECORDED TODAY.
  NO SIGNIFICANT WEATHER WAS OBSERVED.


RELATIVE HUMIDITY (PERCENT)
 HIGHEST    45           400 AM
 LOWEST     19           100 PM
 AVERAGE    32

..........................................................


THE PORTLAND OR CLIMATE NORMALS FOR TOMORROW
                         NORMAL    RECORD    YEAR
 MAXIMUM TEMPERATURE (F)   63        82      2001
 MINIMUM TEMPERATURE (F)   44        32      1955


SUNRISE AND SUNSET
APRIL 24 2018.........SUNRISE   609 AM PDT   SUNSET   809 PM PDT
APRIL 25 2018.........SUNRISE   608 AM PDT   SUNSET   810 PM PDT


-  INDICATES NEGATIVE NUMBERS.
R  INDICATES RECORD WAS SET OR TIED.
MM INDICATES DATA IS MISSING.
T  INDICATES TRACE AMOUNT.




$$
