000
CDUS46 KPQR 181147
CLIPDX


CLIMATE REPORT
NATIONAL WEATHER SERVICE PORTLAND OREGON
446 AM PDT THU JUL 18 2019


...................................

...THE PORTLAND OR CLIMATE SUMMARY FOR JULY 17 2019...

CLIMATE NORMAL PERIOD 1981 TO 2010
CLIMATE RECORD PERIOD 1940 TO 2019


WEATHER ITEM   OBSERVED TIME   RECORD YEAR NORMAL DEPARTURE LAST
                VALUE   (LST)  VALUE       VALUE  FROM      YEAR
                                                  NORMAL
..................................................................
TEMPERATURE (F)
 YESTERDAY
  MAXIMUM         75    442 PM 102    1979  81     -6       91
  MINIMUM         63    549 AM  49    1955  58      5       63
  AVERAGE         69                        70     -1       77

PRECIPITATION (IN)
  YESTERDAY        T             0.67 2011   0.02  -0.02     0.00
  MONTH TO DATE    0.79                      0.42   0.37     0.02
  SINCE OCT 1     25.53                     33.66  -8.13    28.38
  SINCE JAN 1     14.16                     19.54  -5.38    14.28

SNOWFALL (IN)
  YESTERDAY        0.0          MM      MM
  MONTH TO DATE    0.0
  SINCE JUN 1      0.0
  SINCE JUL 1      0.0

DEGREE DAYS
 HEATING
  YESTERDAY        0                         0      0        0
  MONTH TO DATE    3                        15    -12        2
  SINCE JUN 1     49                       106    -57       46
  SINCE JUL 1      3                        15    -12        2

 COOLING
  YESTERDAY        4                         5     -1       12
  MONTH TO DATE   76                        68      8      144
  SINCE JUN 1    150                       115     35      217
  SINCE JAN 1    178                       132     46      260
..................................................................


WIND (MPH)
  HIGHEST WIND SPEED    17   HIGHEST WIND DIRECTION    SW (230)
  HIGHEST GUST SPEED    21   HIGHEST GUST DIRECTION    SW (230)
  AVERAGE WIND SPEED     8.1


SKY COVER
  POSSIBLE SUNSHINE  MM
  AVERAGE SKY COVER 1.0


WEATHER CONDITIONS
 THE FOLLOWING WEATHER WAS RECORDED YESTERDAY.
  LIGHT RAIN


RELATIVE HUMIDITY (PERCENT)
 HIGHEST    70          1100 PM
 LOWEST     53           100 PM
 AVERAGE    62

..........................................................


THE PORTLAND OR CLIMATE NORMALS FOR TODAY
                         NORMAL    RECORD    YEAR
 MAXIMUM TEMPERATURE (F)   81       104      1944
 MINIMUM TEMPERATURE (F)   58        47      1986


SUNRISE AND SUNSET
JULY 18 2019..........SUNRISE   539 AM PDT   SUNSET   854 PM PDT
JULY 19 2019..........SUNRISE   540 AM PDT   SUNSET   853 PM PDT


-  INDICATES NEGATIVE NUMBERS.
R  INDICATES RECORD WAS SET OR TIED.
MM INDICATES DATA IS MISSING.
T  INDICATES TRACE AMOUNT.




$$
