000
CDUS46 KPQR 261143
CLIPDX


CLIMATE REPORT
NATIONAL WEATHER SERVICE PORTLAND OREGON
443 AM PDT FRI APR 26 2019


...................................

...THE PORTLAND OR CLIMATE SUMMARY FOR APRIL 25 2019...

CLIMATE NORMAL PERIOD 1981 TO 2010
CLIMATE RECORD PERIOD 1940 TO 2019


WEATHER ITEM   OBSERVED TIME   RECORD YEAR NORMAL DEPARTURE LAST
                VALUE   (LST)  VALUE       VALUE  FROM      YEAR
                                                  NORMAL
..................................................................
TEMPERATURE (F)
 YESTERDAY
  MAXIMUM         74    256 PM  84    2018  63     11       84
  MINIMUM         46    542 AM  32    1955  44      2       52
  AVERAGE         60                        54      6       68

PRECIPITATION (IN)
  YESTERDAY        0.00          1.00 1989   0.08  -0.08     0.00
  MONTH TO DATE    2.97                      2.34   0.63     3.24
  SINCE OCT 1     22.77                     28.68  -5.91    27.06
  SINCE JAN 1     11.40                     14.56  -3.16    12.96

SNOWFALL (IN)
  YESTERDAY        0.0           0.0  2016
  MONTH TO DATE    0.0
  SINCE MAR 1      0.5
  SINCE JUL 1      7.0

DEGREE DAYS
 HEATING
  YESTERDAY        5                        11     -6        0
  MONTH TO DATE  267                       330    -63      296
  SINCE MAR 1    829                       852    -23      842
  SINCE JUL 1   3724                      3910   -186     3763

 COOLING
  YESTERDAY        0                         0      0        3
  MONTH TO DATE    0                         0      0        5
  SINCE MAR 1      0                         0      0        5
  SINCE JAN 1      0                         0      0        5
..................................................................


WIND (MPH)
  HIGHEST WIND SPEED    16   HIGHEST WIND DIRECTION     W (280)
  HIGHEST GUST SPEED    19   HIGHEST GUST DIRECTION     W (280)
  AVERAGE WIND SPEED     7.8


SKY COVER
  POSSIBLE SUNSHINE  MM
  AVERAGE SKY COVER 0.7


WEATHER CONDITIONS
 THE FOLLOWING WEATHER WAS RECORDED YESTERDAY.
  NO SIGNIFICANT WEATHER WAS OBSERVED.


RELATIVE HUMIDITY (PERCENT)
 HIGHEST    71           100 AM
 LOWEST     27           300 PM
 AVERAGE    49

..........................................................


THE PORTLAND OR CLIMATE NORMALS FOR TODAY
                         NORMAL    RECORD    YEAR
 MAXIMUM TEMPERATURE (F)   63        86      2018
                                             2004
                                             1947
 MINIMUM TEMPERATURE (F)   44        34      1970
                                             1969
                                             1958


SUNRISE AND SUNSET
APRIL 26 2019.........SUNRISE   606 AM PDT   SUNSET   811 PM PDT
APRIL 27 2019.........SUNRISE   605 AM PDT   SUNSET   812 PM PDT


-  INDICATES NEGATIVE NUMBERS.
R  INDICATES RECORD WAS SET OR TIED.
MM INDICATES DATA IS MISSING.
T  INDICATES TRACE AMOUNT.




$$
