215
CDUS41 KPBZ 240701
CLIPHD


CLIMATE REPORT
NATIONAL WEATHER SERVICE PITTSBURGH PA
301 AM EDT WED APR 24 2019


...................................

...THE NEW PHILADELPHIA OH CLIMATE SUMMARY FOR APRIL 23 2019...

CLIMATE NORMAL PERIOD 1981 TO 2010
CLIMATE RECORD PERIOD 1948 TO 2019


WEATHER ITEM   OBSERVED TIME   RECORD YEAR NORMAL DEPARTURE LAST
                VALUE   (LST)  VALUE       VALUE  FROM      YEAR
                                                  NORMAL
..................................................................
TEMPERATURE (F)
 YESTERDAY
  MAXIMUM         75    413 PM  88    1985  66      9       74
  MINIMUM         50    451 AM  24    1982  41      9       44
  AVERAGE         63                        53     10       59

PRECIPITATION (IN)
  YESTERDAY        T             1.75 2007   0.11  -0.11     0.00
  MONTH TO DATE    1.75                      2.55  -0.80     4.14
  SINCE JUN 1     37.32                     33.85   3.47    34.54
  SINCE JAN 1     10.07                     10.55  -0.48    14.02

DEGREE DAYS
 HEATING
  YESTERDAY        2                        12    -10        6
  MONTH TO DATE  260                       354    -94      462
  SINCE MAR 1   1121                      1133    -12     1362
  SINCE JUL 1   5187                      5340   -153     5452

 COOLING
  YESTERDAY        0                         0      0        0
  MONTH TO DATE    5                         0      5        8
  SINCE MAR 1      5                         1      4        8
  SINCE JAN 1      5                         1      4       13
..................................................................


WIND (MPH)
  HIGHEST WIND SPEED    20   HIGHEST WIND DIRECTION     W (290)
  HIGHEST GUST SPEED    29   HIGHEST GUST DIRECTION     W (290)
  AVERAGE WIND SPEED     8.5


SKY COVER
  POSSIBLE SUNSHINE  MM
  AVERAGE SKY COVER 0.4


WEATHER CONDITIONS
 THE FOLLOWING WEATHER WAS RECORDED YESTERDAY.
  NO SIGNIFICANT WEATHER WAS OBSERVED.


RELATIVE HUMIDITY (PERCENT)
 HIGHEST    86           200 AM
 LOWEST     41          1000 AM
 AVERAGE    64

..........................................................


THE NEW PHILADELPHIA OH CLIMATE NORMALS FOR TODAY
                         NORMAL    RECORD    YEAR
 MAXIMUM TEMPERATURE (F)   66        90      1985
 MINIMUM TEMPERATURE (F)   41        26      2015
                                             1986


SUNRISE AND SUNSET
APRIL 24 2019.........SUNRISE   634 AM EDT   SUNSET   814 PM EDT
APRIL 25 2019.........SUNRISE   633 AM EDT   SUNSET   815 PM EDT


-  INDICATES NEGATIVE NUMBERS.
R  INDICATES RECORD WAS SET OR TIED.
MM INDICATES DATA IS MISSING.
T  INDICATES TRACE AMOUNT.




$$
