000
CDUS41 KPBZ 162119
CLIPHD


CLIMATE REPORT
NATIONAL WEATHER SERVICE PITTSBURGH PA
519 PM EDT TUE JUL 16 2019


...................................

...THE NEW PHILADELPHIA OH CLIMATE SUMMARY FOR JULY 16 2019...
VALID TODAY AS OF 0500 PM LOCAL TIME.

CLIMATE NORMAL PERIOD 1981 TO 2010
CLIMATE RECORD PERIOD 1948 TO 2019


WEATHER ITEM   OBSERVED TIME   RECORD YEAR NORMAL DEPARTURE LAST
                VALUE   (LST)  VALUE       VALUE  FROM      YEAR
                                                  NORMAL
..................................................................
TEMPERATURE (F)
 TODAY
  MAXIMUM         84    358 PM  98    1995  84      0       90
                                      1988
  MINIMUM         70    227 AM  49    2015  62      8       69
                                      1967
  AVERAGE         77                        73      4       80

PRECIPITATION (IN)
  TODAY            0.00          0.97 1992   0.13  -0.13     0.53
  MONTH TO DATE    1.81                      1.89  -0.08     1.44
  SINCE JUN 1      8.85                      5.62   3.23     5.81
  SINCE JAN 1     24.67                     21.22   3.45    23.09

DEGREE DAYS
 HEATING
  TODAY            0                         0      0        0
  MONTH TO DATE    0                         0      0        0
  SINCE JUN 1     33                        35     -2       15
  SINCE JUL 1      0                         0      0        0

 COOLING
  TODAY           12                         8      4       15
  MONTH TO DATE  186                       119     67      181
  SINCE JUN 1    336                       262     74      392
  SINCE JAN 1    434                       305    129      555
..................................................................


WIND (MPH)
  HIGHEST WIND SPEED    10   HIGHEST WIND DIRECTION     S (180)
  HIGHEST GUST SPEED    13   HIGHEST GUST DIRECTION     S (160)
  AVERAGE WIND SPEED     3.2


SKY COVER
  POSSIBLE SUNSHINE  MM
  AVERAGE SKY COVER 0.2


WEATHER CONDITIONS
 THE FOLLOWING WEATHER WAS RECORDED TODAY.
  FOG


RELATIVE HUMIDITY (PERCENT)
 HIGHEST    93          1200 AM
 LOWEST     65           100 PM
 AVERAGE    79

..........................................................


THE NEW PHILADELPHIA OH CLIMATE NORMALS FOR TOMORROW
                         NORMAL    RECORD    YEAR
 MAXIMUM TEMPERATURE (F)   84       102      1988
 MINIMUM TEMPERATURE (F)   62        49      1974


SUNRISE AND SUNSET
JULY 16 2019..........SUNRISE   609 AM EDT   SUNSET   854 PM EDT
JULY 17 2019..........SUNRISE   610 AM EDT   SUNSET   854 PM EDT


-  INDICATES NEGATIVE NUMBERS.
R  INDICATES RECORD WAS SET OR TIED.
MM INDICATES DATA IS MISSING.
T  INDICATES TRACE AMOUNT.




$$
