000
CDUS41 KPHI 190554
CLIPHL


CLIMATE REPORT
NATIONAL WEATHER SERVICE MOUNT HOLLY NJ
154 AM EDT FRI APR 19 2019


...................................

...THE PHILADELPHIA PA CLIMATE SUMMARY FOR APRIL 18 2019...

CLIMATE NORMAL PERIOD 1981 TO 2010
CLIMATE RECORD PERIOD 1872 TO 2019


WEATHER ITEM   OBSERVED TIME   RECORD YEAR NORMAL DEPARTURE LAST
                VALUE   (LST)  VALUE       VALUE  FROM      YEAR
                                                  NORMAL
..................................................................
TEMPERATURE (F)
 YESTERDAY
  MAXIMUM         81    435 PM  94    1976  65     16       56
  MINIMUM         52    129 AM  25    1875  45      7       36
  AVERAGE         67                        55     12       46

PRECIPITATION (IN)
  YESTERDAY        0.00          2.16 1924   0.11  -0.11     0.00
  MONTH TO DATE    1.21                      2.21  -1.00     3.13
  SINCE MAR 1      5.06                      6.00  -0.94     7.87
  SINCE JAN 1     12.25                     11.68   0.57    16.74

SNOWFALL (IN)
  YESTERDAY        0.0           T    2001   0.0    0.0      0.0
                                      1997
                                      1921
  MONTH TO DATE    0.0                       0.4   -0.4       T
  SINCE MAR 1      4.0                       3.3    0.7     15.2
  SINCE JUL 1     17.1                      22.3   -5.2     29.8
  SNOW DEPTH       0

DEGREE DAYS
 HEATING
  YESTERDAY        0                        11    -11       19
  MONTH TO DATE  153                       241    -88      301
  SINCE MAR 1    838                       906    -68     1064
  SINCE JUL 1   4245                      4388   -143     4224

 COOLING
  YESTERDAY        2                         0      2        0
  MONTH TO DATE   11                         0     11        8
  SINCE MAR 1     13                         1     12        8
  SINCE JAN 1     13                         1     12        8
..................................................................


WIND (MPH)
  HIGHEST WIND SPEED    20   HIGHEST WIND DIRECTION    SW (220)
  HIGHEST GUST SPEED    28   HIGHEST GUST DIRECTION    SW (220)
  AVERAGE WIND SPEED    11.3


SKY COVER
  POSSIBLE SUNSHINE  MM
  AVERAGE SKY COVER 0.8


WEATHER CONDITIONS
 THE FOLLOWING WEATHER WAS RECORDED YESTERDAY.
  NO SIGNIFICANT WEATHER WAS OBSERVED.


RELATIVE HUMIDITY (PERCENT)
 HIGHEST    75           800 AM
 LOWEST     42           400 PM
 AVERAGE    59

..........................................................


THE PHILADELPHIA PA CLIMATE NORMALS FOR TODAY
                         NORMAL    RECORD    YEAR
 MAXIMUM TEMPERATURE (F)   65        91      1896
 MINIMUM TEMPERATURE (F)   45        20      1875


SUNRISE AND SUNSET
APRIL 19 2019.........SUNRISE   618 AM EDT   SUNSET   743 PM EDT
APRIL 20 2019.........SUNRISE   616 AM EDT   SUNSET   744 PM EDT


-  INDICATES NEGATIVE NUMBERS.
R  INDICATES RECORD WAS SET OR TIED.
MM INDICATES DATA IS MISSING.
T  INDICATES TRACE AMOUNT.




$$
