000
CDUS41 KPHI 200610
CLIPHL


CLIMATE REPORT
NATIONAL WEATHER SERVICE MOUNT HOLLY NJ
202 AM EDT THU JUN 20 2019


...................................

...THE PHILADELPHIA PA CLIMATE SUMMARY FOR JUNE 19 2019...

CLIMATE NORMAL PERIOD 1981 TO 2010
CLIMATE RECORD PERIOD 1872 TO 2019


WEATHER ITEM   OBSERVED TIME   RECORD YEAR NORMAL DEPARTURE LAST
                VALUE   (LST)  VALUE       VALUE  FROM      YEAR
                                                  NORMAL
..................................................................
TEMPERATURE (F)
 YESTERDAY
  MAXIMUM         85    350 PM 100    1994  84      1       88
  MINIMUM         69   1154 PM  53    1946  65      4       74
  AVERAGE         77                        74      3       81

PRECIPITATION (IN)
  YESTERDAY        1.76R         1.64 1935   0.10   1.66      T
  MONTH TO DATE    4.84                      2.20   2.64     2.63
  SINCE JUN 1      4.84                      2.20   2.64     2.63
  SINCE JAN 1     24.12                     18.94   5.18    25.39

SNOWFALL (IN)
  YESTERDAY        0.0           0.0    MM   0.0    0.0      0.0
  MONTH TO DATE    0.0                       0.0    0.0      0.0
  SINCE JUN 1      0.0                       0.0    0.0      0.0
  SINCE JUL 1     17.1                      22.4   -5.3     29.8
  SNOW DEPTH       0

DEGREE DAYS
 HEATING
  YESTERDAY        0                         0      0        0
  MONTH TO DATE    3                         9     -6        7
  SINCE JUN 1      3                         9     -6        7
  SINCE JUL 1   4362                      4611   -249     4405

 COOLING
  YESTERDAY       12                        10      2       16
  MONTH TO DATE  129                       139    -10      132
  SINCE JUN 1    129                       139    -10      132
  SINCE JAN 1    279                       230     49      268
..................................................................


WIND (MPH)
  HIGHEST WIND SPEED    18   HIGHEST WIND DIRECTION    SE (130)
  HIGHEST GUST SPEED    21   HIGHEST GUST DIRECTION    SE (120)
  AVERAGE WIND SPEED     4.9


SKY COVER
  POSSIBLE SUNSHINE  MM
  AVERAGE SKY COVER 0.9


WEATHER CONDITIONS
 THE FOLLOWING WEATHER WAS RECORDED YESTERDAY.
  THUNDERSTORM
  HEAVY RAIN
  RAIN
  LIGHT RAIN
  FOG


RELATIVE HUMIDITY (PERCENT)
 HIGHEST   100          1200 AM
 LOWEST     61           400 PM
 AVERAGE    81

..........................................................


THE PHILADELPHIA PA CLIMATE NORMALS FOR TODAY
                         NORMAL    RECORD    YEAR
 MAXIMUM TEMPERATURE (F)   84        98      1931
                                             1923
                                             1893
 MINIMUM TEMPERATURE (F)   65        51      1956
                                             1914


SUNRISE AND SUNSET
JUNE 20 2019..........SUNRISE   532 AM EDT   SUNSET   833 PM EDT
JUNE 21 2019..........SUNRISE   533 AM EDT   SUNSET   833 PM EDT


-  INDICATES NEGATIVE NUMBERS.
R  INDICATES RECORD WAS SET OR TIED.
MM INDICATES DATA IS MISSING.
T  INDICATES TRACE AMOUNT.




$$
