000
CDUS43 KUNR 240832
CLIPHP


CLIMATE REPORT
NATIONAL WEATHER SERVICE RAPID CITY SD
232 AM MDT WED APR 24 2019


...................................

...THE PHILIP SD CLIMATE SUMMARY FOR APRIL 23 2019...

CLIMATE NORMAL PERIOD 1981 TO 2010
CLIMATE RECORD PERIOD 9999 TO 9999


WEATHER ITEM   OBSERVED TIME   NORMAL DEPARTURE LAST
                VALUE   (LST)  VALUE  FROM      YEAR
                                      NORMAL
......................................................
TEMPERATURE (F)
 YESTERDAY
  MAXIMUM         74    419 PM  63     11       72
  MINIMUM         34    511 AM  35     -1       35
  AVERAGE         54            49      5       54

PRECIPITATION (IN)
  YESTERDAY        0.00          0.08  -0.08     0.01
  MONTH TO DATE    1.24          1.23   0.01     0.91
  SINCE MAR 1      1.97          2.50  -0.53     2.63
  SINCE JAN 1      3.01          3.28  -0.27     4.06

DEGREE DAYS
 HEATING
  YESTERDAY       11            16     -5       11
  MONTH TO DATE  458           460     -2      671
  SINCE MAR 1   1635          1398    237     1690
  SINCE JUL 1   7466          6763    703     7230

 COOLING
  YESTERDAY        0             0      0        0
  MONTH TO DATE    0             0      0        0
  SINCE MAR 1      0             0      0        0
  SINCE JAN 1      0             0      0        0
......................................................


WIND (MPH)
  HIGHEST WIND SPEED    23   HIGHEST WIND DIRECTION    SW (210)
  HIGHEST GUST SPEED    30   HIGHEST GUST DIRECTION    SW (210)
  AVERAGE WIND SPEED     7.3


SKY COVER
  AVERAGE SKY COVER 0.0


WEATHER CONDITIONS
 THE FOLLOWING WEATHER WAS RECORDED YESTERDAY.
  NO SIGNIFICANT WEATHER WAS OBSERVED.


RELATIVE HUMIDITY (PERCENT)
 HIGHEST   100           500 AM
 LOWEST     33           400 PM
 AVERAGE    67

..........................................................




SUNRISE AND SUNSET
APRIL 24 2019.........SUNRISE   549 AM MDT   SUNSET   741 PM MDT
APRIL 25 2019.........SUNRISE   547 AM MDT   SUNSET   742 PM MDT


-  INDICATES NEGATIVE NUMBERS.
R  INDICATES RECORD WAS SET OR TIED.
MM INDICATES DATA IS MISSING.
T  INDICATES TRACE AMOUNT.




$$
