000
CDUS43 KUNR 220834
CLIPHP


CLIMATE REPORT
NATIONAL WEATHER SERVICE RAPID CITY SD
233 AM MDT MON JUL 22 2019


...................................

...THE PHILIP SD CLIMATE SUMMARY FOR JULY 21 2019...

CLIMATE NORMAL PERIOD 1981 TO 2010
CLIMATE RECORD PERIOD 9999 TO 9999


WEATHER ITEM   OBSERVED TIME   NORMAL DEPARTURE LAST
                VALUE   (LST)  VALUE  FROM      YEAR
                                      NORMAL
......................................................
TEMPERATURE (F)
 YESTERDAY
  MAXIMUM         77    237 PM  91    -14       93
  MINIMUM         55   1159 PM  61     -6       58
  AVERAGE         66            76    -10       76

PRECIPITATION (IN)
  YESTERDAY        0.06          0.05   0.01     0.02
  MONTH TO DATE    3.23          1.51   1.72     0.09
  SINCE JUN 1      4.43          4.44  -0.01     3.02
  SINCE JAN 1     15.25         11.36   3.89     9.99

DEGREE DAYS
 HEATING
  YESTERDAY        0             0      0        0
  MONTH TO DATE    0             3     -3        0
  SINCE JUN 1     58            66     -8       18
  SINCE JUL 1      0             3     -3        0

 COOLING
  YESTERDAY        1            11    -10       11
  MONTH TO DATE  177           194    -17      278
  SINCE JUN 1    274           317    -43      439
  SINCE JAN 1    280           344    -64      504
......................................................


WIND (MPH)
  HIGHEST WIND SPEED    18   HIGHEST WIND DIRECTION    NE (40)
  HIGHEST GUST SPEED    23   HIGHEST GUST DIRECTION    NE (50)
  AVERAGE WIND SPEED     7.3


SKY COVER
  AVERAGE SKY COVER 0.5


WEATHER CONDITIONS
 THE FOLLOWING WEATHER WAS RECORDED YESTERDAY.
  LIGHT RAIN
  FOG


RELATIVE HUMIDITY (PERCENT)
 HIGHEST   100           300 AM
 LOWEST     53          1200 PM
 AVERAGE    77

..........................................................




SUNRISE AND SUNSET
JULY 22 2019..........SUNRISE   524 AM MDT   SUNSET   821 PM MDT
JULY 23 2019..........SUNRISE   525 AM MDT   SUNSET   820 PM MDT


-  INDICATES NEGATIVE NUMBERS.
R  INDICATES RECORD WAS SET OR TIED.
MM INDICATES DATA IS MISSING.
T  INDICATES TRACE AMOUNT.




$$
