000
CDUS45 KPSR 190813
CLIPHX

CLIMATE REPORT
NATIONAL WEATHER SERVICE PHOENIX AZ
112 AM MST FRI APR 19 2019


...................................

...THE PHOENIX AZ CLIMATE SUMMARY FOR APRIL 18 2019...

CLIMATE NORMAL PERIOD 1981 TO 2010
CLIMATE RECORD PERIOD 1895 TO 2019


WEATHER ITEM   OBSERVED TIME   RECORD YEAR NORMAL DEPARTURE LAST
                VALUE   (LST)  VALUE       VALUE  FROM      YEAR
                                                  NORMAL
..................................................................
TEMPERATURE (F)
 YESTERDAY
  MAXIMUM         92    448 PM 100    1989  86      6       83
                                      1962
  MINIMUM         60    632 AM  38    1896  61     -1       54
  AVERAGE         76                        73      3       69

PRECIPITATION (IN)
  YESTERDAY        0.00          0.21 1917   0.00   0.00     0.00
  MONTH TO DATE    0.01                      0.22  -0.21     0.00
  SINCE OCT 1      8.73                      5.15   3.58     1.00
  SINCE JAN 1      2.84                      3.04  -0.20     0.77

SNOWFALL (IN)
  YESTERDAY        0.0
  MONTH TO DATE    0.0
  SINCE JAN 1      0.0
  SINCE JUL 1      0.0
  SNOW DEPTH       0

DEGREE DAYS
 HEATING
  YESTERDAY        0                         0      0        0
  MONTH TO DATE    0                        17    -17        0
  SINCE MAR 1     59                        98    -39       35
  SINCE JUL 1    981                       931     50      499

 COOLING
  YESTERDAY       11                         9      2        4
  MONTH TO DATE  137                       123     14      207
  SINCE MAR 1    223                       210     13      307
  SINCE JAN 1    223                       227     -4      329
..................................................................


WIND (MPH)
  HIGHEST WIND SPEED    13   HIGHEST WIND DIRECTION     E (80)
  HIGHEST GUST SPEED    19   HIGHEST GUST DIRECTION    NW (300)
  AVERAGE WIND SPEED     6.3


SKY COVER
  AVERAGE SKY COVER 0.2


WEATHER CONDITIONS
 THE FOLLOWING WEATHER WAS RECORDED YESTERDAY.
  NO SIGNIFICANT WEATHER WAS OBSERVED.


RELATIVE HUMIDITY (PERCENT)
 HIGHEST    64           500 AM
 LOWEST     13           500 PM
 AVERAGE    39

..........................................................


THE PHOENIX AZ CLIMATE NORMALS FOR TODAY
                         NORMAL    RECORD    YEAR
 MAXIMUM TEMPERATURE (F)   86       103      1989
 MINIMUM TEMPERATURE (F)   61        37      1968


SUNRISE AND SUNSET
APRIL 19 2019.........SUNRISE   553 AM MST   SUNSET   702 PM MST
APRIL 20 2019.........SUNRISE   552 AM MST   SUNSET   702 PM MST


-  INDICATES NEGATIVE NUMBERS.
R  INDICATES RECORD WAS SET OR TIED.
MM INDICATES DATA IS MISSING.
T  INDICATES TRACE AMOUNT.

&&
.....................................................................

DEW POINT
  HIGHEST DEW POINT    42
   LOWEST DEW POINT    33
  AVERAGE DEW POINT    36
.....................................................................

$$
