000
CDUS45 KPSR 220030
CLIPHX

CDUS45 KPSR DDHHMM
CLIPHX

CLIMATE REPORT
NATIONAL WEATHER SERVICE PHOENIX AZ
528 PM MST MON MAY 21 2018


...................................

...THE PHOENIX AZ CLIMATE SUMMARY FOR MAY 21 2018...
VALID TODAY AS OF 0500 PM LOCAL TIME.

CLIMATE NORMAL PERIOD 1981 TO 2010
CLIMATE RECORD PERIOD 1895 TO 2018


WEATHER ITEM   OBSERVED TIME   RECORD YEAR NORMAL DEPARTURE LAST
                VALUE   (LST)  VALUE       VALUE  FROM      YEAR
                                                  NORMAL
..................................................................
TEMPERATURE (F)
 TODAY
  MAXIMUM         97    308 PM 109    2005  96      1      101
  MINIMUM         72    535 AM  48    1902  71      1       70
  AVERAGE         85                        84      1       86

PRECIPITATION (IN)
  TODAY            0.00          0.42 1920   0.00   0.00     0.00
  MONTH TO DATE    0.00                      0.08  -0.08     0.01
  SINCE OCT 1      1.00                      5.29  -4.29     4.24
  SINCE JAN 1      0.77                      3.18  -2.41     2.41

SNOWFALL (IN)
  TODAY            0.0
  MONTH TO DATE    0.0
  SINCE JAN 1      0.0
  SINCE JUL 1      0.0
  SNOW DEPTH       0

DEGREE DAYS
 HEATING
  TODAY            0                         0      0        0
  MONTH TO DATE    0                         0      0        0
  SINCE MAR 1     35                       101    -66       25
  SINCE JUL 1    499                       934   -435      693

 COOLING
  TODAY           20                        19      1       21
  MONTH TO DATE  378                       329     49      295
  SINCE MAR 1    859                       667    192      819
  SINCE JAN 1    881                       684    197      839
..................................................................


WIND (MPH)
  HIGHEST WIND SPEED    20   HIGHEST WIND DIRECTION     W (290)
  HIGHEST GUST SPEED    26   HIGHEST GUST DIRECTION     S (160)
  AVERAGE WIND SPEED     8.2


SKY COVER
  AVERAGE SKY COVER 0.6


WEATHER CONDITIONS
 THE FOLLOWING WEATHER WAS RECORDED TODAY.
  NO SIGNIFICANT WEATHER WAS OBSERVED.


RELATIVE HUMIDITY (PERCENT)
 HIGHEST    23           400 AM
 LOWEST      6           100 PM
 AVERAGE    15

..........................................................


THE PHOENIX AZ CLIMATE NORMALS FOR TOMORROW
                         NORMAL    RECORD    YEAR
 MAXIMUM TEMPERATURE (F)   97       109      2005
                                             2000
 MINIMUM TEMPERATURE (F)   71        48      1962


SUNRISE AND SUNSET
MAY 21 2018...........SUNRISE   524 AM MST   SUNSET   726 PM MST
MAY 22 2018...........SUNRISE   523 AM MST   SUNSET   726 PM MST


-  INDICATES NEGATIVE NUMBERS.
R  INDICATES RECORD WAS SET OR TIED.
MM INDICATES DATA IS MISSING.
T  INDICATES TRACE AMOUNT.

$$
