000
CDUS43 KILX 160635
CLIPIA

CLIMATE REPORT
NATIONAL WEATHER SERVICE LINCOLN IL
132 AM CDT SUN JUN 16 2019

...................................

...THE PEORIA IL CLIMATE SUMMARY FOR JUNE 15 2019...

CLIMATE NORMAL PERIOD 1981 TO 2010
CLIMATE RECORD PERIOD 1883 TO 2019


WEATHER ITEM   OBSERVED TIME   RECORD YEAR NORMAL DEPARTURE LAST
                VALUE   (LST)  VALUE       VALUE  FROM      YEAR
                                                  NORMAL
..................................................................
TEMPERATURE (F)
 YESTERDAY
  MAXIMUM         76    542 PM  98    1894  82     -6       92
  MINIMUM         62    640 AM  43    1917  62      0       67
  AVERAGE         69                        72     -3       80

PRECIPITATION (IN)
  YESTERDAY        1.16          2.63 2011   0.12   1.04     0.01
  MONTH TO DATE    1.63                      1.77  -0.14     0.85
  SINCE JUN 1      1.63                      1.77  -0.14     0.85
  SINCE JAN 1     24.23                     16.10   8.13    16.78

SNOWFALL (IN)
  YESTERDAY        0.0           0.0    MM   0.0    0.0      0.0
  MONTH TO DATE    0.0                       0.0    0.0      0.0
  SINCE JUN 1      0.0                       0.0    0.0      0.0
  SINCE JUL 1     36.4                      24.6   11.8     32.1
  SNOW DEPTH       0

DEGREE DAYS
 HEATING
  YESTERDAY        0                         0      0        0
  MONTH TO DATE    5                        17    -12        0
  SINCE JUN 1      5                        17    -12        0
  SINCE JUL 1   6028                      5830    198     5769

 COOLING
  YESTERDAY        4                         7     -3       15
  MONTH TO DATE   83                        85     -2      139
  SINCE JUN 1     83                        85     -2      139
  SINCE JAN 1    164                       166     -2      362
..................................................................

WIND (MPH)
  HIGHEST WIND SPEED    23   HIGHEST WIND DIRECTION     W (290)
  HIGHEST GUST SPEED    41   HIGHEST GUST DIRECTION     W (260)
  AVERAGE WIND SPEED    10.2

SKY COVER
  POSSIBLE SUNSHINE  MM
  AVERAGE SKY COVER 0.8

WEATHER CONDITIONS
 THE FOLLOWING WEATHER WAS RECORDED YESTERDAY.
  THUNDERSTORM
  HEAVY RAIN
  RAIN
  LIGHT RAIN
  FOG

RELATIVE HUMIDITY (PERCENT)
 HIGHEST    93          1000 AM
 LOWEST     73          1200 AM
 AVERAGE    83

..........................................................

THE PEORIA IL CLIMATE NORMALS FOR TODAY
                         NORMAL    RECORD    YEAR
 MAXIMUM TEMPERATURE (F)   83       100      1918
 MINIMUM TEMPERATURE (F)   62        40      1917

SUNRISE AND SUNSET
JUNE 16 2019..........SUNRISE   527 AM CDT   SUNSET   832 PM CDT
JUNE 17 2019..........SUNRISE   527 AM CDT   SUNSET   832 PM CDT

-  INDICATES NEGATIVE NUMBERS.
R  INDICATES RECORD WAS SET OR TIED.
MM INDICATES DATA IS MISSING.
T  INDICATES TRACE AMOUNT.

$$
GEELHART
