000
CDUS43 KILX 240633
CLIPIA


CLIMATE REPORT
NATIONAL WEATHER SERVICE LINCOLN IL
132 AM CDT TUE APR 24 2018


...................................

...THE PEORIA IL CLIMATE SUMMARY FOR APRIL 23 2018...

CLIMATE NORMAL PERIOD 1981 TO 2010
CLIMATE RECORD PERIOD 1883 TO 2018


WEATHER ITEM   OBSERVED TIME   RECORD YEAR NORMAL DEPARTURE LAST
                VALUE   (LST)  VALUE       VALUE  FROM      YEAR
                                                  NORMAL
..................................................................
TEMPERATURE (F)
 YESTERDAY
  MAXIMUM         70    145 PM  88    1886  66      4       72
  MINIMUM         48    640 AM  23    1910  44      4       36
  AVERAGE         59                        55      4       54

PRECIPITATION (IN)
  YESTERDAY        0.01          2.00 1976   0.12  -0.11     0.00
  MONTH TO DATE    1.73                      2.72  -0.99     3.25
  SINCE MAR 1      5.45                      5.52  -0.07     7.28
  SINCE JAN 1     11.87                      9.09   2.78     9.94

SNOWFALL (IN)
  YESTERDAY        0.0           1.4  1967   0.0    0.0      0.0
  MONTH TO DATE    2.5                       0.6    1.9      0.0
  SINCE MAR 1     11.8                       3.3    8.5      4.2
  SINCE JUL 1     32.1                      24.6    7.5     13.9
  SNOW DEPTH       0

DEGREE DAYS
 HEATING
  YESTERDAY        6                        11     -5       11
  MONTH TO DATE  525                       330    195      187
  SINCE MAR 1   1336                      1086    250      879
  SINCE JUL 1   5696                      5602     94     4486

 COOLING
  YESTERDAY        0                         1     -1        0
  MONTH TO DATE    2                         6     -4       16
  SINCE MAR 1      2                         7     -5       16
  SINCE JAN 1      2                         7     -5       16
..................................................................


WIND (MPH)
  HIGHEST WIND SPEED    21   HIGHEST WIND DIRECTION     E (70)
  HIGHEST GUST SPEED    27   HIGHEST GUST DIRECTION     E (80)
  AVERAGE WIND SPEED    11.5


SKY COVER
  POSSIBLE SUNSHINE  MM
  AVERAGE SKY COVER 0.6


WEATHER CONDITIONS
 THE FOLLOWING WEATHER WAS RECORDED YESTERDAY.
  LIGHT RAIN
  FOG


RELATIVE HUMIDITY (PERCENT)
 HIGHEST    93           800 PM
 LOWEST     31           200 PM
 AVERAGE    62

..........................................................


THE PEORIA IL CLIMATE NORMALS FOR TODAY
                         NORMAL    RECORD    YEAR
 MAXIMUM TEMPERATURE (F)   66        85      1990
                                             1948
                                             1925
 MINIMUM TEMPERATURE (F)   45        22      1910


SUNRISE AND SUNSET
APRIL 24 2018.........SUNRISE   607 AM CDT   SUNSET   748 PM CDT
APRIL 25 2018.........SUNRISE   605 AM CDT   SUNSET   749 PM CDT


-  INDICATES NEGATIVE NUMBERS.
R  INDICATES RECORD WAS SET OR TIED.
MM INDICATES DATA IS MISSING.
T  INDICATES TRACE AMOUNT.




$$
