000
CDUS43 KILX 210630
CLIPIA

CLIMATE REPORT
NATIONAL WEATHER SERVICE LINCOLN IL
128 AM CDT SUN APR 21 2019

...................................

...THE PEORIA IL CLIMATE SUMMARY FOR APRIL 20 2019...

CLIMATE NORMAL PERIOD 1981 TO 2010
CLIMATE RECORD PERIOD 1883 TO 2019

WEATHER ITEM   OBSERVED TIME   RECORD YEAR NORMAL DEPARTURE LAST
                VALUE   (LST)  VALUE       VALUE  FROM      YEAR
                                                  NORMAL
..................................................................
TEMPERATURE (F)
 YESTERDAY
  MAXIMUM         68    459 PM  89    1987  65      3       62
  MINIMUM         37    553 AM  28    2018  43     -6       28
                                      1897
  AVERAGE         53                        54     -1       45

PRECIPITATION (IN)
  YESTERDAY        0.00          2.60 1905   0.13  -0.13     0.00
  MONTH TO DATE    1.94                      2.36  -0.42     1.72
  SINCE MAR 1      6.28                      5.16   1.12     5.44
  SINCE JAN 1     11.93                      8.73   3.20    11.86

SNOWFALL (IN)
  YESTERDAY        0.0           T    1959   0.0    0.0      0.0
                                      1953
                                      1950
  MONTH TO DATE    5.0                       0.6    4.4      2.5
  SINCE MAR 1      5.8                       3.3    2.5     11.8
  SINCE JUL 1     36.4                      24.6   11.8     32.1
  SNOW DEPTH       0

DEGREE DAYS
 HEATING
  YESTERDAY       12                        12      0       20
  MONTH TO DATE  259                       297    -38      500
  SINCE MAR 1   1104                      1053     51     1311
  SINCE JUL 1   5763                      5569    194     5671

 COOLING
  YESTERDAY        0                         1     -1        0
  MONTH TO DATE    3                         3      0        2
  SINCE MAR 1      3                         4     -1        2
  SINCE JAN 1      3                         4     -1        2
..................................................................

WIND (MPH)
  HIGHEST WIND SPEED    15   HIGHEST WIND DIRECTION    NW (320)
  HIGHEST GUST SPEED    25   HIGHEST GUST DIRECTION     N (10)
  AVERAGE WIND SPEED     6.0

SKY COVER
  POSSIBLE SUNSHINE  MM
  AVERAGE SKY COVER 0.0

WEATHER CONDITIONS
 THE FOLLOWING WEATHER WAS RECORDED YESTERDAY.
  NO SIGNIFICANT WEATHER WAS OBSERVED.

RELATIVE HUMIDITY (PERCENT)
 HIGHEST    59           400 AM
 LOWEST     17           300 PM
 AVERAGE    38

..........................................................

THE PEORIA IL CLIMATE NORMALS FOR TODAY
                         NORMAL    RECORD    YEAR
 MAXIMUM TEMPERATURE (F)   65        85      1985
 MINIMUM TEMPERATURE (F)   44        28      1943


SUNRISE AND SUNSET
APRIL 21 2019.........SUNRISE   611 AM CDT   SUNSET   744 PM CDT
APRIL 22 2019.........SUNRISE   610 AM CDT   SUNSET   745 PM CDT


-  INDICATES NEGATIVE NUMBERS.
R  INDICATES RECORD WAS SET OR TIED.
MM INDICATES DATA IS MISSING.
T  INDICATES TRACE AMOUNT.

$$
GEELHART
