749
CDUS45 KPIH 210734
CLIPIH


CLIMATE REPORT
NATIONAL WEATHER SERVICE POCATELLO ID
131 AM MDT SUN APR 21 2019


...................................

...THE POCATELLO ID CLIMATE SUMMARY FOR APRIL 20 2019...

CLIMATE NORMAL PERIOD 1981 TO 2010
CLIMATE RECORD PERIOD 1939 TO 2019


WEATHER ITEM   OBSERVED TIME   RECORD YEAR NORMAL DEPARTURE LAST
                VALUE   (LST)  VALUE       VALUE  FROM      YEAR
                                                  NORMAL
..................................................................
TEMPERATURE (F)
 YESTERDAY
  MAXIMUM         70    151 PM  83    1994  60     10       69
  MINIMUM         48    545 AM  17    1982  34     14       32
  AVERAGE         59                        47     12       51

PRECIPITATION (IN)
  YESTERDAY        0.02          0.71 1984   0.04  -0.02     0.00
  MONTH TO DATE    1.77                      0.72   1.05     0.78
  SINCE OCT 1      9.50                      7.16   2.34     6.81
  SINCE JAN 1      6.61                      3.94   2.67     4.02

SNOWFALL (IN)
  YESTERDAY        0.0
  MONTH TO DATE    0.4
  SINCE MAR 1      3.7
  SINCE JUL 1     40.3
  SNOW DEPTH       0

DEGREE DAYS
 HEATING
  YESTERDAY        6                        18    -12       14
  MONTH TO DATE  344                       412    -68      369
  SINCE MAR 1   1233                      1251    -18     1180
  SINCE JUL 1   6497                      6524    -27     5888

 COOLING
  YESTERDAY        0                         0      0        0
  MONTH TO DATE    0                         0      0        0
  SINCE MAR 1      0                         0      0        0
  SINCE JAN 1      0                         0      0        0
..................................................................


WIND (MPH)
  HIGHEST WIND SPEED    24   HIGHEST WIND DIRECTION     W (250)
  HIGHEST GUST SPEED    29   HIGHEST GUST DIRECTION     W (250)
  AVERAGE WIND SPEED     9.3


SKY COVER
  POSSIBLE SUNSHINE  MM
  AVERAGE SKY COVER 0.6


WEATHER CONDITIONS
 THE FOLLOWING WEATHER WAS RECORDED YESTERDAY.
  LIGHT RAIN


RELATIVE HUMIDITY (PERCENT)
 HIGHEST    77          1100 PM
 LOWEST     28           200 PM
 AVERAGE    53

..........................................................


THE POCATELLO ID CLIMATE NORMALS FOR TODAY
                         NORMAL    RECORD    YEAR
 MAXIMUM TEMPERATURE (F)   60        86      1994
 MINIMUM TEMPERATURE (F)   34        15      2008


SUNRISE AND SUNSET
APRIL 21 2019.........SUNRISE   639 AM MDT   SUNSET   820 PM MDT
APRIL 22 2019.........SUNRISE   638 AM MDT   SUNSET   821 PM MDT


-  INDICATES NEGATIVE NUMBERS.
R  INDICATES RECORD WAS SET OR TIED.
MM INDICATES DATA IS MISSING.
T  INDICATES TRACE AMOUNT.




$$
