000
CDUS45 KPIH 160736
CLIPIH


CLIMATE REPORT
NATIONAL WEATHER SERVICE POCATELLO ID
135 AM MDT SUN JUN 16 2019


...................................

...THE POCATELLO ID CLIMATE SUMMARY FOR JUNE 15 2019...

CLIMATE NORMAL PERIOD 1981 TO 2010
CLIMATE RECORD PERIOD 1939 TO 2019


WEATHER ITEM   OBSERVED TIME   RECORD YEAR NORMAL DEPARTURE LAST
                VALUE   (LST)  VALUE       VALUE  FROM      YEAR
                                                  NORMAL
..................................................................
TEMPERATURE (F)
 YESTERDAY
  MAXIMUM         83    316 PM  99    1974  78      5       70
  MINIMUM         46    509 AM  32    1981  46      0       53
  AVERAGE         65                        62      3       62

PRECIPITATION (IN)
  YESTERDAY        0.00          0.56 1964   0.03  -0.03     0.01
  MONTH TO DATE    0.35                      0.62  -0.27     0.02
  SINCE OCT 1     11.78                      9.67   2.11     7.98
  SINCE JAN 1      8.89                      6.45   2.44     5.19

SNOWFALL (IN)
  YESTERDAY        0.0
  MONTH TO DATE    0.0
  SINCE JUN 1      0.0
  SINCE JUL 1     40.3
  SNOW DEPTH       0

DEGREE DAYS
 HEATING
  YESTERDAY        0                         4     -4        3
  MONTH TO DATE   72                        88    -16       69
  SINCE JUN 1     72                        88    -16       69
  SINCE JUL 1   7120                      7135    -15     6309

 COOLING
  YESTERDAY        0                         1     -1        0
  MONTH TO DATE   13                        14     -1        9
  SINCE JUN 1     13                        14     -1        9
  SINCE JAN 1     13                        19     -6       10
..................................................................


WIND (MPH)
  HIGHEST WIND SPEED    22   HIGHEST WIND DIRECTION     W (250)
  HIGHEST GUST SPEED    26   HIGHEST GUST DIRECTION     W (270)
  AVERAGE WIND SPEED    10.7


SKY COVER
  POSSIBLE SUNSHINE  MM
  AVERAGE SKY COVER 0.1


WEATHER CONDITIONS
 THE FOLLOWING WEATHER WAS RECORDED YESTERDAY.
  NO SIGNIFICANT WEATHER WAS OBSERVED.


RELATIVE HUMIDITY (PERCENT)
 HIGHEST    77           400 AM
 LOWEST     16           600 PM
 AVERAGE    47

..........................................................


THE POCATELLO ID CLIMATE NORMALS FOR TODAY
                         NORMAL    RECORD    YEAR
 MAXIMUM TEMPERATURE (F)   78        97      1974
                                             1940
 MINIMUM TEMPERATURE (F)   47        33      1945


SUNRISE AND SUNSET
JUNE 16 2019..........SUNRISE   551 AM MDT   SUNSET   911 PM MDT
JUNE 17 2019..........SUNRISE   551 AM MDT   SUNSET   912 PM MDT


-  INDICATES NEGATIVE NUMBERS.
R  INDICATES RECORD WAS SET OR TIED.
MM INDICATES DATA IS MISSING.
T  INDICATES TRACE AMOUNT.




$$
