000
CDUS43 KABR 191507
CLIPIR


CLIMATE REPORT
NATIONAL WEATHER SERVICE ABERDEEN SD
1006 AM CDT FRI APR 19 2019


...................................

...THE PIERRE SD CLIMATE SUMMARY FOR APRIL 18 2019...

CLIMATE NORMAL PERIOD 1981 TO 2010
CLIMATE RECORD PERIOD 1892 TO 2019


WEATHER ITEM   OBSERVED TIME   RECORD YEAR NORMAL DEPARTURE LAST
                VALUE   (LST)  VALUE       VALUE  FROM      YEAR
                                                  NORMAL
..................................................................
TEMPERATURE (F)
 YESTERDAY
  MAXIMUM         61    331 PM  90    1987  61      0
  MINIMUM         34    312 AM  16    1953  35     -1
  AVERAGE         48                        48      0

PRECIPITATION (IN)
  YESTERDAY        0.00          1.04 1930   0.07  -0.07
  MONTH TO DATE    2.48                      0.96   1.52
  SINCE MAR 1      4.27                      2.19   2.08
  SINCE JAN 1      6.28                      3.20   3.08

SNOWFALL (IN)
  YESTERDAY        0.0           5.0  1995   0.1   -0.1      2.0
  MONTH TO DATE   16.1                       2.9   13.2     16.0
  SINCE OCT 1     66.3                      30.7   35.6     48.0
  SINCE JUL 1     66.3                      30.7   35.6     48.0
  SNOW DEPTH       0

DEGREE DAYS
 HEATING
  YESTERDAY       17                                0
  MONTH TO DATE  413                               42
  SINCE MAR 1   1639                              321
  SINCE JUL 1   7557                              741

 COOLING
  YESTERDAY        0                                0
  MONTH TO DATE    0                                0
  SINCE MAR 1      0                                0
  SINCE JAN 1      0                                0
..................................................................


WIND (MPH)
  HIGHEST WIND SPEED    25   HIGHEST WIND DIRECTION     N (360)
  HIGHEST GUST SPEED    33   HIGHEST GUST DIRECTION     N (20)
  AVERAGE WIND SPEED    12.5


SKY COVER
  AVERAGE SKY COVER 0.2


WEATHER CONDITIONS
 THE FOLLOWING WEATHER WAS RECORDED YESTERDAY.
  FOG


RELATIVE HUMIDITY (PERCENT)
 HIGHEST   100
 LOWEST     39
 AVERAGE    70

..........................................................


THE PIERRE SD CLIMATE NORMALS FOR TODAY
                         NORMAL    RECORD    YEAR
 MAXIMUM TEMPERATURE (F)   62        88      1961
 MINIMUM TEMPERATURE (F)   36        17      1966


SUNRISE AND SUNSET
APRIL 19 2019.........SUNRISE   651 AM CDT   SUNSET   830 PM CDT
APRIL 20 2019.........SUNRISE   649 AM CDT   SUNSET   832 PM CDT


-  INDICATES NEGATIVE NUMBERS.
R  INDICATES RECORD WAS SET OR TIED.
MM INDICATES DATA IS MISSING.
T  INDICATES TRACE AMOUNT.




$$
