000
CDUS43 KABR 250647
CLIPIR


CLIMATE REPORT
NATIONAL WEATHER SERVICE ABERDEEN SD
147 AM CDT TUE JUN 25 2019


...................................

...THE PIERRE SD CLIMATE SUMMARY FOR JUNE 24 2019...

CLIMATE NORMAL PERIOD 1981 TO 2010
CLIMATE RECORD PERIOD 1892 TO 2019


WEATHER ITEM   OBSERVED TIME   RECORD YEAR NORMAL DEPARTURE LAST
                VALUE   (LST)  VALUE       VALUE  FROM      YEAR
                                                  NORMAL
..................................................................
TEMPERATURE (F)
 YESTERDAY
  MAXIMUM         81    348 PM 112    1988  83     -2
  MINIMUM         53    507 AM  42    1958  58     -5
  AVERAGE         67                        71     -4

PRECIPITATION (IN)
  YESTERDAY        0.04          2.14 1969   0.10  -0.06
  MONTH TO DATE    1.76                      2.98  -1.22
  SINCE JUN 1      1.76                      2.98  -1.22
  SINCE JAN 1     15.61                     10.18   5.43

SNOWFALL (IN)
  YESTERDAY        0.0           0.0    MM   0.0    0.0      0.0
  MONTH TO DATE    0.0                       0.0    0.0      0.0
  SINCE OCT 1     66.3                      31.9   34.4     48.0
  SINCE JUL 1     66.3                      31.9   34.4     48.0
  SNOW DEPTH       0

DEGREE DAYS
 HEATING
  YESTERDAY        0                               -1
  MONTH TO DATE   42                               -8
  SINCE JUN 1     42                               -8
  SINCE JUL 1   8168                              881

 COOLING
  YESTERDAY        2                               -4
  MONTH TO DATE   53                              -36
  SINCE JUN 1     53                              -36
  SINCE JAN 1     64                              -57
..................................................................


WIND (MPH)
  HIGHEST WIND SPEED    21   HIGHEST WIND DIRECTION     W (270)
  HIGHEST GUST SPEED    27   HIGHEST GUST DIRECTION     W (280)
  AVERAGE WIND SPEED     9.1


SKY COVER
  AVERAGE SKY COVER 0.1


WEATHER CONDITIONS
 THE FOLLOWING WEATHER WAS RECORDED YESTERDAY.
  THUNDERSTORM
  HEAVY RAIN
  LIGHT RAIN


RELATIVE HUMIDITY (PERCENT)
 HIGHEST    93
 LOWEST     42
 AVERAGE    68

..........................................................


THE PIERRE SD CLIMATE NORMALS FOR TODAY
                         NORMAL    RECORD    YEAR
 MAXIMUM TEMPERATURE (F)   84       107      1936
 MINIMUM TEMPERATURE (F)   58        39      1958


SUNRISE AND SUNSET
JUNE 25 2019..........SUNRISE   558 AM CDT   SUNSET   930 PM CDT
JUNE 26 2019..........SUNRISE   558 AM CDT   SUNSET   930 PM CDT


-  INDICATES NEGATIVE NUMBERS.
R  INDICATES RECORD WAS SET OR TIED.
MM INDICATES DATA IS MISSING.
T  INDICATES TRACE AMOUNT.




$$
