000
CDUS41 KPBZ 152128
CLIPIT

CLIMATE REPORT
NATIONAL WEATHER SERVICE PITTSBURGH PA
527 PM EDT SAT JUN 15 2019

...................................

...THE PITTSBURGH PA CLIMATE SUMMARY FOR JUNE 15 2019...
VALID TODAY AS OF 0500 PM LOCAL TIME.

CLIMATE NORMAL PERIOD 1981 TO 2010
CLIMATE RECORD PERIOD 1871 TO 2019

WEATHER ITEM   OBSERVED TIME   RECORD YEAR NORMAL DEPARTURE LAST
                VALUE   (LST)  VALUE       VALUE  FROM      YEAR
                                                  NORMAL
..................................................................
TEMPERATURE (F)
 TODAY
  MAXIMUM         74    345 PM  96    1994  79     -5       81
  MINIMUM         54    322 AM  41    1933  59     -5       55
  AVERAGE         64                        69     -5       68

PRECIPITATION (IN)
  TODAY            T             1.73 1889   0.14  -0.14     0.00
  MONTH TO DATE    1.11                      2.13  -1.02     3.10
  SINCE JUN 1      1.11                      2.13  -1.02     3.10
  SINCE JAN 1     20.08                     17.23   2.85    24.64

SNOWFALL (IN)
  TODAY            0.0           0.0  2002   0.0    0.0      0.0
                                      2001
  MONTH TO DATE    0.0                       0.0    0.0      0.0
  SINCE OCT 1     36.6                      41.9   -5.3     59.8
  SINCE JUL 1     36.6                      41.9   -5.3     59.8
  SNOW DEPTH       0

DEGREE DAYS
 HEATING
  TODAY            1                         1      0        0
  MONTH TO DATE   34                        29      5       19
  SINCE JUN 1     34                        29      5       19
  SINCE JUL 1   5554                      5701   -147     5537

 COOLING
  TODAY            0                         5     -5        3
  MONTH TO DATE   31                        57    -26       64
  SINCE JUN 1     31                        57    -26       64
  SINCE JAN 1    114                       109      5      232
..................................................................

WIND (MPH)
  HIGHEST WIND SPEED    18   HIGHEST WIND DIRECTION    SW (210)
  HIGHEST GUST SPEED    26   HIGHEST GUST DIRECTION    SW (210)
  AVERAGE WIND SPEED     7.4


SKY COVER
  POSSIBLE SUNSHINE  MM
  AVERAGE SKY COVER 0.9


WEATHER CONDITIONS
 THE FOLLOWING WEATHER WAS RECORDED TODAY.
  NO SIGNIFICANT WEATHER WAS OBSERVED.


RELATIVE HUMIDITY (PERCENT)
 HIGHEST    77           500 AM
 LOWEST     51          1100 AM
 AVERAGE    64

..........................................................


THE PITTSBURGH PA CLIMATE NORMALS FOR TOMORROW
                         NORMAL    RECORD    YEAR
 MAXIMUM TEMPERATURE (F)   80        97      1994
 MINIMUM TEMPERATURE (F)   59        43      1961
                                             1917


SUNRISE AND SUNSET
JUNE 15 2019..........SUNRISE   550 AM EDT   SUNSET   853 PM EDT
JUNE 16 2019..........SUNRISE   550 AM EDT   SUNSET   853 PM EDT


-  INDICATES NEGATIVE NUMBERS.
R  INDICATES RECORD WAS SET OR TIED.
MM INDICATES DATA IS MISSING.
T  INDICATES TRACE AMOUNT.

&&

SNOW DEPTH IS MEASURED AT 7 AM EDT.

$$
