204
CDUS41 KPBZ 210720
CLIPIT

CLIMATE REPORT
NATIONAL WEATHER SERVICE PITTSBURGH PA
320 AM EDT SUN APR 21 2019

...................................

...THE PITTSBURGH PA CLIMATE SUMMARY FOR APRIL 20 2019...

CLIMATE NORMAL PERIOD 1981 TO 2010
CLIMATE RECORD PERIOD 1871 TO 2019

WEATHER ITEM   OBSERVED TIME   RECORD YEAR NORMAL DEPARTURE LAST
                VALUE   (LST)  VALUE       VALUE  FROM      YEAR
                                                  NORMAL
..................................................................
TEMPERATURE (F)
 YESTERDAY
  MAXIMUM         66    436 PM  86    1941  64      2       53
  MINIMUM         49   1234 AM  25    1997  42      7       27
                                      1926
                                      1904
  AVERAGE         58                        53      5       40

PRECIPITATION (IN)
  YESTERDAY        0.56          2.24 1901   0.10   0.46     0.00
  MONTH TO DATE    2.06                      2.08  -0.02     3.93
  SINCE JUN 1     47.91                     33.21  14.70    41.65
  SINCE JAN 1     11.62                     10.12   1.50    18.21

SNOWFALL (IN)
  YESTERDAY       MM             0.9  1953   0.1   MM        0.0
  MONTH TO DATE    T                         1.4   -1.4      7.3
  SINCE OCT 1     36.6                      41.8   -5.2     59.8
  SINCE JUL 1     36.6                      41.8   -5.2     59.8
  SNOW DEPTH       0

DEGREE DAYS
 HEATING
  YESTERDAY        7                        13     -6       25
  MONTH TO DATE  219                       319   -100      423
  SINCE MAR 1   1090                      1107    -17     1349
  SINCE JUL 1   5306                      5364    -58     5357

 COOLING
  YESTERDAY        0                         0      0        0
  MONTH TO DATE    5                         0      5       12
  SINCE MAR 1      5                         1      4       12
  SINCE JAN 1      5                         1      4       16
..................................................................

WIND (MPH)
  HIGHEST WIND SPEED    18   HIGHEST WIND DIRECTION    NW (300)
  HIGHEST GUST SPEED    25   HIGHEST GUST DIRECTION     W (280)
  AVERAGE WIND SPEED     7.8


SKY COVER
  POSSIBLE SUNSHINE  MM
  AVERAGE SKY COVER 0.8


WEATHER CONDITIONS
 THE FOLLOWING WEATHER WAS RECORDED YESTERDAY.
  THUNDERSTORM
  RAIN
  LIGHT RAIN
  FOG
  FOG W/VISIBILITY <= 1/4 MILE


RELATIVE HUMIDITY (PERCENT)
 HIGHEST   100          1200 AM
 LOWEST     43           400 PM
 AVERAGE    72

..........................................................


THE PITTSBURGH PA CLIMATE NORMALS FOR TODAY
                         NORMAL    RECORD    YEAR
 MAXIMUM TEMPERATURE (F)   64        85      1985
 MINIMUM TEMPERATURE (F)   42        22      1875


SUNRISE AND SUNSET
APRIL 21 2019.........SUNRISE   634 AM EDT   SUNSET   806 PM EDT
APRIL 22 2019.........SUNRISE   632 AM EDT   SUNSET   807 PM EDT


-  INDICATES NEGATIVE NUMBERS.
R  INDICATES RECORD WAS SET OR TIED.
MM INDICATES DATA IS MISSING.
T  INDICATES TRACE AMOUNT.

&&

SNOW DEPTH IS MEASURED AT 7 AM EDT.

$$
