000
CDUS41 KRLX 252132
CLIPKB


CLIMATE REPORT
NATIONAL WEATHER SERVICE CHARLESTON WV
531 PM EDT WED APR 25 2018


...................................

...THE PARKERSBURG WV CLIMATE SUMMARY FOR APRIL 25 2018...
VALID TODAY AS OF 0500 PM LOCAL TIME.

CLIMATE NORMAL PERIOD 1981 TO 2010
CLIMATE RECORD PERIOD 1889 TO 2018


WEATHER ITEM   OBSERVED TIME   RECORD YEAR NORMAL DEPARTURE LAST
                VALUE   (LST)  VALUE       VALUE  FROM      YEAR
                                                  NORMAL
..................................................................
TEMPERATURE (F)
 TODAY
  MAXIMUM         61    107 PM  89    2009  69     -8       73
                                      1948
  MINIMUM         50    407 AM  31    1927  45      5       53
  AVERAGE         56                        57     -1       63

PRECIPITATION (IN)
  TODAY            0.01          1.61 1989   0.11  -0.10      T
  MONTH TO DATE    5.08                      2.72   2.36     3.48
  SINCE MAR 1      8.36                      6.45   1.91     8.03
  SINCE JAN 1     18.87                     12.10   6.77    16.58

DEGREE DAYS
 HEATING
  TODAY            9                         9      0        2
  MONTH TO DATE  426                       305    121      181
  SINCE MAR 1   1204                       976    228      817
  SINCE JUL 1   4859                      4766     93     3848

 COOLING
  TODAY            0                         1     -1        0
  MONTH TO DATE   20                        15      5       18
  SINCE MAR 1     20                        18      2       20
  SINCE JAN 1     26                        18      8       24
..................................................................


WIND (MPH)
  HIGHEST WIND SPEED    13   HIGHEST WIND DIRECTION    NW (300)
  HIGHEST GUST SPEED    17   HIGHEST GUST DIRECTION    NW (300)
  AVERAGE WIND SPEED     3.3


SKY COVER
  POSSIBLE SUNSHINE  MM
  AVERAGE SKY COVER 1.0


WEATHER CONDITIONS
 THE FOLLOWING WEATHER WAS RECORDED TODAY.
  LIGHT RAIN
  FOG


RELATIVE HUMIDITY (PERCENT)
 HIGHEST    96          1200 AM
 LOWEST     69           100 PM
 AVERAGE    83

..........................................................


THE PARKERSBURG WV CLIMATE NORMALS FOR TOMORROW
                         NORMAL    RECORD    YEAR
 MAXIMUM TEMPERATURE (F)   70        91      1948
 MINIMUM TEMPERATURE (F)   45        31      1928


SUNRISE AND SUNSET
APRIL 25 2018.........SUNRISE   635 AM EDT   SUNSET   813 PM EDT
APRIL 26 2018.........SUNRISE   633 AM EDT   SUNSET   814 PM EDT


-  INDICATES NEGATIVE NUMBERS.
R  INDICATES RECORD WAS SET OR TIED.
MM INDICATES DATA IS MISSING.
T  INDICATES TRACE AMOUNT.




$$
