000
CDUS41 KRLX 152126
CLIPKB

CLIMATE REPORT
NATIONAL WEATHER SERVICE CHARLESTON WV
525 PM EDT TUE OCT 15 2019


...................................

...THE PARKERSBURG WV CLIMATE SUMMARY FOR OCTOBER 15 2019...
VALID TODAY AS OF 0500 PM LOCAL TIME.

CLIMATE NORMAL PERIOD 1981 TO 2010
CLIMATE RECORD PERIOD 1926 TO 2019


WEATHER ITEM   OBSERVED TIME   RECORD YEAR NORMAL DEPARTURE LAST
                VALUE   (LST)  VALUE       VALUE  FROM      YEAR
                                                  NORMAL
..................................................................
TEMPERATURE (F)
 TODAY
  MAXIMUM         74    359 PM  86    1962  67      7       65
  MINIMUM         38    625 AM  28    1939  44     -6       47
                                      1937
  AVERAGE         56                        56      0       56

PRECIPITATION (IN)
  TODAY            0.00          3.40 1954   0.09  -0.09     0.24
  MONTH TO DATE    2.40                      1.37   1.03     1.86
  SINCE SEP 1      2.95                      4.45  -1.50     9.85
  SINCE JAN 1     36.40                     33.24   3.16    42.23

DEGREE DAYS
 HEATING
  TODAY            9                        10     -1        9
  MONTH TO DATE   64                       121    -57       64
  SINCE SEP 1     64                       192   -128       77
  SINCE JUL 1     64                       197   -133       77

 COOLING
  TODAY            0                         0      0        0
  MONTH TO DATE   49                        13     36       84
  SINCE SEP 1    285                       119    166      321
  SINCE JAN 1   1255                       949    306     1437
..................................................................


WIND (MPH)
  HIGHEST WIND SPEED    10   HIGHEST WIND DIRECTION     S (160)
  HIGHEST GUST SPEED    14   HIGHEST GUST DIRECTION     S (160)
  AVERAGE WIND SPEED     2.2


SKY COVER
  POSSIBLE SUNSHINE  MM
  AVERAGE SKY COVER 0.2


WEATHER CONDITIONS
 THE FOLLOWING WEATHER WAS RECORDED TODAY.
  FOG
  FOG W/VISIBILITY <= 1/4 MILE


RELATIVE HUMIDITY (PERCENT)
 HIGHEST   100           500 AM
 LOWEST     27           300 PM
 AVERAGE    64

..........................................................


THE PARKERSBURG WV CLIMATE NORMALS FOR TOMORROW
                         NORMAL    RECORD    YEAR
 MAXIMUM TEMPERATURE (F)   67        85      1947
 MINIMUM TEMPERATURE (F)   44        30      1939


SUNRISE AND SUNSET
OCTOBER 15 2019.......SUNRISE   735 AM EDT   SUNSET   647 PM EDT
OCTOBER 16 2019.......SUNRISE   736 AM EDT   SUNSET   646 PM EDT


-  INDICATES NEGATIVE NUMBERS.
R  INDICATES RECORD WAS SET OR TIED.
MM INDICATES DATA IS MISSING.
T  INDICATES TRACE AMOUNT.




$$
