000
CDUS41 KRLX 172117
CLIPKB


CLIMATE REPORT
NATIONAL WEATHER SERVICE CHARLESTON WV
516 PM EDT MON JUN 17 2019


...................................

...THE PARKERSBURG WV CLIMATE SUMMARY FOR JUNE 17 2019...
VALID TODAY AS OF 0500 PM LOCAL TIME.

CLIMATE NORMAL PERIOD 1981 TO 2010
CLIMATE RECORD PERIOD 1926 TO 2019


WEATHER ITEM   OBSERVED TIME   RECORD YEAR NORMAL DEPARTURE LAST
                VALUE   (LST)  VALUE       VALUE  FROM      YEAR
                                                  NORMAL
..................................................................
TEMPERATURE (F)
 TODAY
  MAXIMUM         82    359 PM  98    1936  83     -1       91
  MINIMUM         65    435 AM  47    1980  60      5       67
  AVERAGE         74                        71      3       79

PRECIPITATION (IN)
  TODAY            0.13          1.35 1949   0.14  -0.01     0.00
  MONTH TO DATE    1.73                      2.42  -0.69     1.10
  SINCE JUN 1      1.73                      2.42  -0.69     1.10
  SINCE JAN 1     20.55                     19.37   1.18    24.62

DEGREE DAYS
 HEATING
  TODAY            0                         0      0        0
  MONTH TO DATE   16                        18     -2       17
  SINCE JUN 1     16                        18     -2       17
  SINCE JUL 1   4611                      4971   -360     4954

 COOLING
  TODAY            9                         7      2       14
  MONTH TO DATE   63                        88    -25      108
  SINCE JUN 1     63                        88    -25      108
  SINCE JAN 1    208                       172     36      345
..................................................................


WIND (MPH)
  HIGHEST WIND SPEED    13   HIGHEST WIND DIRECTION    SW (220)
  HIGHEST GUST SPEED    19   HIGHEST GUST DIRECTION    SW (230)
  AVERAGE WIND SPEED     6.0


SKY COVER
  POSSIBLE SUNSHINE  MM
  AVERAGE SKY COVER 0.9


WEATHER CONDITIONS
 THE FOLLOWING WEATHER WAS RECORDED TODAY.
  LIGHT RAIN
  FOG


RELATIVE HUMIDITY (PERCENT)
 HIGHEST    93           300 AM
 LOWEST     62           300 PM
 AVERAGE    78

..........................................................


THE PARKERSBURG WV CLIMATE NORMALS FOR TOMORROW
                         NORMAL    RECORD    YEAR
 MAXIMUM TEMPERATURE (F)   83        98      1944
 MINIMUM TEMPERATURE (F)   61        47      1986


SUNRISE AND SUNSET
JUNE 17 2019..........SUNRISE   559 AM EDT   SUNSET   855 PM EDT
JUNE 18 2019..........SUNRISE   559 AM EDT   SUNSET   855 PM EDT


-  INDICATES NEGATIVE NUMBERS.
R  INDICATES RECORD WAS SET OR TIED.
MM INDICATES DATA IS MISSING.
T  INDICATES TRACE AMOUNT.




$$
