000
CDUS41 KRLX 210720
CLIPKB


CLIMATE REPORT
NATIONAL WEATHER SERVICE CHARLESTON WV
319 AM EDT SUN APR 21 2019


...................................

...THE PARKERSBURG WV CLIMATE SUMMARY FOR APRIL 20 2019...

CLIMATE NORMAL PERIOD 1981 TO 2010
CLIMATE RECORD PERIOD 1926 TO 2019


WEATHER ITEM   OBSERVED TIME   RECORD YEAR NORMAL DEPARTURE LAST
                VALUE   (LST)  VALUE       VALUE  FROM      YEAR
                                                  NORMAL
..................................................................
TEMPERATURE (F)
 YESTERDAY
  MAXIMUM         61   1145 AM  91    1976  68     -7       59
  MINIMUM         47   1159 PM  25    1926  43      4       28
  AVERAGE         54                        56     -2       44

PRECIPITATION (IN)
  YESTERDAY        0.18          0.63 1964   0.11   0.07     0.00
  MONTH TO DATE    1.65                      2.15  -0.50     3.94
  SINCE JAN 1     13.94                     11.53   2.41    17.98

DEGREE DAYS
 HEATING
  YESTERDAY       11                        10      1       21
  MONTH TO DATE  156                       258   -102      372
  SINCE MAR 1    894                       929    -35     1150
  SINCE JUL 1   4452                      4719   -267     4805

 COOLING
  YESTERDAY        0                         1     -1        0
  MONTH TO DATE   16                        10      6       20
  SINCE MAR 1     16                        13      3       20
  SINCE JAN 1     16                        13      3       26
..................................................................


WIND (MPH)
  HIGHEST WIND SPEED    16   HIGHEST WIND DIRECTION    SW (230)
  HIGHEST GUST SPEED    24   HIGHEST GUST DIRECTION    SW (230)
  AVERAGE WIND SPEED     5.8


SKY COVER
  POSSIBLE SUNSHINE  MM
  AVERAGE SKY COVER 1.0


WEATHER CONDITIONS
 THE FOLLOWING WEATHER WAS RECORDED YESTERDAY.
  LIGHT RAIN
  FOG
  FOG W/VISIBILITY <= 1/4 MILE


RELATIVE HUMIDITY (PERCENT)
 HIGHEST    96           400 AM
 LOWEST     51          1200 PM
 AVERAGE    74

..........................................................


THE PARKERSBURG WV CLIMATE NORMALS FOR TODAY
                         NORMAL    RECORD    YEAR
 MAXIMUM TEMPERATURE (F)   68        88      1985
                                             1954
 MINIMUM TEMPERATURE (F)   44        28      2013


SUNRISE AND SUNSET
APRIL 21 2019.........SUNRISE   640 AM EDT   SUNSET   809 PM EDT
APRIL 22 2019.........SUNRISE   639 AM EDT   SUNSET   810 PM EDT


-  INDICATES NEGATIVE NUMBERS.
R  INDICATES RECORD WAS SET OR TIED.
MM INDICATES DATA IS MISSING.
T  INDICATES TRACE AMOUNT.




$$
