000
CDUS43 KFGF 220644
CLIPKD


CLIMATE REPORT
NATIONAL WEATHER SERVICE EASTERN NORTH DAKOTA/GRAND FORKS
140 AM CDT MON APR 22 2019


...................................

...THE PARK RAPIDS MN CLIMATE SUMMARY FOR APRIL 21 2019...

CLIMATE NORMAL PERIOD 1981 TO 2010
CLIMATE RECORD PERIOD 1885 TO 2019


WEATHER ITEM   OBSERVED TIME   RECORD YEAR NORMAL DEPARTURE LAST
                VALUE   (LST)  VALUE       VALUE  FROM      YEAR
                                                  NORMAL
..................................................................
TEMPERATURE (F)
 YESTERDAY
  MAXIMUM         53   1207 AM  96    1980  57     -4       59
  MINIMUM         44   1159 PM  14    1966  32     12       27
  AVERAGE         49                        44      5       43

PRECIPITATION (IN)
  YESTERDAY        0.16          1.03 2007   0.07   0.09     0.00
  MONTH TO DATE    1.27                      1.18   0.09     0.24
  SINCE MAR 1      2.69                      2.29   0.40     0.31
  SINCE JAN 1      2.96                      3.28  -0.32     0.31

DEGREE DAYS
 HEATING
  YESTERDAY       16                        21     -5       22
  MONTH TO DATE  566                       546     20      814
  SINCE MAR 1   1934                      1764    170     2033
  SINCE JUL 1   9472                      8946    526     9190

 COOLING
  YESTERDAY        0                         0      0        0
  MONTH TO DATE    0                         0      0        0
  SINCE MAR 1      0                         0      0        0
  SINCE JAN 1      0                         0      0        0
..................................................................


WIND (MPH)
  HIGHEST WIND SPEED    18   HIGHEST WIND DIRECTION    NE (60)
  HIGHEST GUST SPEED    27   HIGHEST GUST DIRECTION    NE (50)
  AVERAGE WIND SPEED    11.4


SKY COVER
  POSSIBLE SUNSHINE  MM
  AVERAGE SKY COVER 0.8


WEATHER CONDITIONS
 THE FOLLOWING WEATHER WAS RECORDED YESTERDAY.
  LIGHT RAIN
  FOG


RELATIVE HUMIDITY (PERCENT)
 HIGHEST   100           900 AM
 LOWEST     63           500 PM
 AVERAGE    82

..........................................................


THE PARK RAPIDS MN CLIMATE NORMALS FOR TODAY
                         NORMAL    RECORD    YEAR
 MAXIMUM TEMPERATURE (F)   58        90      1980
 MINIMUM TEMPERATURE (F)   32        14      1936


SUNRISE AND SUNSET
APRIL 22 2019.........SUNRISE   620 AM CDT   SUNSET   818 PM CDT
APRIL 23 2019.........SUNRISE   619 AM CDT   SUNSET   819 PM CDT


-  INDICATES NEGATIVE NUMBERS.
R  INDICATES RECORD WAS SET OR TIED.
MM INDICATES DATA IS MISSING.
T  INDICATES TRACE AMOUNT.




$$
