000
CDUS43 KFGF 200716
CLIPKD


CLIMATE REPORT
NATIONAL WEATHER SERVICE GRAND FORKS ND
216 AM CDT SAT JUL 20 2019


...................................

...THE PARK RAPIDS MN CLIMATE SUMMARY FOR JULY 19 2019...

CLIMATE NORMAL PERIOD 1981 TO 2010
CLIMATE RECORD PERIOD 1885 TO 2019


WEATHER ITEM   OBSERVED TIME   RECORD YEAR NORMAL DEPARTURE LAST
                VALUE   (LST)  VALUE       VALUE  FROM      YEAR
                                                  NORMAL
..................................................................
TEMPERATURE (F)
 YESTERDAY
  MAXIMUM         85    238 PM 100    1977  80      5       73
  MINIMUM         61    452 AM  40    2000  56      5       62
  AVERAGE         73                        68      5       68

PRECIPITATION (IN)
  YESTERDAY        0.05          3.42 1946   0.12  -0.07     0.69
  MONTH TO DATE    3.30                      2.68   0.62     3.98
  SINCE JUN 1      7.34                      6.88   0.46    10.69
  SINCE JAN 1     13.73                     13.93  -0.20    13.32

DEGREE DAYS
 HEATING
  YESTERDAY        0                         1     -1        0
  MONTH TO DATE    0                        24    -24        2
  SINCE JUN 1     95                       152    -57       38
  SINCE JUL 1      0                        24    -24        2

 COOLING
  YESTERDAY        8                         4      4        3
  MONTH TO DATE  124                        74     50      115
  SINCE JUN 1    189                       130     59      220
  SINCE JAN 1    196                       142     54      288
..................................................................


WIND (MPH)
  HIGHEST WIND SPEED    13   HIGHEST WIND DIRECTION     N (360)
  HIGHEST GUST SPEED    17   HIGHEST GUST DIRECTION     N (10)
  AVERAGE WIND SPEED     3.8


SKY COVER
  POSSIBLE SUNSHINE  MM
  AVERAGE SKY COVER 0.2


WEATHER CONDITIONS
 THE FOLLOWING WEATHER WAS RECORDED YESTERDAY.
  LIGHT RAIN
  FOG


RELATIVE HUMIDITY (PERCENT)
 HIGHEST    93          1100 PM
 LOWEST     48           200 PM
 AVERAGE    71

..........................................................


THE PARK RAPIDS MN CLIMATE NORMALS FOR TODAY
                         NORMAL    RECORD    YEAR
 MAXIMUM TEMPERATURE (F)   80        96      1926
                                             1901
 MINIMUM TEMPERATURE (F)   56        41      1900


SUNRISE AND SUNSET
JULY 20 2019..........SUNRISE   546 AM CDT   SUNSET   907 PM CDT
JULY 21 2019..........SUNRISE   547 AM CDT   SUNSET   906 PM CDT


-  INDICATES NEGATIVE NUMBERS.
R  INDICATES RECORD WAS SET OR TIED.
MM INDICATES DATA IS MISSING.
T  INDICATES TRACE AMOUNT.




$$
