000
CDUS46 KLOX 180915
CLIPMD


CLIMATE REPORT
NATIONAL WEATHER SERVICE LOS ANGELES/OXNARD CA
214 AM PDT THU APR 18 2019


...................................

...THE PALMDALE AIRPORT CA CLIMATE SUMMARY FOR APRIL 17 2019...

CLIMATE NORMAL PERIOD 1981 TO 2010
CLIMATE RECORD PERIOD 1931 TO 2019


WEATHER ITEM   OBSERVED TIME   RECORD YEAR NORMAL DEPARTURE LAST
                VALUE   (LST)  VALUE       VALUE  FROM      YEAR
                                                  NORMAL
..................................................................
TEMPERATURE (F)
 YESTERDAY
  MAXIMUM         79    435 PM  94    1954  73      6       66
  MINIMUM         40    437 AM  30    1944  44     -4       37
  AVERAGE         60                        58      2       52

PRECIPITATION (IN)
  YESTERDAY        0.00          0.10 1957   0.02  -0.02     0.00
  MONTH TO DATE    T                         0.29  -0.29     0.01
  SINCE OCT 1      6.65                      7.25  -0.60     2.57
  SINCE JAN 1      4.77                      4.80  -0.03     2.57

SNOWFALL (IN)
  YESTERDAY        0.0           T    1963  MM               0.0
  MONTH TO DATE    0.0                      MM               0.0
  SINCE MAR 1      0.0                      MM               0.0
  SINCE JUL 1      0.0                      MM               0.0
  SNOW DEPTH       0

DEGREE DAYS
 HEATING
  YESTERDAY        5                         7     -2       13
  MONTH TO DATE  109                       155    -46       58
  SINCE MAR 1    506                       531    -25      410
  SINCE JUL 1   2604                      2776   -172     2091

 COOLING
  YESTERDAY        0                         1     -1        0
  MONTH TO DATE    3                         2      1       16
  SINCE MAR 1      3                         4     -1       18
  SINCE JAN 1      3                         4     -1       18
..................................................................


WIND (MPH)
  HIGHEST WIND SPEED    15   HIGHEST WIND DIRECTION    NE (30)
  HIGHEST GUST SPEED    22   HIGHEST GUST DIRECTION    NE (50)
  AVERAGE WIND SPEED     5.8


SKY COVER
  POSSIBLE SUNSHINE  MM
  AVERAGE SKY COVER 0.0


WEATHER CONDITIONS
 THE FOLLOWING WEATHER WAS RECORDED YESTERDAY.
  NO SIGNIFICANT WEATHER WAS OBSERVED.


RELATIVE HUMIDITY (PERCENT)
 HIGHEST    79           400 AM
 LOWEST     10           500 PM
 AVERAGE    45

..........................................................


THE PALMDALE AIRPORT CA CLIMATE NORMALS FOR TODAY
                         NORMAL    RECORD    YEAR
 MAXIMUM TEMPERATURE (F)   73        95      1994
 MINIMUM TEMPERATURE (F)   44        28      1968


SUNRISE AND SUNSET
APRIL 18 2019.........SUNRISE   617 AM PDT   SUNSET   727 PM PDT
APRIL 19 2019.........SUNRISE   616 AM PDT   SUNSET   727 PM PDT


-  INDICATES NEGATIVE NUMBERS.
R  INDICATES RECORD WAS SET OR TIED.
MM INDICATES DATA IS MISSING.
T  INDICATES TRACE AMOUNT.




$$
