000
CDUS46 KLOX 240907
CLIPMD


CLIMATE REPORT
NATIONAL WEATHER SERVICE LOS ANGELES/OXNARD CA
206 AM PDT MON JUN 24 2019


...................................

...THE PALMDALE AIRPORT CA CLIMATE SUMMARY FOR JUNE 23 2019...

CLIMATE NORMAL PERIOD 1981 TO 2010
CLIMATE RECORD PERIOD 1931 TO 2019


WEATHER ITEM   OBSERVED TIME   RECORD YEAR NORMAL DEPARTURE LAST
                VALUE   (LST)  VALUE       VALUE  FROM      YEAR
                                                  NORMAL
..................................................................
TEMPERATURE (F)
 YESTERDAY
  MAXIMUM         94    259 PM 110    1954  93      1       97
  MINIMUM         61    504 AM  45    1943  61      0       64
  AVERAGE         78                        77      1       81

PRECIPITATION (IN)
  YESTERDAY        0.00          T    1936   0.01  -0.01     0.00
  MONTH TO DATE    T                         0.09  -0.09     0.00
  SINCE OCT 1      7.06                      7.77  -0.71     2.57
  SINCE JAN 1      5.18                      5.32  -0.14     2.57

SNOWFALL (IN)
  YESTERDAY        0.0           0.0  1973  MM               0.0
  MONTH TO DATE    0.0                      MM               0.0
  SINCE JUN 1      0.0                      MM               0.0
  SINCE JUL 1      0.0                      MM               0.0
  SNOW DEPTH       0

DEGREE DAYS
 HEATING
  YESTERDAY        0                         0      0        0
  MONTH TO DATE    0                         6     -6        3
  SINCE JUN 1      0                         6     -6        3
  SINCE JUL 1   2755                      2924   -169     2171

 COOLING
  YESTERDAY       13                        12      1       16
  MONTH TO DATE  295                       217     78      284
  SINCE JUN 1    295                       217     78      284
  SINCE JAN 1    386                       387     -1      455
..................................................................


WIND (MPH)
  HIGHEST WIND SPEED    22   HIGHEST WIND DIRECTION    SW (220)
  HIGHEST GUST SPEED    28   HIGHEST GUST DIRECTION    SW (220)
  AVERAGE WIND SPEED     9.6


SKY COVER
  POSSIBLE SUNSHINE  MM
  AVERAGE SKY COVER 0.0


WEATHER CONDITIONS
 THE FOLLOWING WEATHER WAS RECORDED YESTERDAY.
  NO SIGNIFICANT WEATHER WAS OBSERVED.


RELATIVE HUMIDITY (PERCENT)
 HIGHEST    48          1200 AM
 LOWEST     10           400 PM
 AVERAGE    29

..........................................................


THE PALMDALE AIRPORT CA CLIMATE NORMALS FOR TODAY
                         NORMAL    RECORD    YEAR
 MAXIMUM TEMPERATURE (F)   93       109      2017
                                             1961
 MINIMUM TEMPERATURE (F)   61        44      1944


SUNRISE AND SUNSET
JUNE 24 2019..........SUNRISE   540 AM PDT   SUNSET   809 PM PDT
JUNE 25 2019..........SUNRISE   541 AM PDT   SUNSET   809 PM PDT


-  INDICATES NEGATIVE NUMBERS.
R  INDICATES RECORD WAS SET OR TIED.
MM INDICATES DATA IS MISSING.
T  INDICATES TRACE AMOUNT.




$$
