000
CDUS46 KLOX 220940
CLIPRB


CLIMATE REPORT
NATIONAL WEATHER SERVICE LOS ANGELES/OXNARD CA
240 AM PDT SUN APR 22 2018


...................................

...THE PASO ROBLES AIRPORT CA CLIMATE SUMMARY FOR APRIL 21 2018...

CLIMATE NORMAL PERIOD 1981 TO 2010
CLIMATE RECORD PERIOD 1948 TO 2018


WEATHER ITEM   OBSERVED TIME   RECORD YEAR NORMAL DEPARTURE LAST
                VALUE   (LST)  VALUE       VALUE  FROM      YEAR
                                                  NORMAL
..................................................................
TEMPERATURE (F)
 YESTERDAY
  MAXIMUM         87    425 PM  99    2009  74     13       83
  MINIMUM         40    532 AM  30    2008  42     -2       40
                                      1963
  AVERAGE         64                        58      6       62

PRECIPITATION (IN)
  YESTERDAY        0.00          0.49 1955   0.02  -0.02     0.00
  MONTH TO DATE    0.20                      0.54  -0.34     0.95
  SINCE OCT 1      9.62                     12.03  -2.41    15.96
  SINCE JAN 1      9.35                      8.37   0.98    12.28

SNOWFALL (IN)
  YESTERDAY        0.0
  MONTH TO DATE    0.0
  SINCE MAR 1      0.0
  SINCE JUL 1      0.0

DEGREE DAYS
 HEATING
  YESTERDAY        1                         8     -7        3
  MONTH TO DATE  140                       195    -55      150
  SINCE MAR 1    496                       561    -65      434
  SINCE JUL 1   2197                      2654   -457     2235

 COOLING
  YESTERDAY        0                         0      0        0
  MONTH TO DATE    1                         0      1        0
  SINCE MAR 1      1                         0      1        0
  SINCE JAN 1      1                         0      1        0
..................................................................


WIND (MPH)
  HIGHEST WIND SPEED    12   HIGHEST WIND DIRECTION    NW (310)
  HIGHEST GUST SPEED    24   HIGHEST GUST DIRECTION     W (290)
  AVERAGE WIND SPEED     3.8


SKY COVER
  POSSIBLE SUNSHINE  MM
  AVERAGE SKY COVER 0.0


WEATHER CONDITIONS
 THE FOLLOWING WEATHER WAS RECORDED YESTERDAY.
  NO SIGNIFICANT WEATHER WAS OBSERVED.


RELATIVE HUMIDITY (PERCENT)
 HIGHEST    93           700 AM
 LOWEST     25           300 PM
 AVERAGE    59

..........................................................


THE PASO ROBLES AIRPORT CA CLIMATE NORMALS FOR TODAY
                         NORMAL    RECORD    YEAR
 MAXIMUM TEMPERATURE (F)   74        95      1949
 MINIMUM TEMPERATURE (F)   42        28      1970


SUNRISE AND SUNSET
APRIL 22 2018.........SUNRISE   621 AM PDT   SUNSET   742 PM PDT
APRIL 23 2018.........SUNRISE   620 AM PDT   SUNSET   743 PM PDT


-  INDICATES NEGATIVE NUMBERS.
R  INDICATES RECORD WAS SET OR TIED.
MM INDICATES DATA IS MISSING.
T  INDICATES TRACE AMOUNT.




$$
