000
CDUS46 KLOX 181136
CLIPRB


CLIMATE REPORT
NATIONAL WEATHER SERVICE LOS ANGELES/OXNARD CA
436 AM PDT THU JUL 18 2019


...................................

...THE PASO ROBLES AIRPORT CA CLIMATE SUMMARY FOR JULY 17 2019...

CLIMATE NORMAL PERIOD 1981 TO 2010
CLIMATE RECORD PERIOD 1948 TO 2019


WEATHER ITEM   OBSERVED TIME   RECORD YEAR NORMAL DEPARTURE LAST
                VALUE   (LST)  VALUE       VALUE  FROM      YEAR
                                                  NORMAL
..................................................................
TEMPERATURE (F)
 YESTERDAY
  MAXIMUM         86    118 PM 111    1960  93     -7      106
  MINIMUM         54    537 AM  44    1986  54      0       58
  AVERAGE         70                        74     -4       82

PRECIPITATION (IN)
  YESTERDAY        0.00          T    1965   0.00   0.00     0.00
  MONTH TO DATE    0.00                      0.00   0.00     0.00
  SINCE OCT 1     14.88                     12.45   2.43     9.62
  SINCE JAN 1     11.28                      8.79   2.49     9.35

SNOWFALL (IN)
  YESTERDAY        0.0
  MONTH TO DATE    0.0
  SINCE JUN 1      0.0
  SINCE JUL 1      0.0

DEGREE DAYS
 HEATING
  YESTERDAY        0                         0      0        0
  MONTH TO DATE    0                         0      0        2
  SINCE JUN 1      6                        27    -21       18
  SINCE JUL 1      0                         0      0        2

 COOLING
  YESTERDAY        5                         9     -4       17
  MONTH TO DATE  143                       139      4      211
  SINCE JUN 1    299                       282     17      387
  SINCE JAN 1    346                       350     -4      436
..................................................................


WIND (MPH)
  HIGHEST WIND SPEED    23   HIGHEST WIND DIRECTION     S (200)
  HIGHEST GUST SPEED    29   HIGHEST GUST DIRECTION     S (200)
  AVERAGE WIND SPEED     9.2


SKY COVER
  POSSIBLE SUNSHINE  MM
  AVERAGE SKY COVER 0.0


WEATHER CONDITIONS
 THE FOLLOWING WEATHER WAS RECORDED YESTERDAY.
  NO SIGNIFICANT WEATHER WAS OBSERVED.


RELATIVE HUMIDITY (PERCENT)
 HIGHEST   100           500 AM
 LOWEST     27          1200 PM
 AVERAGE    64

..........................................................


THE PASO ROBLES AIRPORT CA CLIMATE NORMALS FOR TODAY
                         NORMAL    RECORD    YEAR
 MAXIMUM TEMPERATURE (F)   93       112      1960
 MINIMUM TEMPERATURE (F)   55        45      1986


SUNRISE AND SUNSET
JULY 18 2019..........SUNRISE   600 AM PDT   SUNSET   817 PM PDT
JULY 19 2019..........SUNRISE   601 AM PDT   SUNSET   816 PM PDT


-  INDICATES NEGATIVE NUMBERS.
R  INDICATES RECORD WAS SET OR TIED.
MM INDICATES DATA IS MISSING.
T  INDICATES TRACE AMOUNT.




$$
