000
CDUS46 KLOX 261316
CLIPRB


CLIMATE REPORT
NATIONAL WEATHER SERVICE LOS ANGELES/OXNARD CA
616 AM PDT FRI APR 26 2019


...................................

...THE PASO ROBLES AIRPORT CA CLIMATE SUMMARY FOR APRIL 25 2019...

CLIMATE NORMAL PERIOD 1981 TO 2010
CLIMATE RECORD PERIOD 1948 TO 2019


WEATHER ITEM   OBSERVED TIME   RECORD YEAR NORMAL DEPARTURE LAST
                VALUE   (LST)  VALUE       VALUE  FROM      YEAR
                                                  NORMAL
..................................................................
TEMPERATURE (F)
 YESTERDAY
  MAXIMUM         90   1238 PM  94    2004  75     15       78
  MINIMUM         50    530 AM  31    1971  42      8       43
  AVERAGE         70                        59     11       61

PRECIPITATION (IN)
  YESTERDAY        0.00          0.60 1978   0.02  -0.02     0.00
  MONTH TO DATE    0.10                      0.61  -0.51     0.20
  SINCE OCT 1     14.10                     12.10   2.00     9.62
  SINCE JAN 1     10.50                      8.44   2.06     9.35

SNOWFALL (IN)
  YESTERDAY        0.0
  MONTH TO DATE    0.0
  SINCE MAR 1      0.0
  SINCE JUL 1      0.0

DEGREE DAYS
 HEATING
  YESTERDAY        0                         7     -7        4
  MONTH TO DATE  128                       223    -95      145
  SINCE MAR 1    507                       589    -82      501
  SINCE JUL 1   2379                      2682   -303     2202

 COOLING
  YESTERDAY        5                         0      5        0
  MONTH TO DATE   15                         0     15        4
  SINCE MAR 1     15                         0     15        4
  SINCE JAN 1     15                         0     15        4
..................................................................


WIND (MPH)
  HIGHEST WIND SPEED    20   HIGHEST WIND DIRECTION     S (190)
  HIGHEST GUST SPEED    23   HIGHEST GUST DIRECTION     S (190)
  AVERAGE WIND SPEED     5.7


SKY COVER
  POSSIBLE SUNSHINE  MM
  AVERAGE SKY COVER 0.0


WEATHER CONDITIONS
 THE FOLLOWING WEATHER WAS RECORDED YESTERDAY.
  HAZE


RELATIVE HUMIDITY (PERCENT)
 HIGHEST    89           400 AM
 LOWEST     34           100 PM
 AVERAGE    62

..........................................................


THE PASO ROBLES AIRPORT CA CLIMATE NORMALS FOR TODAY
                         NORMAL    RECORD    YEAR
 MAXIMUM TEMPERATURE (F)   76        97      2004
 MINIMUM TEMPERATURE (F)   43        31      1975


SUNRISE AND SUNSET
APRIL 26 2019.........SUNRISE   616 AM PDT   SUNSET   745 PM PDT
APRIL 27 2019.........SUNRISE   615 AM PDT   SUNSET   746 PM PDT


-  INDICATES NEGATIVE NUMBERS.
R  INDICATES RECORD WAS SET OR TIED.
MM INDICATES DATA IS MISSING.
T  INDICATES TRACE AMOUNT.




$$
