000
CDUS45 KFGZ 190750
CLIPRC


CLIMATE REPORT
NATIONAL WEATHER SERVICE FLAGSTAFF, AZ
1249 AM MST FRI APR 19 2019


...................................

...THE PRESCOTT AZ AIRPORT CLIMATE SUMMARY FOR APRIL 18 2019...

CLIMATE NORMAL PERIOD 1981 TO 2010
CLIMATE RECORD PERIOD 1948 TO 2019


WEATHER ITEM   OBSERVED TIME   RECORD YEAR NORMAL DEPARTURE LAST
                VALUE   (LST)  VALUE       VALUE  FROM      YEAR
                                                  NORMAL
..................................................................
TEMPERATURE (F)
 YESTERDAY
  MAXIMUM         78    419 PM  87    1962  68     10       70
  MINIMUM         40    534 AM  25    1963  39      1       29
  AVERAGE         59                        53      6       50

PRECIPITATION (IN)
  YESTERDAY        0.00          0.23 1970   0.01  -0.01     0.00
  MONTH TO DATE    0.04                      0.34  -0.30     0.00
  SINCE OCT 1      7.98                      6.72   1.26     1.44
  SINCE JAN 1      5.47                      3.92   1.55     1.44

DEGREE DAYS
 HEATING
  YESTERDAY        6                               -6
  MONTH TO DATE  201                              -50
  SINCE JUL 1   3979                              -19

 COOLING
  YESTERDAY        0                                0
  MONTH TO DATE    0                                0
  SINCE JAN 1      0                                0
..................................................................


WIND (MPH)
  HIGHEST WIND SPEED    12   HIGHEST WIND DIRECTION     N (10)
  HIGHEST GUST SPEED    14   HIGHEST GUST DIRECTION     W (290)
  AVERAGE WIND SPEED     5.0


SKY COVER
  AVERAGE SKY COVER 0.0


WEATHER CONDITIONS
 THE FOLLOWING WEATHER WAS RECORDED YESTERDAY.
  NO SIGNIFICANT WEATHER WAS OBSERVED.


RELATIVE HUMIDITY (PERCENT)
 HIGHEST    57
 LOWEST     12

..........................................................


THE PRESCOTT AZ AIRPORT CLIMATE NORMALS FOR TODAY
                         NORMAL    RECORD    YEAR
 MAXIMUM TEMPERATURE (F)   68        85      1989
 MINIMUM TEMPERATURE (F)   39        24      1955


SUNRISE AND SUNSET
APRIL 19 2019.........SUNRISE   553 AM MST   SUNSET   705 PM MST
APRIL 20 2019.........SUNRISE   552 AM MST   SUNSET   706 PM MST


-  INDICATES NEGATIVE NUMBERS.
R  INDICATES RECORD WAS SET OR TIED.
MM INDICATES DATA IS MISSING.
T  INDICATES TRACE AMOUNT.




$$
