000
CDUS45 KFGZ 200054
CLIPRC


CLIMATE REPORT
NATIONAL WEATHER SERVICE FLAGSTAFF, AZ
554 PM MST WED JUN 19 2019


...................................

...THE PRESCOTT AZ AIRPORT CLIMATE SUMMARY FOR JUNE 19 2019...
VALID TODAY AS OF 0500 PM LOCAL TIME.

CLIMATE NORMAL PERIOD 1981 TO 2010
CLIMATE RECORD PERIOD 1948 TO 2019


WEATHER ITEM   OBSERVED TIME   RECORD YEAR NORMAL DEPARTURE LAST
                VALUE   (LST)  VALUE       VALUE  FROM      YEAR
                                                  NORMAL
..................................................................
TEMPERATURE (F)
 TODAY
  MAXIMUM         90    150 PM 102    2017  88      2       90
                                      2016
  MINIMUM         55    542 AM  42    1979  56     -1       50
  AVERAGE         73                        72      1

PRECIPITATION (IN)
  TODAY            0.00          0.80 1967   0.02  -0.02
  MONTH TO DATE    0.11                      0.19  -0.08
  SINCE OCT 1      9.30                      7.53   1.77
  SINCE JAN 1      6.79                      4.73   2.06

DEGREE DAYS
 HEATING
  TODAY            0                         0      0
  SINCE JUL 1   4330                      4279     51

 COOLING
  TODAY            8                         7      1
  SINCE JAN 1    111                       135    -24
..................................................................


WIND (MPH)
  HIGHEST WIND SPEED    18   HIGHEST WIND DIRECTION    SW (220)
  HIGHEST GUST SPEED    27   HIGHEST GUST DIRECTION    SW (240)
  AVERAGE WIND SPEED     6.8


SKY COVER
  POSSIBLE SUNSHINE  MM
  AVERAGE SKY COVER 0.0


WEATHER CONDITIONS
 THE FOLLOWING WEATHER WAS RECORDED TODAY.
  NO SIGNIFICANT WEATHER WAS OBSERVED.


RELATIVE HUMIDITY (PERCENT)
 HIGHEST    30           600 AM
 LOWEST      8           200 PM

..........................................................


THE PRESCOTT AZ AIRPORT CLIMATE NORMALS FOR TOMORROW
                         NORMAL    RECORD    YEAR
 MAXIMUM TEMPERATURE (F)   88       105      2016
 MINIMUM TEMPERATURE (F)   56        42      1973


SUNRISE AND SUNSET
JUNE 19 2019..........SUNRISE   517 AM MST   SUNSET   745 PM MST
JUNE 20 2019..........SUNRISE   517 AM MST   SUNSET   746 PM MST


-  INDICATES NEGATIVE NUMBERS.
R  INDICATES RECORD WAS SET OR TIED.
MM INDICATES DATA IS MISSING.
T  INDICATES TRACE AMOUNT.




$$
