000
CDUS46 KPDT 200830
CLIPSC

CLIMATE REPORT
NATIONAL WEATHER SERVICE PENDLETON OR
128 AM PDT SAT JUL 20 2019


...................................

...THE PASCO WA CLIMATE SUMMARY FOR JULY 19 2019...

CLIMATE NORMAL PERIOD 1981 TO 2010
CLIMATE RECORD PERIOD 1894 TO 2019


WEATHER ITEM   OBSERVED TIME   RECORD YEAR NORMAL DEPARTURE LAST
                VALUE   (LST)  VALUE       VALUE  FROM      YEAR
                                                  NORMAL
..................................................................
TEMPERATURE (F)
 YESTERDAY
  MAXIMUM         82    346 PM 107    1908  92    -10       95
  MINIMUM         52    439 AM  45    1966  56     -4       62
  AVERAGE         67                        74     -7       79

PRECIPITATION (IN)
  YESTERDAY        0.00          0.21 1924   0.01  -0.01     0.00
  MONTH TO DATE    0.02                      0.22  -0.20     0.00
  SINCE OCT 1      7.37                      8.10  -0.73     6.80
  SINCE JAN 1      4.84                      5.15  -0.31     4.08

DEGREE DAYS
 HEATING
  YESTERDAY        0                         0      0        0
  MONTH TO DATE    0                         1     -1        0
  SINCE JUN 1     12                        33    -21       29
  SINCE JUL 1      0                         1     -1        0

 COOLING
  YESTERDAY        2                         9     -7       14
  MONTH TO DATE  176                       147     29      205
  SINCE JUN 1    358                       256    102      327
  SINCE JAN 1    446                       289    157      417
..................................................................


WIND (MPH)
  RESULTANT WIND SPEED   2   RESULTANT WIND DIRECTION  NW (320)
  HIGHEST WIND SPEED    14   HIGHEST WIND DIRECTION     S (190)
  HIGHEST GUST SPEED    38   HIGHEST GUST DIRECTION     E (90)


SKY COVER
  POSSIBLE SUNSHINE  MM
  AVERAGE SKY COVER 0.0


WEATHER CONDITIONS
 THE FOLLOWING WEATHER WAS RECORDED YESTERDAY.
  NO SIGNIFICANT WEATHER WAS OBSERVED.


RELATIVE HUMIDITY (PERCENT)
 HIGHEST    89
 LOWEST     20
 AVERAGE    55

..........................................................


THE PASCO WA CLIMATE NORMALS FOR TODAY
                         NORMAL    RECORD    YEAR
 MAXIMUM TEMPERATURE (F)   93       108      1913
 MINIMUM TEMPERATURE (F)   57        48      1909


SUNRISE AND SUNSET
JULY 20 2019..........SUNRISE   524 AM PDT   SUNSET   841 PM PDT
JULY 21 2019..........SUNRISE   525 AM PDT   SUNSET   840 PM PDT


-  INDICATES NEGATIVE NUMBERS.
R  INDICATES RECORD WAS SET OR TIED.
MM INDICATES DATA IS MISSING.
T  INDICATES TRACE AMOUNT.




$$
