000
CDUS41 KALY 192104
CLIPSF


CLIMATE REPORT
NATIONAL WEATHER SERVICE ALBANY NY
503 PM EDT FRI APR 19 2019


...................................

...THE PITTSFIELD MA CLIMATE SUMMARY FOR APRIL 19 2019...
VALID TODAY AS OF 0500 PM LOCAL TIME.

CLIMATE NORMAL PERIOD 1981 TO 2010
CLIMATE RECORD PERIOD 9999 TO 9999


WEATHER ITEM   OBSERVED TIME   NORMAL DEPARTURE LAST
                VALUE   (LST)  VALUE  FROM      YEAR
                                      NORMAL
......................................................
TEMPERATURE (F)
 TODAY
  MAXIMUM         74    132 PM  56     18       39
  MINIMUM         43    237 AM  35      8       31
  AVERAGE         59            46     13       35

PRECIPITATION (IN)
  TODAY            0.00          0.11  -0.11     0.09
  MONTH TO DATE    2.44          2.74  -0.30     2.34
  SINCE MAR 1      3.69          6.11  -2.42     4.69
  SINCE JAN 1     11.16         11.71  -0.55    13.44

DEGREE DAYS
 HEATING
  TODAY            6            19    -13       30
  MONTH TO DATE  382           440    -58      558
  SINCE MAR 1   1403          1467    -64     1591
  SINCE JUL 1   6454          6847   -393     6433

 COOLING
  TODAY            0             0      0        0
  MONTH TO DATE    0             0      0        0
  SINCE MAR 1      0             0      0        0
  SINCE JAN 1      0             0      0        0
......................................................


WIND (MPH)
  HIGHEST WIND SPEED    20   HIGHEST WIND DIRECTION    SW (210)
  HIGHEST GUST SPEED    29   HIGHEST GUST DIRECTION    SW (230)
  AVERAGE WIND SPEED     9.4


SKY COVER
  AVERAGE SKY COVER 0.8



RELATIVE HUMIDITY (PERCENT)
 HIGHEST    93
 LOWEST     53
 AVERAGE    73

..........................................................


THE PITTSFIELD MA CLIMATE NORMALS FOR TOMORROW
                         NORMAL
 MAXIMUM TEMPERATURE (F)   57
 MINIMUM TEMPERATURE (F)   36


SUNRISE AND SUNSET
APRIL 19 2019.........SUNRISE   606 AM EDT   SUNSET   739 PM EDT
APRIL 20 2019.........SUNRISE   605 AM EDT   SUNSET   740 PM EDT


-  INDICATES NEGATIVE NUMBERS.
R  INDICATES RECORD WAS SET OR TIED.
MM INDICATES DATA IS MISSING.
T  INDICATES TRACE AMOUNT.




$$
