000
CDUS46 KSGX 160030
CLIPSP


CLIMATE REPORT
NATIONAL WEATHER SERVICE SAN DIEGO, CA
530 PM PDT SAT JUN 15 2019


...................................

...THE PALM SPRINGS INTL AIRPORT CA CLIMATE SUMMARY FOR JUNE 15 2019...
VALID TODAY AS OF 0500 PM LOCAL TIME.

CLIMATE NORMAL PERIOD 1981 TO 2010
CLIMATE RECORD PERIOD 1893 TO 2019


WEATHER ITEM   OBSERVED TIME   RECORD YEAR NORMAL DEPARTURE LAST
                VALUE   (LST)  VALUE       VALUE  FROM      YEAR
                                                  NORMAL
..................................................................
TEMPERATURE (F)
 TODAY
  MAXIMUM        105    310 PM 116    1961 102      3       99
  MINIMUM         73    427 AM  51    1944  71      2       82
  AVERAGE         89                        86      3       91

PRECIPITATION (IN)
  TODAY            0.00          0.00 2018   0.00   0.00     0.00
                                      2017
                                      2016
  MONTH TO DATE    0.00                      0.04  -0.04     0.00
  SINCE OCT 1      7.86                      4.77   3.09     1.69
  SINCE JAN 1      6.35                      2.92   3.43     1.69

DEGREE DAYS
 HEATING
  TODAY            0                         0      0        0
  MONTH TO DATE    0                         0      0        0
  SINCE JUN 1      0                         0      0        0
  SINCE JUL 1    800                       874    -74      335

 COOLING
  TODAY           24                        21      3       26
  MONTH TO DATE  360                       294     66      378
  SINCE JUN 1    360                       294     66      378
  SINCE JAN 1   1091                      1053     38     1448
..................................................................


WIND (MPH)
  RESULTANT WIND SPEED   1   RESULTANT WIND DIRECTION   N (350)
  HIGHEST WIND SPEED    17   HIGHEST WIND DIRECTION    NW (300)
  HIGHEST GUST SPEED    20   HIGHEST GUST DIRECTION    NW (320)
  AVERAGE WIND SPEED     5.5


SKY COVER
  POSSIBLE SUNSHINE  MM
  AVERAGE SKY COVER 0.0


WEATHER CONDITIONS
 THE FOLLOWING WEATHER WAS RECORDED TODAY.
  NO SIGNIFICANT WEATHER WAS OBSERVED.


RELATIVE HUMIDITY (PERCENT)
 HIGHEST    53           500 AM
 LOWEST     17           300 PM
 AVERAGE    35

..........................................................


THE PALM SPRINGS INTL AIRPORT CA CLIMATE NORMALS FOR TOMORROW
                         NORMAL    RECORD    YEAR
 MAXIMUM TEMPERATURE (F)  102       118      1993
 MINIMUM TEMPERATURE (F)   71        47      1990


SUNRISE AND SUNSET
JUNE 15 2019..........SUNRISE   535 AM PDT   SUNSET   758 PM PDT
JUNE 16 2019..........SUNRISE   535 AM PDT   SUNSET   759 PM PDT


-  INDICATES NEGATIVE NUMBERS.
R  INDICATES RECORD WAS SET OR TIED.
MM INDICATES DATA IS MISSING.
T  INDICATES TRACE AMOUNT.




$$
