000
CDUS46 KSGX 220019
CLIPSP


CLIMATE REPORT
NATIONAL WEATHER SERVICE SAN DIEGO, CA
519 PM PDT SUN APR 21 2019


...................................

...THE PALM SPRINGS INTL AIRPORT CA CLIMATE SUMMARY FOR APRIL 21 2019...
VALID TODAY AS OF 0500 PM LOCAL TIME.

CLIMATE NORMAL PERIOD 1981 TO 2010
CLIMATE RECORD PERIOD 1893 TO 2019


WEATHER ITEM   OBSERVED TIME   RECORD YEAR NORMAL DEPARTURE LAST
                VALUE   (LST)  VALUE       VALUE  FROM      YEAR
                                                  NORMAL
..................................................................
TEMPERATURE (F)
 TODAY
  MAXIMUM         86    328 PM 107    2012  86      0       96
                                      1958
  MINIMUM         58    531 AM  37    1962  58      0       59
  AVERAGE         72                        72      0       78

PRECIPITATION (IN)
  TODAY            0.00          0.15 1983   0.00   0.00     0.00
  MONTH TO DATE    0.00                      0.08  -0.08     0.00
  SINCE OCT 1      7.76                      4.57   3.19     1.69
  SINCE JAN 1      6.25                      2.72   3.53     1.69

DEGREE DAYS
 HEATING
  TODAY            0                         0      0        0
  MONTH TO DATE    0                        17    -17        0
  SINCE MAR 1     57                        90    -33       42
  SINCE JUL 1    800                       868    -68      335

 COOLING
  TODAY            7                         7      0       13
  MONTH TO DATE  195                       121     74      228
  SINCE MAR 1    278                       214     64      349
  SINCE JAN 1    282                       241     41      462
..................................................................


WIND (MPH)
  RESULTANT WIND SPEED   6   RESULTANT WIND DIRECTION  NW (330)
  HIGHEST WIND SPEED    28   HIGHEST WIND DIRECTION    NW (330)
  HIGHEST GUST SPEED    35   HIGHEST GUST DIRECTION    NW (320)
  AVERAGE WIND SPEED     8.1


SKY COVER
  POSSIBLE SUNSHINE  MM
  AVERAGE SKY COVER 0.0


WEATHER CONDITIONS
 THE FOLLOWING WEATHER WAS RECORDED TODAY.
  HAZE


RELATIVE HUMIDITY (PERCENT)
 HIGHEST    62           400 AM
 LOWEST     18           300 PM
 AVERAGE    40

..........................................................


THE PALM SPRINGS INTL AIRPORT CA CLIMATE NORMALS FOR TOMORROW
                         NORMAL    RECORD    YEAR
 MAXIMUM TEMPERATURE (F)   86       105      1949
 MINIMUM TEMPERATURE (F)   59        38      1932


SUNRISE AND SUNSET
APRIL 21 2019.........SUNRISE   608 AM PDT   SUNSET   722 PM PDT
APRIL 22 2019.........SUNRISE   607 AM PDT   SUNSET   722 PM PDT


-  INDICATES NEGATIVE NUMBERS.
R  INDICATES RECORD WAS SET OR TIED.
MM INDICATES DATA IS MISSING.
T  INDICATES TRACE AMOUNT.




$$
