000
CDUS45 KPUB 261042
CLIPUB


CLIMATE REPORT
NATIONAL WEATHER SERVICE PUEBLO
442 AM MDT FRI APR 26 2019


...................................

...THE PUEBLO CO CLIMATE SUMMARY FOR APRIL 25 2019...

CLIMATE NORMAL PERIOD 1981 TO 2010
CLIMATE RECORD PERIOD 1888 TO 2019


WEATHER ITEM   OBSERVED TIME   RECORD YEAR NORMAL DEPARTURE LAST
                VALUE   (LST)  VALUE       VALUE  FROM      YEAR
                                                  NORMAL
..................................................................
TEMPERATURE (F)
 YESTERDAY
  MAXIMUM         71    334 PM  88    2012  70      1       67
                                      1981
                                      1949
  MINIMUM         46    120 AM  22    1950  37      9       33
  AVERAGE         59                        54      5       50

PRECIPITATION (IN)
  YESTERDAY        0.00          0.68 1890   0.06  -0.06     0.00
  MONTH TO DATE    0.03                      1.13  -1.10     0.49
  SINCE MAR 1      1.38                      2.06  -0.68     0.55
  SINCE JAN 1      2.12                      2.71  -0.59     1.36

SNOWFALL (IN)
  YESTERDAY        0.0           4.0  1891   0.1   -0.1      0.0
  MONTH TO DATE    T                         3.4   -3.4       T
  SINCE MAR 1      2.2                       9.1   -6.9       T
  SINCE JUL 1     17.0                      30.9  -13.9     13.7
  SNOW DEPTH       0

DEGREE DAYS
 HEATING
  YESTERDAY        6                        12     -6       15
  MONTH TO DATE  289                       383    -94      382
  SINCE MAR 1   1014                      1085    -71      980
  SINCE JUL 1   5094                      5388   -294     4796

 COOLING
  YESTERDAY        0                         0      0        0
  MONTH TO DATE    0                         0      0        0
  SINCE MAR 1      0                         0      0        0
  SINCE JAN 1      0                         0      0        0
..................................................................


WIND (MPH)
  HIGHEST WIND SPEED    46   HIGHEST WIND DIRECTION     N (10)
  HIGHEST GUST SPEED    61   HIGHEST GUST DIRECTION     N (10)
  AVERAGE WIND SPEED    14.4


SKY COVER
  POSSIBLE SUNSHINE  MM
  AVERAGE SKY COVER 0.2


WEATHER CONDITIONS
 THE FOLLOWING WEATHER WAS RECORDED YESTERDAY.
  NO SIGNIFICANT WEATHER WAS OBSERVED.


RELATIVE HUMIDITY (PERCENT)
 HIGHEST    71           400 AM
 LOWEST     25           200 PM
 AVERAGE    48

..........................................................


THE PUEBLO CO CLIMATE NORMALS FOR TODAY
                         NORMAL    RECORD    YEAR
 MAXIMUM TEMPERATURE (F)   71        90      1981
 MINIMUM TEMPERATURE (F)   37        25      1924


SUNRISE AND SUNSET
APRIL 26 2019.........SUNRISE   608 AM MDT   SUNSET   745 PM MDT
APRIL 27 2019.........SUNRISE   607 AM MDT   SUNSET   746 PM MDT


-  INDICATES NEGATIVE NUMBERS.
R  INDICATES RECORD WAS SET OR TIED.
MM INDICATES DATA IS MISSING.
T  INDICATES TRACE AMOUNT.




$$
