000
CDUS45 KPUB 181002
CLIPUB


CLIMATE REPORT
NATIONAL WEATHER SERVICE PUEBLO
400 AM MDT THU JUL 18 2019


...................................

...THE PUEBLO CO CLIMATE SUMMARY FOR JULY 17 2019...

CLIMATE NORMAL PERIOD 1981 TO 2010
CLIMATE RECORD PERIOD 1888 TO 2019


WEATHER ITEM   OBSERVED TIME   RECORD YEAR NORMAL DEPARTURE LAST
                VALUE   (LST)  VALUE       VALUE  FROM      YEAR
                                                  NORMAL
..................................................................
TEMPERATURE (F)
 YESTERDAY
  MAXIMUM        101   1123 AM 105    2003  93      8       88
  MINIMUM         67    551 AM  50    1918  59      8       65
  AVERAGE         84                        76      8       77

PRECIPITATION (IN)
  YESTERDAY        0.00          1.25 1914   0.07  -0.07     0.00
  MONTH TO DATE    1.27                      1.01   0.26     1.41
  SINCE JUN 1      3.52                      2.37   1.15     1.58
  SINCE JAN 1      7.85                      6.86   0.99     3.52

SNOWFALL (IN)
  YESTERDAY        0.0           0.0  2002   0.0    0.0      0.0
                                      2001
  MONTH TO DATE    T                         0.0    0.0      0.0
  SINCE JUN 1      T                         0.0    0.0      0.0
  SINCE JUL 1      T                         0.0    0.0      0.0
  SNOW DEPTH       0

DEGREE DAYS
 HEATING
  YESTERDAY        0                         0      0        0
  MONTH TO DATE    0                         0      0        0
  SINCE JUN 1      8                        25    -17        3
  SINCE JUL 1      0                         0      0        0

 COOLING
  YESTERDAY       19                        11      8       12
  MONTH TO DATE  219                       182     37      255
  SINCE JUN 1    357                       357      0      611
  SINCE JAN 1    366                       391    -25      748
..................................................................


WIND (MPH)
  HIGHEST WIND SPEED    25   HIGHEST WIND DIRECTION     W (270)
  HIGHEST GUST SPEED    34   HIGHEST GUST DIRECTION     W (270)
  AVERAGE WIND SPEED    10.4


SKY COVER
  POSSIBLE SUNSHINE  MM
  AVERAGE SKY COVER 0.0


WEATHER CONDITIONS
 THE FOLLOWING WEATHER WAS RECORDED YESTERDAY.
  THUNDERSTORM


RELATIVE HUMIDITY (PERCENT)
 HIGHEST    63           500 AM
 LOWEST     13           500 PM
 AVERAGE    38

..........................................................


THE PUEBLO CO CLIMATE NORMALS FOR TODAY
                         NORMAL    RECORD    YEAR
 MAXIMUM TEMPERATURE (F)   93       105      2003
 MINIMUM TEMPERATURE (F)   59        49      1992


SUNRISE AND SUNSET
JULY 18 2019..........SUNRISE   549 AM MDT   SUNSET   819 PM MDT
JULY 19 2019..........SUNRISE   550 AM MDT   SUNSET   819 PM MDT


-  INDICATES NEGATIVE NUMBERS.
R  INDICATES RECORD WAS SET OR TIED.
MM INDICATES DATA IS MISSING.
T  INDICATES TRACE AMOUNT.




$$
